000
CXUS51 KRNK 011022
CLSBLF


CLIMATE REPORT
NATIONAL WEATHER SERVICE BLACKSBURG VA
618 AM EDT THU JUN 1 2017

...................................

...THE BLUEFIELD WV CLIMATE SUMMARY FOR THE SEASON, FROM
3/1/2017 TO 5/31/2017...

CLIMATE NORMAL PERIOD 1981 TO 2010
CLIMATE RECORD PERIOD 1959 TO 2017

WEATHER         OBSERVED          NORMAL  DEPART  LAST YEAR`S
                 VALUE   DATE(S)  VALUE   FROM    VALUE
                                          NORMAL
.............................................................
TEMPERATURE (F)
RECORD
 HIGH              90   05/31/2011
 LOW               -2   03/03/1980
HIGHEST            86   04/29                         80
LOWEST              7   03/15                         19
AVG. MAXIMUM     61.6              63.7    -2.1     63.0
AVG. MINIMUM     44.6              44.9    -0.3     44.3
MEAN             53.1              54.3    -1.2     53.6
DAYS MAX >= 90      0               0.1    -0.1        0
DAYS MAX <= 32      4               1.3     2.7        1
DAYS MIN <= 32     20              14.1     5.9       14
DAYS MIN <= 0       0               0.0     0.0        0

PRECIPITATION (INCHES)
RECORD
 MAXIMUM        15.42   2011
 MINIMUM         5.68   1969
TOTALS          14.99             11.16    3.83     9.94
DAILY AVG.       0.16              0.12    0.04     0.11
DAYS >= .01        57              42.4    14.6       44
DAYS >= .10        32              25.0     7.0       26
DAYS >= .50        11               7.2     3.8        6
DAYS >= 1.00        3               1.9     1.1        2
GREATEST
 24 HR. TOTAL    1.22                               1.49

SNOWFALL (INCHES)
TOTALS            3.3                                2.6
DAYS >= TRACE       9                                 10
DAYS >= 1.0         1                                  1
GREATEST
 24 HR TOTAL      2.3                                1.1

DEGREE_DAYS
HEATING TOTAL    1129              1072      57     1053
COOLING TOTAL      52                90     -38       27
..............................................................

WIND (MPH)
AVERAGE WIND SPEED              8.4
HIGHEST WIND SPEED/DIRECTION    39/280    DATE  03/01
HIGHEST GUST SPEED/DIRECTION    60/280    DATE  03/01

SKY COVER
AVERAGE SKY COVER           0.50

AVERAGE RH (PERCENT)     65

WEATHER CONDITIONS. NUMBER OF DAYS WITH
THUNDERSTORM              7     MIXED PRECIP               0
HEAVY RAIN               17     RAIN                      31
LIGHT RAIN               56     FREEZING RAIN              1
LT FREEZING RAIN          2     HAIL                       0
HEAVY SNOW                1     SNOW                       3
LIGHT SNOW               10     SLEET                      0
FOG                      53     FOG W/VIS <= 1/4 MILE      8
HAZE                      2

-  INDICATES NEGATIVE NUMBERS.
R  INDICATES RECORD WAS SET OR TIED.
MM INDICATES DATA IS MISSING.
T  INDICATES TRACE AMOUNT.

$$
