000
CXUS51 KRNK 011311
CLSDAN


CLIMATE REPORT
NATIONAL WEATHER SERVICE BLACKSBURG VA
909 AM EDT FRI SEP 1 2017

...................................

...THE DANVILLE VA CLIMATE SUMMARY FOR THE SEASON, FROM
6/1/2017 TO 8/31/2017...

CLIMATE NORMAL PERIOD 1981 TO 2010
CLIMATE RECORD PERIOD 1948 TO 2017

WEATHER         OBSERVED          NORMAL  DEPART  LAST YEAR`S
                 VALUE   DATE(S)  VALUE   FROM    VALUE
                                          NORMAL
.............................................................
TEMPERATURE (F)
RECORD
 HIGH             105   07/10/1990
                        08/23/1983
                        07/14/1954
 LOW               40   06/11/1977
HIGHEST            95   07/22                         97
LOWEST             50   06/09                         48
AVG. MAXIMUM     86.2              86.2     0.0     87.8
AVG. MINIMUM     64.4              67.2    -2.8     67.0
MEAN             75.3              76.7    -1.4     77.4
DAYS MAX >= 90     23              25.6    -2.6       36
DAYS MAX <= 32      0               0.0     0.0        0
DAYS MIN <= 32      0               0.0     0.0        0
DAYS MIN <= 0       0               0.0     0.0        0

PRECIPITATION (INCHES)
RECORD
 MAXIMUM        22.94   1995
 MINIMUM         6.76   2007
TOTALS          13.10             12.41    0.69    16.71
DAILY AVG.       0.15              0.13    0.02     0.18
DAYS >= .01        28              29.3    -1.3       38
DAYS >= .10        16              19.7    -3.7       25
DAYS >= .50        10               8.4     1.6       14
DAYS >= 1.00        4               3.1     0.9        4
GREATEST
 24 HR. TOTAL    2.17                               1.89

SNOWFALL (INCHES)
TOTALS            0.0                                0.0
DAYS >= TRACE       0                                  0
DAYS >= 1.0         0                                  0
GREATEST
 24 HR TOTAL      0.0                                0.0

DEGREE_DAYS
HEATING TOTAL       3                 3       0        0
COOLING TOTAL     978              1082    -104     1166
..............................................................

WIND (MPH)
AVERAGE WIND SPEED              4.2
HIGHEST WIND SPEED/DIRECTION    30/320    DATE  07/08
HIGHEST GUST SPEED/DIRECTION    43/320    DATE  07/08

SKY COVER
AVERAGE SKY COVER           0.30

AVERAGE RH (PERCENT)     77

WEATHER CONDITIONS. NUMBER OF DAYS WITH
THUNDERSTORM             26     MIXED PRECIP               0
HEAVY RAIN               14     RAIN                      16
LIGHT RAIN               40     FREEZING RAIN              0
LT FREEZING RAIN          0     HAIL                       0
HEAVY SNOW                0     SNOW                       0
LIGHT SNOW                0     SLEET                      0
FOG                      57     FOG W/VIS <= 1/4 MILE      5
HAZE                      1

-  INDICATES NEGATIVE NUMBERS.
R  INDICATES RECORD WAS SET OR TIED.
MM INDICATES DATA IS MISSING.
T  INDICATES TRACE AMOUNT.

REMARKS:
DUE TO MISSING PRECIPITATION DATA FROM AUGUST 21-24...ALL
PRECIPITATION DATA WILL BE CALCULATED WITHOUT DATA FROM THESE DATES.

$$
