000
CXUS53 KDVN 041721 CCA
CLSDBQ

CLIMATE REPORT...RESEND
NATIONAL WEATHER SERVICE QUAD CITIES IA IL
544 AM CST SUN MAR 1 2015

...................................

...THE DUBUQUE CLIMATE SUMMARY FOR THE SEASON, FROM
12/1/2014 TO 2/28/2015...

CLIMATE NORMAL PERIOD 1981 TO 2010
CLIMATE RECORD PERIOD 1873 TO 2015

WEATHER         OBSERVED          NORMAL  DEPART
                 VALUE   DATE(S)  VALUE   FROM
                                          NORMAL
................................................
TEMPERATURE (F)
RECORD
 HIGH              68   02/15/1921
 LOW              -32   01/07/1887
HIGHEST            48   12/14        37      11
LOWEST            -21   02/27        11     -32
AVG. MAXIMUM     27.1              29.4    -2.3
AVG. MINIMUM     11.5              14.1    -2.6
MEAN             19.3              21.7    -2.4
DAYS MAX >= 90      0               0.0     0.0
DAYS MAX <= 32     55              50.4     4.6
DAYS MIN <= 32     86              84.6     1.4
DAYS MIN <= 0      26              15.2    10.8

PRECIPITATION (INCHES)
TOTALS           3.22              4.45   -1.23
DAILY AVG.       0.04              0.05   -0.01
DAYS >= .01        21              27.3    -6.3
DAYS >= .10         9
DAYS >= .50         1
DAYS >= 1.00        1               0.4     0.6
GREATEST
 24 HR. TOTAL    1.36   01/31 TO 02/01

SNOWFALL (INCHES)
TOTALS           26.1              30.8    -4.7
SINCE 7/1        29.6              33.6    -4.0
SNOWDEPTH AVG.      4
DAYS >= TRACE      31              20.4    10.6
DAYS >= 1.0         6               9.4    -3.4
GREATEST
 SNOW DEPTH        11   02/02
 24 HR TOTAL     12.4   01/31 TO 02/01

DEGREE_DAYS
HEATING TOTAL    4066              3893     173
 SINCE 7/1         MM              5393      MM
COOLING TOTAL       0                 0       0
 SINCE 1/1          0                 0       0
.................................................

WIND (MPH)
AVERAGE WIND SPEED              10.5
HIGHEST WIND SPEED/DIRECTION    37/330    DATE  02/14
HIGHEST GUST SPEED/DIRECTION    45/320    DATE  02/14

SKY COVER
POSSIBLE SUNSHINE (PERCENT)   MM
AVERAGE SKY COVER           0.50
NUMBER OF DAYS FAIR           33
NUMBER OF DAYS PC             24
NUMBER OF DAYS CLOUDY         33

AVERAGE RH (PERCENT)     78

WEATHER CONDITIONS. NUMBER OF DAYS WITH
THUNDERSTORM              0     HAIL                       0
SLEET                     0     FOG                       57
FOG W/VIS <= 1/4 MILE    17     HAZE                      37

-  INDICATES NEGATIVE NUMBERS.
R  INDICATES RECORD WAS SET OR TIED.
MM INDICATES DATA IS MISSING.
T  INDICATES TRACE AMOUNT.

$$
===========================================================

NOTE: SUPPLEMENTAL CLIMATE DATA WAS USED FROM A NEARBY
CLIMATOLOGICALLY REPRESENTATIVE STATION FOR THE
FOLLOWING DAYS.

PARAMETER    DATE
---------    ----
   SNW       ALL OBSERVED SNW ABOVE
12Z DPTH     ALL OBSERVED 12Z DPTH ABOVE

===========================================================
OLSEN
