000
CXUS53 KFGF 012114
CLSGFK

CLIMATE REPORT
NATIONAL WEATHER SERVICE EASTERN NORTH DAKOTA/GRAND FORKS
353 PM CDT WED JUN 1 2016

...................................

...THE GRAND FORKS INTL AP ND CLIMATE SUMMARY FOR THE SEASON, FROM
3/1/2016 TO 5/31/2016...

CLIMATE NORMAL PERIOD 1981 TO 2010
CLIMATE RECORD PERIOD 1941 TO 2016

WEATHER         OBSERVED          NORMAL  DEPART  LAST YEAR`S
                 VALUE   DATE(S)  VALUE   FROM    VALUE  DATE(S)
                                          NORMAL
................................................................
TEMPERATURE (F)
RECORD
 HIGH             101   05/21/1964
 LOW              -38   03/10/1948
HIGHEST            93   05/05        53      40       86  05/02
LOWEST              5   03/01        31     -26      -15  03/05
AVG. MAXIMUM     56.2              52.0     4.2     55.8
AVG. MINIMUM     33.8              29.2     4.6     29.7
MEAN             45.0              40.6     4.4     42.8
DAYS MAX >= 90      1               0.6     0.4        0
DAYS MAX <= 32      6              13.0    -7.0        6
DAYS MIN <= 32     45              51.7    -6.7       57
DAYS MIN <= 0       0               4.2    -4.2        5

PRECIPITATION (INCHES)
RECORD
 MAXIMUM         7.95   1999
 MINIMUM         1.41   1980
TOTALS           5.81              4.65    1.16     5.49
DAILY AVG.       0.06              0.05    0.01     0.06
DAYS >= .01        25              25.1    -0.1       22
DAYS >= .10        10              11.5    -1.5       11
DAYS >= .50         4               2.6     1.4        3
DAYS >= 1.00        1               0.5     0.5        1
GREATEST
 24 HR. TOTAL    1.02   MM                       05/31 TO 05/31
                                                          05/31 TO 05/31
                                                          05/31 TO 05/31
 STORM TOTAL       MM                                 MM
 (MM/DD(HH))            MM                    05/31(00) TO 05/31(00)
                                                 05/31(00) TO 05/31(00)1
                                                 05/31(00) TO 05/31(00)1

SNOWFALL (INCHES)
RECORDS
 TOTAL           34.6   1966
 24 HR TOTAL       MM
 SNOW DEPTH        MM   MM
TOTALS            2.5               9.9    -7.4      2.7
 LIQUID EQUIV    0.25              1.00   -0.75     0.27
SINCE 7/1        28.4              47.4   -19.0     17.0
 LIQUID 7/1      2.84                MM      MM     1.70
SNOWDEPTH AVG.      0                MM      MM        0
DAYS >= TRACE      15               7.6     7.4       17
DAYS >= 1.0         1               3.0    -2.0        1
GREATEST
 SNOW DEPTH         1   03/17                          3  03/02
                                                          03/01
 24 HR TOTAL      1.9   MM                       05/31 TO 05/31
                                                          05/31 TO 05/31
                                                          05/31 TO 05/31
 STORM TOTAL       MM                                 MM
 (MM/DD(HH))            MM                    05/31(00) TO 05/31(00)
                                                 05/31(00) TO 05/31(00)1
                                                 05/31(00) TO 05/31(00)1

DEGREE_DAYS
HEATING TOTAL    1834              2262    -428     2031
 SINCE 7/1         MM              9412      MM       MM
COOLING TOTAL      22                18       4        6
 SINCE 1/1         22                17       5        6

FREEZE DATES
RECORD
 EARLIEST     MM
 LATEST       MM
EARLIEST                        MM
LATEST                          MM
..................................................

WIND (MPH)
AVERAGE WIND SPEED              11.8
RESULTANT WIND SPEED/DIRECTION   2/027
HIGHEST WIND SPEED/DIRECTION    43/290    DATE  05/22
HIGHEST GUST SPEED/DIRECTION    55/290    DATE  05/22

SKY COVER
POSSIBLE SUNSHINE (PERCENT)   MM
AVERAGE SKY COVER           0.60
NUMBER OF DAYS FAIR           23
NUMBER OF DAYS PC             37
NUMBER OF DAYS CLOUDY         32

AVERAGE RH (PERCENT)     63

WEATHER CONDITIONS. NUMBER OF DAYS WITH
THUNDERSTORM              0     MIXED PRECIP               0
HEAVY RAIN                7     RAIN                      10
LIGHT RAIN               31     FREEZING RAIN              0
LT FREEZING RAIN          0     HAIL                       0
HEAVY SNOW                0     SNOW                       2
LIGHT SNOW               13     SLEET                      1
FOG                      30     FOG W/VIS <= 1/4 MILE      4
HAZE                      5

-  INDICATES NEGATIVE NUMBERS.
R  INDICATES RECORD WAS SET OR TIED.
MM INDICATES DATA IS MISSING.
T  INDICATES TRACE AMOUNT.

&&

SPRING 2016 AT GRAND FORKS INTERNATIONAL AIRPORT WAS THE SIXTH WARMEST
ON RECORD WITH AN AVERAGE TEMPERATURE OF 45.0 DEGREES WITH THE RECORD
BEING 49.7 IN 1977. THE SEASON STARTED VERY DRY BUT ABUNDANT RAINFALL
DURING THE MONTH OF MAY RAISED THE PRECIPITATION TOTAL TO 1.16 INCHES
ABOVE NORMAL.

REMEMBER... THIS DATA IS PROVISIONAL AND IS SUBJECT TO CHANGE. THE
FINAL AND OFFICIAL RECORDS WILL BE AVAILABLE FROM THE NATIONAL
CENTERS FOR ENVIRONMENTAL INFORMATION (FORMERLY THE NATIONAL
CLIMATIC DATA CENTER).

$$
