000
CXUS51 KOKX 011523
CLSJFK

CLIMATE REPORT
NATIONAL WEATHER SERVICE NEW YORK NY
1119 AM EDT THU JUN 1 2017



...THE KENNEDY NY CLIMATE SUMMARY FOR THE SEASON, FROM
3/1/2017 TO 5/31/2017...

CLIMATE NORMAL PERIOD 1981 TO 2010
CLIMATE RECORD PERIOD 1948 TO 2017

WEATHER         OBSERVED          NORMAL  DEPART  LAST YEAR`S
                 VALUE   DATE(S)  VALUE   FROM    VALUE
                                          NORMAL
.............................................................
TEMPERATURE (F)
RECORD
 HIGH              99   05/29/1969
 LOW                7   03/19/1967
HIGHEST            92   05/19        MM      MM
LOWEST             16   03/05        MM      MM
AVG. MAXIMUM     59.0              58.8     0.2
AVG. MINIMUM     44.3              43.5     0.8
MEAN             51.6              51.2     0.4
DAYS MAX >= 90      1               0.2     0.8
DAYS MAX <= 32      3               0.8     2.2
DAYS MIN <= 32     16              11.8     4.2
DAYS MIN <= 0       0               0.0     0.0

PRECIPITATION (INCHES)
RECORD
 MAXIMUM        20.40   1984
 MINIMUM         6.34   2016
TOTALS          15.68             11.59    4.09     6.34
DAILY AVG.       0.17              0.13    0.04
DAYS >= .01        37              33.9     3.1
DAYS >= .10        20              20.6    -0.6
DAYS >= .50        10               7.8     2.2
DAYS >= 1.00        6               3.1     2.9
GREATEST
 24 HR. TOTAL    2.07   MM
 STORM TOTAL       MM
 (MM/DD(HH))            MM

SNOWFALL (INCHES)
RECORDS
 TOTAL           15.5   1967
 24 HR TOTAL      9.0   03/13/1993 TO 03/13/1993
TOTALS            7.5               4.3     3.2
 LIQUID EQUIV    0.75              0.40    0.35
SINCE 7/1        30.9              23.8     7.1
 LIQUID 7/1      3.09
DAYS >= TRACE       6               2.6     3.4
DAYS >= 1.0         2               1.2     0.8
GREATEST
 SNOW DEPTH         4   03/16
                        03/14
                        03/15
 24 HR TOTAL      5.1   MM
 STORM TOTAL       MM
 (MM/DD(HH))            MM

DEGREE_DAYS
HEATING TOTAL    1259              1307     -48
 SINCE 7/1         MM              4818      MM
COOLING TOTAL      50                35      15
 SINCE 1/1         50                35      15
..............................................................

WIND (MPH)
AVERAGE WIND SPEED              12.5
HIGHEST WIND SPEED/DIRECTION    41/280    DATE  03/02
HIGHEST GUST SPEED/DIRECTION    55/290    DATE  03/02

SKY COVER
POSSIBLE SUNSHINE (PERCENT)   MM
AVERAGE SKY COVER           0.70
NUMBER OF DAYS FAIR            7
NUMBER OF DAYS PC             42
NUMBER OF DAYS CLOUDY         43

AVERAGE RH (PERCENT)     66

WEATHER CONDITIONS. NUMBER OF DAYS WITH
THUNDERSTORM              0     MIXED PRECIP               0
HEAVY RAIN               12     RAIN                      15
LIGHT RAIN               45     FREEZING RAIN              0
LT FREEZING RAIN          0     HAIL                       0
HEAVY SNOW                0     SNOW                       3
LIGHT SNOW                5     SLEET                      1
FOG                      38     FOG W/VIS <= 1/4 MILE      9
HAZE                      6

-  INDICATES NEGATIVE NUMBERS.
R  INDICATES RECORD WAS SET OR TIED.
MM INDICATES DATA IS MISSING.
T  INDICATES TRACE AMOUNT.

$$
