000
CXUS53 KEAX 032210
CLSMCI

STLCLMWS1 000
TTAA00 KEAX 032209


CLIMATE REPORT
NATIONAL WEATHER SERVICE KANSAS CITY/PLEASANT HILL MO
501 PM CDT WED SEP 3 2014

...................................

...THE KANSAS CITY INTERNATIONAL CLIMATE SUMMARY FOR THE SEASON, FROM
6/1/2014 TO 8/31/2014...

CLIMATE NORMAL PERIOD 1981 TO 2010
CLIMATE RECORD PERIOD 1888 TO 2014

WEATHER         OBSERVED          NORMAL  DEPART  LAST YEAR`S
                 VALUE   DATE(S)  VALUE   FROM    VALUE  DATE(S)
                                          NORMAL
................................................................
TEMPERATURE (F)
RECORD
 HIGH             113   08/14/1936
 LOW               42   06/04/1990
HIGHEST            97   08/23        99      -2       99  08/30
LOWEST             52   06/13        50       2       46  06/03
AVG. MAXIMUM     84.7              86.4    -1.7     85.1
AVG. MINIMUM     65.6              66.3    -0.7     65.5
MEAN             75.2              76.4    -1.2     75.3
DAYS MAX >= 90     19              26.6    -7.6       24
DAYS MAX <= 32      0               0.0     0.0        0
DAYS MIN <= 32      0               0.0     0.0        0
DAYS MIN <= 0       0               0.0     0.0        0

PRECIPITATION (INCHES)
RECORD
 MAXIMUM        29.56   1969
 MINIMUM         1.12   1936
TOTALS          17.37             13.57    3.80     7.74
DAILY AVG.       0.19              0.15    0.04     0.08
DAYS >= .01        30              28.1     1.9       22
DAYS >= .10        21              18.9     2.1       14
DAYS >= .50        12               8.8     3.2        5
DAYS >= 1.00        6               4.1     1.9        2
GREATEST
 24 HR. TOTAL    3.47   MM

SNOWFALL (INCHES)
RECORDS
 TOTAL             MM   MM
TOTALS            0.0               0.0     0.0      0.0
SINCE 7/1         0.0               0.0     0.0      0.0
DAYS >= TRACE       0               0.0     0.0        0
DAYS >= 1.0         0               0.0     0.0        0
GREATEST
 SNOW DEPTH         0   MM
 24 HR TOTAL      0.0   MM

DEGREE_DAYS
HEATING TOTAL       3                11      -8       17
COOLING TOTAL     958              1057     -99      989
.................................................................

WIND (MPH)
AVERAGE WIND SPEED              9.3
HIGHEST WIND SPEED/DIRECTION    47/100    DATE  06/05
HIGHEST GUST SPEED/DIRECTION    55/110    DATE  06/05

SKY COVER
POSSIBLE SUNSHINE (PERCENT)    0
AVERAGE SKY COVER           0.50
NUMBER OF DAYS FAIR           21
NUMBER OF DAYS PC             61
NUMBER OF DAYS CLOUDY         10

AVERAGE RH (PERCENT)     71

WEATHER CONDITIONS. NUMBER OF DAYS WITH
THUNDERSTORM              0     MIXED PRECIP               0
HEAVY RAIN               15     RAIN                      22
LIGHT RAIN               33     FREEZING RAIN              0
LT FREEZING RAIN          0     HAIL                       0
HEAVY SNOW                0     SNOW                       0
LIGHT SNOW                0     SLEET                      0
FOG                      42     FOG W/VIS <= 1/4 MILE      2
HAZE                     30

-  INDICATES NEGATIVE NUMBERS.
R  INDICATES RECORD WAS SET OR TIED.
MM INDICATES DATA IS MISSING.
T  INDICATES TRACE AMOUNT.

$$
