000
CXUS53 KDVN 012114
CLSMLI

CLIMATE REPORT
NATIONAL WEATHER SERVICE QUAD CITIES IA IL
315 PM CST WED MAR 1 2017

...................................

...THE MOLINE CLIMATE SUMMARY FOR THE SEASON, FROM
12/1/2016 TO 2/28/2017...

CLIMATE NORMAL PERIOD 1981 TO 2010
CLIMATE RECORD PERIOD 1872 TO 2017

WEATHER         OBSERVED          NORMAL  DEPART
                 VALUE   DATE(S)  VALUE   FROM
                                          NORMAL
................................................
TEMPERATURE (F)
RECORD
 HIGH              74   02/19/2017
 LOW              -28   02/03/1996
HIGHEST            74R  02/19        41      33
LOWEST            -14   12/18        14     -28
AVG. MAXIMUM     39.9              33.7     6.2
AVG. MINIMUM     22.9              17.0     5.9
MEAN             31.4              25.4     6.0
DAYS MAX >= 90      0               0.0     0.0
DAYS MAX <= 32     27              37.8   -10.8
DAYS MIN <= 32     73              80.8    -7.8
DAYS MIN <= 0       3              10.2    -7.2

PRECIPITATION (INCHES)
RECORD
 MAXIMUM         8.07   2013
 MINIMUM         3.65   2015
TOTALS           4.03              5.27   -1.24
DAILY AVG.       0.04              0.06   -0.02
DAYS >= .01        23              27.1    -4.1
DAYS >= .10        13
DAYS >= .50         2
DAYS >= 1.00        0               0.8    -0.8
GREATEST
 24 HR. TOTAL    0.86   01/16 TO 01/16

SNOWFALL (INCHES)
RECORDS
 TOTAL           53.8   2014
TOTALS           16.5              25.5    -9.0
SINCE 7/1        16.5              26.7   -10.2
SNOWDEPTH AVG.      0
DAYS >= TRACE      20              19.5     0.5
DAYS >= 1.0         5               7.7    -2.7
GREATEST
 SNOW DEPTH         5   12/05
 24 HR TOTAL      7.8   12/04 TO 12/04

DEGREE_DAYS
HEATING TOTAL    3022              3567    -545
 SINCE 7/1       3803              4798    -995
COOLING TOTAL       0                 0       0
 SINCE 1/1          0                 0       0
.................................................

WIND (MPH)
AVERAGE WIND SPEED              9.7
HIGHEST WIND SPEED/DIRECTION    39/270    DATE  01/10
HIGHEST GUST SPEED/DIRECTION    52/270    DATE  01/10

SKY COVER
POSSIBLE SUNSHINE (PERCENT)   MM
AVERAGE SKY COVER           0.50
NUMBER OF DAYS FAIR           38
NUMBER OF DAYS PC             23
NUMBER OF DAYS CLOUDY         29

AVERAGE RH (PERCENT)     69

WEATHER CONDITIONS. NUMBER OF DAYS WITH
THUNDERSTORM              5     HAIL                       0
SLEET                     0     FOG                       35
FOG W/VIS <= 1/4 MILE    10     HAZE                      26

-  INDICATES NEGATIVE NUMBERS.
R  INDICATES RECORD WAS SET OR TIED.
MM INDICATES DATA IS MISSING.
T  INDICATES TRACE AMOUNT.

$$
