000
CXUS51 KOKX 011520
CLSNYC

CLIMATE REPORT
NATIONAL WEATHER SERVICE NEW YORK NY
1119 AM EDT THU JUN 1 2017



...THE CENTRAL PARK NY CLIMATE SUMMARY FOR THE SEASON, FROM
3/1/2017 TO 5/31/2017...

CLIMATE NORMAL PERIOD 1981 TO 2010
CLIMATE RECORD PERIOD 1869 TO 2017

WEATHER         OBSERVED          NORMAL  DEPART  LAST YEAR`S
                 VALUE   DATE(S)  VALUE   FROM    VALUE
                                          NORMAL
.............................................................
TEMPERATURE (F)
RECORD
 HIGH              99   05/19/1962
 LOW                3   03/05/1872
HIGHEST            92   05/18        MM      MM
LOWEST             14   03/05        MM      MM
AVG. MAXIMUM     60.0              60.5    -0.5
AVG. MINIMUM     45.0              44.7     0.3
MEAN             52.5              52.6    -0.1
DAYS MAX >= 90      3               0.8     2.2
DAYS MAX <= 32      5               0.9     4.1
DAYS MIN <= 32     14              10.6     3.4
DAYS MIN <= 0       0               0.0     0.0

PRECIPITATION (INCHES)
RECORD
 MAXIMUM        29.15   1983
 MINIMUM         4.95   1885
TOTALS          15.47             13.05    2.42     6.53
DAILY AVG.       0.17              0.14    0.03
DAYS >= .01        35              33.5     1.5
DAYS >= .10        22              21.4     0.6
DAYS >= .50        10               8.3     1.7
DAYS >= 1.00        5               3.3     1.7
GREATEST
 24 HR. TOTAL    3.02   MM
 STORM TOTAL       MM
 (MM/DD(HH))            MM

SNOWFALL (INCHES)
RECORDS
 TOTAL           33.5   1896
 24 HR TOTAL     16.5   03/12/1888 TO 03/12/1888
TOTALS            9.7               4.5     5.2
 LIQUID EQUIV    0.97              0.40    0.57
SINCE 7/1        30.2              25.8     4.4
 LIQUID 7/1      3.02
DAYS >= TRACE       4               2.1     1.9
DAYS >= 1.0         2               1.2     0.8
GREATEST
 SNOW DEPTH         6   03/15
 24 HR TOTAL      7.6   MM
 STORM TOTAL       MM
 (MM/DD(HH))            MM

DEGREE_DAYS
HEATING TOTAL    1219              1208      11
 SINCE 7/1         MM              4731      MM
COOLING TOTAL      89                69      20
 SINCE 1/1         89                69      20
..............................................................

WIND (MPH)
AVERAGE WIND SPEED              6.2
HIGHEST WIND SPEED/DIRECTION    28/060    DATE  03/14
HIGHEST GUST SPEED/DIRECTION    47/290    DATE  03/02

SKY COVER
POSSIBLE SUNSHINE (PERCENT)   MM
AVERAGE SKY COVER           0.50
NUMBER OF DAYS FAIR           37
NUMBER OF DAYS PC             27
NUMBER OF DAYS CLOUDY         28

AVERAGE RH (PERCENT)     60

WEATHER CONDITIONS. NUMBER OF DAYS WITH
THUNDERSTORM              0     MIXED PRECIP               0
HEAVY RAIN                8     RAIN                      18
LIGHT RAIN               35     FREEZING RAIN              0
LT FREEZING RAIN          0     HAIL                       0
HEAVY SNOW                1     SNOW                       2
LIGHT SNOW                4     SLEET                      0
FOG                      38     FOG W/VIS <= 1/4 MILE      3
HAZE                     13

-  INDICATES NEGATIVE NUMBERS.
R  INDICATES RECORD WAS SET OR TIED.
MM INDICATES DATA IS MISSING.
T  INDICATES TRACE AMOUNT.

$$
