000
CXUS54 KLZK 011853
CLSPBF

CLIMATE REPORT
NATIONAL WEATHER SERVICE LITTLE ROCK AR
1243 PM CST MON DEC 1 2014

...................................

...THE PINE BLUFF CLIMATE SUMMARY FOR THE SEASON, FROM
9/1/2014 TO 11/30/2014...

CLIMATE NORMAL PERIOD 1981 TO 2010
CLIMATE RECORD PERIOD 1883 TO 2014

WEATHER         OBSERVED          NORMAL  DEPART  LAST YEAR`S
                 VALUE   DATE(S)  VALUE   FROM    VALUE  DATE(S)
                                          NORMAL
................................................................
TEMPERATURE (F)
RECORD
 HIGH             110   09/06/1925
                        09/05/1925
 LOW               14   11/29/1976
                        11/19/1903
HIGHEST            95   09/05        75      20      101  09/01
LOWEST             20   11/18        53     -33       23  11/28
AVG. MAXIMUM     73.3              74.8    -1.5     74.2
AVG. MINIMUM     51.6              52.3    -0.7     52.7
MEAN             62.5              63.6    -1.1     63.5
DAYS MAX >= 90     11               9.1     1.9       18
DAYS MAX <= 32      0               0.0     0.0        0
DAYS MIN <= 32     13               3.6     9.4        9
DAYS MIN <= 0       0               0.0     0.0        0

PRECIPITATION (INCHES)
RECORD
 MAXIMUM        26.25   1984
 MINIMUM         3.81   1995
TOTALS          10.30             12.52   -2.22    11.30
DAILY AVG.       0.12              0.14   -0.02     0.13
DAYS >= .01        21              24.7    -3.7       24
DAYS >= .10        14                                 14
DAYS >= .50        10                                  7
DAYS >= 1.00        3               4.0    -1.0        4
GREATEST
 24 HR. TOTAL    1.74   10/13 TO 10/13
 STORM TOTAL       MM
 (MM/DD(HH))            MM

SNOWFALL (INCHES)
RECORDS
 TOTAL            5.0   1929
 24 HR TOTAL      5.0   11/22/1929 TO 11/22/1929
 SNOW DEPTH         5   11/22/1929
TOTALS            0.1               0.0     0.1        T
 LIQUID EQUIV    0.01                 T    0.01        T
SINCE 7/1         0.1               0.0     0.1        T
 LIQUID 7/1      0.01              0.00    0.01       MM
SNOWDEPTH AVG.      0                 0       0        0
DAYS >= TRACE       3               0.0     3.0        2
DAYS >= 1.0         0               0.0     0.0        0
GREATEST
 SNOW DEPTH         T   11/13                          0  MM
 24 HR TOTAL      0.1   11/13 TO 11/13

DEGREE_DAYS
HEATING TOTAL     603               504      99      600
 SINCE 7/1         MM               504      MM      600
COOLING TOTAL     400               372      28      484
 SINCE 1/1       1901              2131    -230     2148

FREEZE DATES
RECORD
 EARLIEST     10/10/2000
 LATEST       04/25/1910
EARLIEST                        11/12
LATEST                          03/16
......................................................

WIND (MPH)
AVERAGE WIND SPEED              6.5
HIGHEST WIND SPEED/DIRECTION    35/270    DATE  10/02
HIGHEST GUST SPEED/DIRECTION    45/270    DATE  10/02

SKY COVER
POSSIBLE SUNSHINE (PERCENT)   MM
AVERAGE SKY COVER           0.20
NUMBER OF DAYS FAIR           65
NUMBER OF DAYS PC             18
NUMBER OF DAYS CLOUDY          8

AVERAGE RH (PERCENT)     71

WEATHER CONDITIONS. NUMBER OF DAYS WITH
THUNDERSTORM              0     MIXED PRECIP               0
HEAVY RAIN               13     RAIN                      13
LIGHT RAIN               28     FREEZING RAIN              0
LT FREEZING RAIN          0     HAIL                       0
HEAVY SNOW                0     SNOW                       0
LIGHT SNOW                3     SLEET                      0
FOG                      43     FOG W/VIS <= 1/4 MILE      8
HAZE                      9

-  INDICATES NEGATIVE NUMBERS.
R  INDICATES RECORD WAS SET OR TIED.
MM INDICATES DATA IS MISSING.
T  INDICATES TRACE AMOUNT.

&&

...DATA FOR PINE BLUFF FOR FALL 2014...

.SUMMARY...
IN TERMS OF TEMPERATURE...MUCH OF THE FALL WAS BELOW THE 30-YEAR
AVERAGE. IN TERMS OF DEPARTURE FROM NORMAL...OCTOBER WAS THE
WARMEST. NOVEMBER WAS...BY FAR THE COLDEST. THE WARMEST PERIODS WERE
SCATTERED THROUGHOUT OCTOBER...WHILE THE COLDEST PERIOD WAS NOVEMBER
11TH-21ST...WITH TEMPERATURES AS MUCH AS 20-25 DEGREES BELOW
AVERAGE.

FOR THE 5TH FALL IN A ROW...RAINFALL WAS BELOW THE 30-YEAR AVERAGE.
MEASURABLE SNOW FELL FOR THE FIRST TIME SINCE 1980.

.TEMPERATURES...
THE AVERAGE HIGH TEMPERATURE WAS THE COLDEST SINCE 2009. THE AVERAGE
LOW TEMPERATURE WAS THE COLDEST SINCE 2012. THE AVERAGE SEASONAL
TEMPERATURE WAS THE COLDEST SINCE 2012.

.RAINFALL...
IT WAS THE DRIEST FALL SINCE 2012.

.SNOWFALL...
IT WAS THE SNOWIEST FALL SINCE 1980...AND 4TH SNOWIEST ON RECORD.

$$

57
