000
CXUS55 KPUB 040405
CLSPUB

CLIMATE REPORT
NATIONAL WEATHER SERVICE PUEBLO
1005 PM MDT SAT SEP 3 2016

...................................

...THE PUEBLO CO CLIMATE SUMMARY FOR THE SEASON, FROM
6/1/2016 TO 8/31/2016...

CLIMATE NORMAL PERIOD 1981 TO 2010
CLIMATE RECORD PERIOD 1888 TO 2016

WEATHER         OBSERVED          NORMAL  DEPART  LAST YEAR`S
                 VALUE   DATE(S)  VALUE   FROM    VALUE  DATE(S)
                                          NORMAL
................................................................
TEMPERATURE (F)
RECORD
 HIGH             109   07/13/2003
 LOW               32   06/02/1919

HIGHEST           105   06/21                        103  08/06
                        07/10
LOWEST             49   06/16                         50  08/20
                                                          06/08
                                                          06/07
AVG. MAXIMUM     93.7              89.8     3.9     91.7
AVG. MINIMUM     60.4              56.4     4.0     60.3
MEAN             77.1              73.1     4.0     76.0
DAYS MAX >= 90     66
DAYS MAX <= 32      0
DAYS MIN <= 32      0
DAYS MIN <= 0       0

PRECIPITATION (INCHES)
RECORD
 MAXIMUM        14.64   1921
 MINIMUM         0.86   1939

TOTALS           3.15              5.74   -2.59     6.10
DAILY AVG.       0.03              0.06   -0.03
DAYS >= .01        25
DAYS >= .10        10
DAYS >= .50         0
DAYS >= 1.00        0
GREATEST
 24 HR. TOTAL    1.03   05/31 TO 06/01

SNOWFALL (INCHES)
RECORDS
 TOTAL            1.0   1950
 24 HR TOTAL      1.0   07/25/1950 TO 07/25/1950

TOTALS              T               0.0     0.0      0.0
SINCE 7/1           T               0.0     0.0
SNOWDEPTH AVG.      0
DAYS >= TRACE       3               0.0     3.0
DAYS >= 1.0         0               0.0     0.0
GREATEST
 SNOW DEPTH         0                                  0
 24 HR TOTAL        0

DEGREE_DAYS
HEATING TOTAL       1                31     -30        0
 SINCE 7/1          0                 5      -5        0
COOLING TOTAL    1135               777     358     1042
 SINCE 1/1       1165               811     354     1046
..................................................

WIND (MPH)
AVERAGE WIND SPEED              8.4
HIGHEST WIND SPEED/DIRECTION    51/330    DATE  07/25
HIGHEST GUST SPEED/DIRECTION    63/330    DATE  07/25

SKY COVER
POSSIBLE SUNSHINE (PERCENT)   MM
AVERAGE SKY COVER           0.10
NUMBER OF DAYS FAIR           84
NUMBER OF DAYS PC              7
NUMBER OF DAYS CLOUDY          1

AVERAGE RH (PERCENT)     47

WEATHER CONDITIONS. NUMBER OF DAYS WITH
THUNDERSTORM             39     MIXED PRECIP               0
HEAVY RAIN               10     RAIN                      14
LIGHT RAIN               49     FREEZING RAIN              0
LT FREEZING RAIN          0     HAIL                       3
HEAVY SNOW                0     SNOW                       0
LIGHT SNOW                0     SLEET                      0
FOG                       5     FOG W/VIS <= 1/4 MILE      0
HAZE                      4

-  INDICATES NEGATIVE NUMBERS.
R  INDICATES RECORD WAS SET OR TIED.
MM INDICATES DATA IS MISSING.
T  INDICATES TRACE AMOUNT.

$$
