000
CXUS53 KARX 011550
CLSRST

CLIMATE REPORT
NATIONAL WEATHER SERVICE LA CROSSE WI
950 AM CST THU DEC 1 2016

...AUTUMN 2016 WAS THE 2ND WARMEST AND 4TH WETTEST IN ROCHESTER MN...

AUTUMN OF 2016 WAS THE 2ND WARMEST AND 4TH WETTEST ON RECORD AT
ROCHESTER MN.  MORE DETAILS CAN BE FOUND BELOW.

TEMPERATURES...2ND WARMEST

FROM SEPTEMBER 1 THROUGH NOVEMBER 30 2016, ROCHESTER INTERNATIONAL
AIRPORT HAD AN AVERAGE TEMPERATURE OF 53.1 DEGREES.  THIS WAS 5.4
DEGREES WARMER THAN THE 1981-2010 NORMAL OF 47.7 DEGREES.  THIS WAS
THE SECOND WARMEST AUTUMN EVER RECORDED.  ONLY THE AUTUMN OF 1931
(53.7 DEGREES) WAS WARMER.  THE TABLE BELOW LISTS THE TOP TEN
WARMEST AUTUMNS IN ROCHESTER MN.

              WARMEST AUTUMNS
              IN ROCHESTER MN
                 1886-2016

                  AVERAGE
      RANK      TEMPERATURE     YEAR
      ----      -----------     ----
        1       53.7 DEGREES    1931
        2       53.1 DEGREES    2016
        3       52.6 DEGREES    1963
        4       52.0 DEGREES    2015
        5       50.8 DEGREES    1914
        6       50.7 DEGREES    2007
                50.7 DEGREES    2005
        8       50.3 DEGREES    2011
        9       50.1 DEGREES    1998
       10       50.0 DEGREES    2001
                50.0 DEGREES    1994
                50.0 DEGREES    1948

THE TABLE BELOW CONTAINS THE MONTHLY AVERAGE TEMPERATURES AND THEIR
DEPARTURES FROM NORMAL FOR THE AUTUMN OF 2016.

          AUTUMN 2016 TEMPERATURES
               IN ROCHESTER MN

                  AVERAGE            DEPARTURE
   MONTH        TEMPERATURE         FROM NORMAL
   -----        -----------         -----------
   SEPTEMBER   64.4 DEGREES        +3.5 DEGREES -  7TH WARMEST
   OCTOBER     52.0 DEGREES        +2.1 DEGREES - 20TH WARMEST
   NOVEMBER    42.8 DEGREES        +9.0 DEGREES - TIED FOR 2ND WARMEST

   AUTUMN      53.0 DEGREES        +5.4 DEGREES - 2ND WARMEST

THE AVERAGE HIGH TEMPERATURE WAS 62.5 DEGREES WHICH WAS 5.4 DEGREES
WARMER THAN 1981-2010 NORMAL OF 57.1 DEGREES. THIS WAS THE 5TH
WARMEST.

THE AVERAGE LOW TEMPERATURE WAS 43.6 DEGREES WHICH WAS 5.3 DEGREES
WARMER THAN 1981-2010 NORMAL OF 38.3 DEGREES.  THIS WAS THE 2ND
WARMEST.

THE WARMEST HIGH TEMPERATURE WAS 83 DEGREES ON SEPTEMBER 5TH AND
SEPTEMBER 18TH.
THE COLDEST HIGH TEMPERATURE WAS 31 DEGREES ON NOVEMBER 19TH.

THE WARMEST LOW TEMPERATURE WAS 68 DEGREES ON SEPTEMBER 6TH.
THE COLDEST LOW TEMPERATURE WAS 18 DEGREES ON NOVEMBER 21ST.

PRECIPITATION...4TH WETTEST

FROM SEPTEMBER 1 THROUGH NOVEMBER 30 2016, ROCHESTER INTERNATIONAL
AIRPORT RECEIVED 13.21 INCHES OF PRECIPITATION.  THIS WAS 5.61
INCHES WETTER THAN THE 1981-2010 NORMAL 7.60 INCHES.  THIS WAS THE
4TH WETTEST AUTUMN IN ROCHESTER MN.  ONLY THE AUTUMNS OF 1986 (14.91
INCHES), 2010 (13.60 INCHES), AND 1911 (13.48 INCHES) WERE WETTER.
THE TABLE BELOW LISTS THE TOP TEN WETTEST AUTUMNS IN ROCHESTER MN.

              WETTEST AUTUMNS
              IN ROCHESTER MN
                 1886-2016

               PRECIPITATION
      RANK         TOTAL        YEAR
      ----     -------------    ----
        1      14.91 INCHES     1986
        2      13.60 INCHES     2010
        3      13.48 INCHES     1911
        4      13.21 INCHES     2016
        5      12.21 INCHES     1970
        6      11.81 INCHES     1973
        7      11.73 INCHES     1934
        8      11.64 INCHES     1972
        9      11.50 INCHES     1983
       10      11.33 INCHES     1931

THE TABLE BELOW CONTAINS THE MONTHLY PRECIPITATION TOTALS AND THEIR
DEPARTURES FROM NORMAL FOR THE AUTUMN OF 2016.

          AUTUMN 2016 PRECIPITATION
               IN ROCHESTER MN

                PRECIPITATION         DEPARTURE
   MONTH            TOTAL            FROM NORMAL
   -----        ------------         -----------
   SEPTEMBER    9.10 INCHES         +5.65 INCHES - 3RD WETTEST
   OCTOBER      2.74 INCHES         +0.50 INCHES
   NOVEMBER     1.37 INCHES         -0.54 INCHES

   AUTUMN      13.21 INCHES         +5.61 INCHES - 4TH WETTEST

THE HIGHEST DAILY PRECIPITATION TOTAL WAS 3.60 INCHES ON SEPTEMBER
21ST.


SNOWFALL...

FROM SEPTEMBER 1 THROUGH NOVEMBER 30 2016...ROCHESTER INTERNATIONAL
AIRPORT RECEIVED JUST 1.0 INCHES OF SNOW.  THIS WAS 5.9 INCHES LOWER
THAN THEIR 1981-2010 NORMAL OF 6.9 INCHES.

THE TABLE BELOW CONTAINS THE MONTHLY SNOWFALL TOTALS AND THEIR
DEPARTURES FROM NORMAL FOR THE AUTUMN OF 2016.

            AUTUMN 2016 SNOWFALL
               IN ROCHESTER MN

                  SNOWFALL            DEPARTURE
   MONTH            TOTAL            FROM NORMAL
   -----        ------------         -----------
   SEPTEMBER     0.0 INCHES           0.0 INCHES
   OCTOBER       0.0 INCHES          -0.8 INCHES
   NOVEMBER      1.0 INCHES          -5.1 INCHES

   AUTUMN        1.0 INCHES          -5.9 INCHES

THE HIGHEST DAILY SNOWFALL TOTAL WAS 0.7 INCHES ON NOVEMBER 23RD.

...................................

...THE ROCHESTER MN CLIMATE SUMMARY FOR THE SEASON, FROM
9/1/2016 TO 11/30/2016...

CLIMATE NORMAL PERIOD 1981 TO 2010
CLIMATE RECORD PERIOD 1886 TO 2016

WEATHER         OBSERVED          NORMAL  DEPART  LAST YEAR`S
                 VALUE   DATE(S)  VALUE   FROM    VALUE  DATE(S)
                                          NORMAL
................................................................
TEMPERATURE (F)
RECORD
 HIGH             100   09/06/1913
 LOW              -24   11/28/1887
HIGHEST            83   09/18        MM      MM       88  09/03
                        09/05
LOWEST             18   11/21        MM      MM        9  11/21
AVG. MAXIMUM     62.5              57.1     5.4
AVG. MINIMUM     43.6              38.3     5.3     42.3
MEAN             53.1              47.7     5.4     52.0
DAYS MAX >= 90      0               0.2    -0.2        0
DAYS MAX <= 32      1               6.2    -5.2        4
DAYS MIN <= 32     16              29.9   -13.9       19
DAYS MIN <= 0       0               0.7    -0.7        0

PRECIPITATION (INCHES)
RECORD
 MAXIMUM           MM   MM
 MINIMUM           MM   MM
TOTALS          13.21              7.60    5.61     7.22
DAILY AVG.       0.15              0.08    0.07
DAYS >= .01        29              28.6     0.4       25
DAYS >= .10        18              14.7     3.3       16
DAYS >= .50         8               4.5     3.5        3
DAYS >= 1.00        3               1.6     1.4        1
GREATEST
 24 HR. TOTAL    3.60   MM
 STORM TOTAL     4.31
 (MM/DD(HH))            MM

SNOWFALL (INCHES)
RECORDS
 TOTAL             MM   5
 24 HR TOTAL       MM
TOTALS            1.0               6.9    -5.9
 LIQUID EQUIV    0.10              0.70   -0.60
SINCE 7/1         1.0               6.9    -5.9
DAYS >= TRACE       7               6.1     0.9
DAYS >= 1.0         0               2.0    -2.0
GREATEST
 SNOW DEPTH         0   MM
 24 HR TOTAL      0.7   MM
 STORM TOTAL       MM
 (MM/DD(HH))            MM

DEGREE_DAYS
HEATING TOTAL    1124              1633    -509
 SINCE 7/1       1135              1672    -537
COOLING TOTAL      56                60      -4
 SINCE 1/1        629               585      44

FREEZE DATES
RECORD
 EARLIEST     MM
 LATEST       MM
EARLIEST                        MM
LATEST                          MM
.................................................................

WIND (MPH)
AVERAGE WIND SPEED              10.8
HIGHEST WIND SPEED/DIRECTION    41/330    DATE  11/18
HIGHEST GUST SPEED/DIRECTION    53/340    DATE  11/18

SKY COVER
POSSIBLE SUNSHINE (PERCENT)   MM
AVERAGE SKY COVER           0.40
NUMBER OF DAYS FAIR           49
NUMBER OF DAYS PC             23
NUMBER OF DAYS CLOUDY         19

AVERAGE RH (PERCENT)     77

WEATHER CONDITIONS. NUMBER OF DAYS WITH
THUNDERSTORM             14     MIXED PRECIP               0
HEAVY RAIN                9     RAIN                      20
LIGHT RAIN               38     FREEZING RAIN              0
LT FREEZING RAIN          3     HAIL                       0
HEAVY SNOW                0     SNOW                       1
LIGHT SNOW                6     SLEET                      2
FOG                      46     FOG W/VIS <= 1/4 MILE      6
HAZE                      1

-  INDICATES NEGATIVE NUMBERS.
R  INDICATES RECORD WAS SET OR TIED.
MM INDICATES DATA IS MISSING.
T  INDICATES TRACE AMOUNT.

$$

BOYNE
