000
CXUS55 KLKN 011117
CLSWMC


CLIMATE REPORT
NATIONAL WEATHER SERVICE ELKO NV
249 AM PST FRI DEC 1 2017

...................................

...THE WINNEMUCCA AIRPORT NV CLIMATE SUMMARY FOR THE SEASON, FROM
9/1/2017 TO 11/30/2017...

CLIMATE NORMAL PERIOD 1981 TO 2010
CLIMATE RECORD PERIOD 1877 TO 2017

WEATHER         OBSERVED          NORMAL  DEPART  LAST YEAR`S
                 VALUE   DATE(S)  VALUE   FROM    VALUE
                                          NORMAL
.............................................................
TEMPERATURE (F)
RECORD
 HIGH             103   09/03/2017
                        09/02/1950
                        09/02/1950
 LOW              -10   11/25/2010
HIGHEST           103R  09/03        95       8       91
LOWEST             13   10/13         6       7       13
AVG. MAXIMUM     68.4              66.4     2.0     68.1
AVG. MINIMUM     32.2              30.5     1.7     32.8
MEAN             50.3              48.4     1.9     50.4
DAYS MAX >= 90     10               5.6     4.4        1
DAYS MAX <= 32      0               0.7    -0.7        0
DAYS MIN <= 32     49              49.8    -0.8       50
DAYS MIN <= 0       0               0.5    -0.5        0

PRECIPITATION (INCHES)
RECORD
 MAXIMUM         4.79   1998
 MINIMUM         0.07   1929
TOTALS           1.19              1.99   -0.80     2.58
DAILY AVG.       0.01              0.02   -0.01     0.03
DAYS >= .01        11              15.7    -4.7       14
DAYS >= .10         3               6.3    -3.3        6
DAYS >= .50         0               0.5    -0.5        1
DAYS >= 1.00        0               0.0     0.0        1

SNOWFALL (INCHES)
RECORDS
 TOTAL           19.6   1985
TOTALS              T               3.5    -3.5      0.6
DAYS >= 1.0         0               1.3    -1.3        0
GREATEST
 SNOW DEPTH         0   MM                             0

DEGREE_DAYS
HEATING TOTAL    1436              1538    -102     1315
COOLING TOTAL     120                31      89       12
..............................................................

WIND (MPH)
AVERAGE WIND SPEED              7.1
HIGHEST WIND SPEED/DIRECTION    43/140    DATE  09/06
HIGHEST GUST SPEED/DIRECTION    57/130    DATE  09/06

AVERAGE RH (PERCENT)     50

WEATHER CONDITIONS. NUMBER OF DAYS WITH
THUNDERSTORM              0     MIXED PRECIP               0
HEAVY RAIN                1     RAIN                       4
LIGHT RAIN               19     FREEZING RAIN              0
LT FREEZING RAIN          0     HAIL                       0
HEAVY SNOW                0     SNOW                       0
LIGHT SNOW                1     SLEET                      0
FOG                       7     FOG W/VIS <= 1/4 MILE      0
HAZE                     15

-  INDICATES NEGATIVE NUMBERS.
R  INDICATES RECORD WAS SET OR TIED.
MM INDICATES DATA IS MISSING.
T  INDICATES TRACE AMOUNT.

&&

=====================================================================

...NOVEMBER WAS THE WARMEST ON RECORD WITH AN AVERAGE TEMPERATURE
OF 43.9 DEGREES...

A RECORD MONTHLY AND SEASONAL MAXIMUM TEMP OF 103 DEGREES WAS TIED
ON SEPTEMBER 3RD.

$$

DS
