000
CXUS54 KHGX 020547
CF611R
PRELIMINARY LOCAL CLIMATOLOGICAL DATA (WS FORM: F-6)
STATION: BRENHAM
MONTH: NOVEMBER
YEAR: 2020
LATITUDE: 30 13 N
LONGITUDE: 96 22 W
TEMPERATURE IN F: :PCPN: SNOW: WIND :SUNSHINE: SKY :PK WND
================================================================================
1 2 3 4 5 6A 6B 7 8 9 10 11 12 13 14 15 16 17 18
12Z AVG MX 2MIN
DY MAX MIN AVG DEP HDD CDD WTR SNW DPTH SPD SPD DIR MIN PSBL S-S WX SPD DR
================================================================================
1 78 46 62 M 3 0 0.00 0.0 0 3.7 14 360 M M 0 18 360
2 74 44 59 M 6 0 0.00 0.0 0 1.6 7 100 M M 0 38 M M
3 78 40 59 M 6 0 0.00 M 0 0.7 7 140 M M 0 M M
4 79 42 61 M 4 0 0.00 0.0 0 3.7 13 180 M M 0 M M
5 82 58 70 M 0 5 0.00 0.0 0 3.4 8 150 M M 4 12 M M
6 81 53 67 M 0 2 0.00 0.0 0 1.2 6 90 M M 2 12 M M
7 81 51 66 M 0 1 0.00 0.0 0 0.8 6 110 M M 0 M M
8 79 54 67 M 0 2 0.00 0.0 0 2.1 8 100 M M 5 12 M M
9 85 66 76 M 0 11 0.00 0.0 0 4.7 14 180 M M 7 1 22 170
10 85 65 75 M 0 10 0.00 0.0 0 3.2 7 140 M M 5 1 M M
11 83 60 72 M 0 7 0.00 0.0 0 1.8 7 50 M M 3 M M
12 85 59 72 M 0 7 0.00 0.0 0 2.8 8 140 M M 4 M M
13 76 66 71 M 0 6 0.01 0.0 0 2.8 7 110 M M 10 128 M M
14 88 70 79 M 0 14 0.00 0.0 0 9.8 16 180 M M 8 23 180
15 76 50 63 M 2 0 0.12 0.0 0 9.1 16 10 M M 3 3 25 10
16 73 39 56 M 9 0 0.00 0.0 0 1.0 7 110 M M 0 M M
17 77 37 57 M 8 0 0.00 0.0 0 0.9 7 80 M M 0 M M
18 78 40 59 M 6 0 0.00 0.0 0 2.6 8 130 M M 0 M M
19 82 47 65 M 0 0 0.00 0.0 0 3.8 12 150 M M 3 12 M M
20 83 62 73 M 0 8 0.00 0.0 0 3.8 9 130 M M 8 12 M M
21 80 64 72 M 0 7 0.00 0.0 0 2.5 8 120 M M 9 12 M M
22 80 58 69 M 0 4 0.08 0.0 0 4.1 18 350 M M 9 22 350
23 65 54 60 M 5 0 0.00 0.0 0 4.4 10 360 M M 10 18 16 360
24 81 61 71 M 0 6 0.00 0.0 0 10.0 21 180 M M 8 28 180
25 75 46 61 M 4 0 0.06 0.0 0 6.8 16 350 M M 5 21 190
26 78 43 61 M 4 0 0.00 0.0 0 2.1 6 100 M M 5 M M
27 78 62 70 M 0 5 0.02 0.0 0 3.9 9 360 M M 9 1 M M
28 64 58 61 M 4 0 1.19 0.0 0 4.1 8 100 M M 10 1 M M
29 58 48 53 M 12 0 0.07 0.0 0 13.0 22 330 M M 9 1 28 340
30 54 30 42 M 23 0 0.00 0.0 0 11.7 22 340 M M 0 3 29 340
================================================================================
SM 2316 1573 96 95 1.55 0.0 126.1 M 136
================================================================================
AV 77.2 52.4 4.2 FASTST M M 5 MAX(MPH)
MISC ----> # 22 330 29 340
================================================================================
NOTES:
# LAST OF SEVERAL OCCURRENCES
COLUMN 17 PEAK WIND IN M.P.H.
PRELIMINARY LOCAL CLIMATOLOGICAL DATA (WS FORM: F-6) , PAGE 2
STATION: BRENHAM
MONTH: NOVEMBER
YEAR: 2020
LATITUDE: 30 13 N
LONGITUDE: 96 22 W
[TEMPERATURE DATA] [PRECIPITATION DATA] SYMBOLS USED IN COLUMN 16
AVERAGE MONTHLY: 64.8 TOTAL FOR MONTH: 1.55 1 = FOG OR MIST
DPTR FM NORMAL: 12.4 DPTR FM NORMAL: -2.41 2 = FOG REDUCING VISIBILITY
HIGHEST: 88 ON 14 GRTST 24HR 1.19 ON 28-28 TO 1/4 MILE OR LESS
LOWEST: 30 ON 30 3 = THUNDER
SNOW, ICE PELLETS, HAIL 4 = ICE PELLETS
TOTAL MONTH: 0.0 INCH 5 = HAIL
GRTST 24HR 0.0 6 = FREEZING RAIN OR DRIZZLE
GRTST DEPTH: 0 7 = DUSTSTORM OR SANDSTORM:
VSBY 1/2 MILE OR LESS
8 = SMOKE OR HAZE
[NO. OF DAYS WITH] [WEATHER - DAYS WITH] 9 = BLOWING SNOW
X = TORNADO
MAX 32 OR BELOW: 0 0.01 INCH OR MORE: 7
MAX 90 OR ABOVE: 0 0.10 INCH OR MORE: 2
MIN 32 OR BELOW: 1 0.50 INCH OR MORE: 1
MIN 0 OR BELOW: 0 1.00 INCH OR MORE: 1
[HDD (BASE 65) ]
TOTAL THIS MO. 96 CLEAR (SCALE 0-3) 13
DPTR FM NORMAL M PTCLDY (SCALE 4-7) 9
TOTAL FM JUL 1 161 CLOUDY (SCALE 8-10) 8
DPTR FM NORMAL M
[CDD (BASE 65) ]
TOTAL THIS MO. 95
DPTR FM NORMAL M [PRESSURE DATA]
TOTAL FM JAN 1 3347 HIGHEST SLP M ON M
DPTR FM NORMAL M LOWEST SLP M ON M
[REMARKS]
#FINAL-11-20#