000
CXUS55 KBOU 011000
CF620V
PRELIMINARY LOCAL CLIMATOLOGICAL DATA (WS FORM: F-6)
STATION: KREMMLING
MONTH: DECEMBER
YEAR: 2020
LATITUDE: 40 3 N
LONGITUDE: 106 22 W
TEMPERATURE IN F: :PCPN: SNOW: WIND :SUNSHINE: SKY :PK WND
================================================================================
1 2 3 4 5 6A 6B 7 8 9 10 11 12 13 14 15 16 17 18
12Z AVG MX 2MIN
DY MAX MIN AVG DEP HDD CDD WTR SNW DPTH SPD SPD DIR MIN PSBL S-S WX SPD DR
================================================================================
1 32 9 21 M 44 0 0.00 M M 4.4 12 20 M M 7 17 20
2 27 1 14 M 51 0 0.00 M M 4.4 13 350 M M 1 18 350
3 28 -4 12 M 53 0 0.00 M M 0.2 5 160 M M 0 M M
4 34 -2 16 M 49 0 0.00 M M 0.0 M M M M 0 M M
5 36 0 18 M 47 0 0.00 M M 0.1 3 20 M M 0 M M
6 37 0 19 M 46 0 0.00 M M 0.1 4 280 M M 0 M M
7 37 0 19 M 46 0 0.00 M M 0.8 5 250 M M 0 M M
8 36 -2 17 M 48 0 0.00 M M 0.0 M M M M 0 M M
9 34 -6 14 M 51 0 0.00 M M 0.0 M M M M 0 M M
10 27 1 14 M 51 0 0.00 M M 0.0 M M M M 4 M M
11 30 0 15 M 50 0 0.07 M M 2.1 10 320 M M 9 17 320
12 23 1 12 M 53 0 0.02 M M 3.3 13 330 M M 10 25 290
13 18 -13 3 M 62 0 0.00 M M 0.8 9 350 M M 1 1 18 350
14 19 -6 7 M 58 0 0.02 M M 0.3 5 110 M M 9 1 M M
15 27 7 17 M 48 0 0.00 M M 2.4 10 340 M M 8 M M
16 30 3 17 M 48 0 0.00 M M 3.9 10 230 M M 10 17 160
17 23 -6 9 M 56 0 0.00 M M 1.6 8 60 M M 2 M M
18 36 9 23 M 42 0 0.00 M M 2.7 10 360 M M 8 M M
19 32 -4 14 M 51 0 0.00 M M 3.2 13 250 M M 7 16 0
20 37 12 25 M 40 0 0.00 M M 4.3 14 260 M M 8 21 260
21 43 18 31 M 34 0 0.00 M M 4.7 14 260 M M 7 17 260
22 45 12 29 M 36 0 0.00 M M 6.6 25 250 M M 7 12 45 250
23 19 9 14 M 51 0 0.00 M M 8.0 14 320 M M 8 23 320
24 27 -4 12 M 53 0 0.00 M M 1.9 12 240 M M 1 16 250
25 23 -6 9 M 56 0 0.00 M M 0.1 3 350 M M 0 M M
26 32 -4 14 M 51 0 0.00 M M 0.8 6 360 M M 3 M M
27 32 9 21 M 44 0 0.00 M M 4.5 12 250 M M 7 18 290
28 18 1 10 M 55 0 0.13 M M 0.3 3 130 M M 9 M M
29 28 -13 8 M 57 0 0.06 M M 1.6 8 350 M M 5 M M
30 9 -22 -6 M 71 0 0.00 M M 0.0 M M M M 5 1 M M
31 21 -4 9 M 56 0 0.00 M M 0.6 3 120 M M 8 M M
================================================================================
SM 900 -4 1558 0 0.30 M 63.7 M 144
================================================================================
AV 29.0 -0.1 2.1 FASTST M M 5 MAX(MPH)
MISC ----> 25 250 45 250
================================================================================
NOTES:
# LAST OF SEVERAL OCCURRENCES
COLUMN 17 PEAK WIND IN M.P.H.
PRELIMINARY LOCAL CLIMATOLOGICAL DATA (WS FORM: F-6) , PAGE 2
STATION: KREMMLING
MONTH: DECEMBER
YEAR: 2020
LATITUDE: 40 3 N
LONGITUDE: 106 22 W
[TEMPERATURE DATA] [PRECIPITATION DATA] SYMBOLS USED IN COLUMN 16
AVERAGE MONTHLY: 14.5 TOTAL FOR MONTH: 0.30 1 = FOG OR MIST
DPTR FM NORMAL: 0.0 DPTR FM NORMAL: M 2 = FOG REDUCING VISIBILITY
HIGHEST: 45 ON 22 GRTST 24HR 0.13 ON 28-28 TO 1/4 MILE OR LESS
LOWEST: -22 ON 30 3 = THUNDER
SNOW, ICE PELLETS, HAIL 4 = ICE PELLETS
TOTAL MONTH: M 5 = HAIL
GRTST 24HR M ON M 6 = FREEZING RAIN OR DRIZZLE
GRTST DEPTH: M ON M 7 = DUSTSTORM OR SANDSTORM:
VSBY 1/2 MILE OR LESS
8 = SMOKE OR HAZE
[NO. OF DAYS WITH] [WEATHER - DAYS WITH] 9 = BLOWING SNOW
X = TORNADO
MAX 32 OR BELOW: 21 0.01 INCH OR MORE: 5
MAX 90 OR ABOVE: 0 0.10 INCH OR MORE: 1
MIN 32 OR BELOW: 31 0.50 INCH OR MORE: 0
MIN 0 OR BELOW: 18 1.00 INCH OR MORE: 0
[HDD (BASE 65) ]
TOTAL THIS MO. 1558 CLEAR (SCALE 0-3) 12
DPTR FM NORMAL M PTCLDY (SCALE 4-7) 13
TOTAL FM JUL 1 3778 CLOUDY (SCALE 8-10) 6
DPTR FM NORMAL M
[CDD (BASE 65) ]
TOTAL THIS MO. 0
DPTR FM NORMAL M [PRESSURE DATA]
TOTAL FM JAN 1 40 HIGHEST SLP M ON M
DPTR FM NORMAL M LOWEST SLP M ON M
[REMARKS]
#FINAL-12-20#