000
CXUS53 KUNR 011901
CLM2WX
CLIMATE REPORT
NATIONAL WEATHER SERVICE RAPID CITY SD
1201 PM MST THU FEB 01 2024
...................................
...THE BUFFALO SD CLIMATE SUMMARY FOR THE MONTH OF JANUARY 2024...
CLIMATE NORMAL PERIOD 1991 TO 2020
CLIMATE RECORD PERIOD 9999 TO 9999
WEATHER OBSERVED NORMAL DEPART LAST YEAR`S
VALUE DATE(S) VALUE FROM VALUE DATE(S)
NORMAL
................................................................
TEMPERATURE (F)
HIGHEST 66 01/30 52 01/14
01/31
LOWEST -31R 01/13 -16 01/30
AVG. MAXIMUM 31.2 31.6 -0.4 35.4
AVG. MINIMUM 9.1 10.7 -1.6 16.7
MEAN 20.1 21.2 -1.1 26.1
DAYS MAX >= 90 0 0
DAYS MAX <= 32 15 9
DAYS MIN <= 32 28 31
DAYS MIN <= 0 10 4
PRECIPITATION (INCHES)
TOTALS 0.21 0.31 -0.10 0.17
DAILY AVG. 0.01 0.01 -0.00 0.01
DAYS >= .01 7 6
DAYS >= .10 1 0
DAYS >= .50 0 0
DAYS >= 1.00 0 0
GREATEST
24 HR. TOTAL 0.12 01/18 TO 01/18 0.10
DEGREE DAYS
HEATING TOTAL 1382 1359 23 1200
SINCE 7/1 3861 4437 -576 MM
COOLING TOTAL 0 0 0 0
SINCE 1/1 0 0 0 MM
................................................................
WIND (MPH)
AVERAGE WIND SPEED 11.1
HIGHEST WIND SPEED/DIRECTION 46/310 DATE 01/18
HIGHEST GUST SPEED/DIRECTION 57/310 DATE 01/18
AVERAGE RH (PERCENT) 67
- INDICATES NEGATIVE NUMBERS.
R INDICATES RECORD WAS SET OR TIED.
MM INDICATES DATA IS MISSING.
T INDICATES TRACE AMOUNT.
$$