000
CXUS55 KBOU 011000
CF633V
PRELIMINARY LOCAL CLIMATOLOGICAL DATA (WS FORM: F-6)
STATION: WALDEN
MONTH: FEBRUARY
YEAR: 2023
LATITUDE: 40 45 N
LONGITUDE: 106 16 W
TEMPERATURE IN F: :PCPN: SNOW: WIND :SUNSHINE: SKY :PK WND
================================================================================
1 2 3 4 5 6A 6B 7 8 9 10 11 12 13 14 15 16 17 18
12Z AVG MX 2MIN
DY MAX MIN AVG DEP HDD CDD WTR SNW DPTH SPD SPD DIR MIN PSBL S-S WX SPD DR
================================================================================
1 23 1 12 M 53 0 M M M 11.1 17 180 M M 0 23 180
2 18 -4 7 M 58 0 M M M 4.3 12 130 M M 0 M M
3 34 -2 16 M 49 0 M M M 7.8 15 200 M M 0 M M
4 32 14 23 M 42 0 M M M 11.2 22 220 M M 1 26 230
5 37 21 29 M 36 0 M M M 11.7 18 260 M M 2 23 260
6 23 12 18 M 47 0 M M M 5.7 13 360 M M 9 M M
7 12 -8 2 M 63 0 M M M 4.1 9 130 M M 1 M M
8 27 -8 10 M 55 0 M M M 4.2 20 310 M M 5 35 230
9 14 -9 3 M 62 0 M M M 9.7 17 330 M M 6 24 340
10 12 -17 -2 M 67 0 M M M 2.6 8 140 M M 0 M M
11 19 -9 5 M 60 0 M M M 3.1 12 140 M M 0 M M
12 34 3 19 M 46 0 M M M 5.0 12 120 M M 4 M M
13 30 -6 12 M 53 0 M M M 4.0 10 170 M M 2 16 200
14 23 9 16 M 49 0 M M M 10.1 20 340 M M 6 26 340
15 12 -6 3 M 62 0 M M M 17.1 28 80 M M 9 35 80
16 1 -22 -10 M 75 0 M M M 3.3 9 130 M M 1 M M
17 21 -13 4 M 61 0 M M M 3.7 9 130 M M 0 M M
18 32 3 18 M 47 0 M M M 10.7 20 220 M M 0 25 240
19 27 14 21 M 44 0 M M M 12.1 24 250 M M 5 39 240
20 32 25 29 M 36 0 M M M 14.9 31 210 M M 9 37 210
21 37 27 32 M 33 0 M M M 17.0 28 220 M M 8 35 220
22 32 -15 9 M 56 0 M M M 13.6 28 260 M M 8 35 260
23 19 -13 3 M 62 0 M M M 7.4 17 220 M M 9 25 220
24 21 9 15 M 50 0 M M M 13.0 25 250 M M 6 33 240
25 32 16 24 M 41 0 M M M 13.8 27 210 M M 2 32 200
26 34 9 22 M 43 0 M M M 9.2 18 250 M M 5 26 230
27 27 16 22 M 43 0 M M M 17.2 28 230 M M 5 32 230
28 23 5 14 M 51 0 M M M 17.3 25 220 M M 8 32 220
================================================================================
SM 688 52 1444 0 M M 265.0 M 111
================================================================================
AV 24.6 1.9 9.5 FASTST M M 4 MAX(MPH)
MISC ----> 31 210 39 240
================================================================================
NOTES:
# LAST OF SEVERAL OCCURRENCES
COLUMN 17 PEAK WIND IN M.P.H.
PRELIMINARY LOCAL CLIMATOLOGICAL DATA (WS FORM: F-6) , PAGE 2
STATION: WALDEN
MONTH: FEBRUARY
YEAR: 2023
LATITUDE: 40 45 N
LONGITUDE: 106 16 W
[TEMPERATURE DATA] [PRECIPITATION DATA] SYMBOLS USED IN COLUMN 16
AVERAGE MONTHLY: 13.2 TOTAL FOR MONTH: M 1 = FOG OR MIST
DPTR FM NORMAL: 0.0 DPTR FM NORMAL: M 2 = FOG REDUCING VISIBILITY
HIGHEST: 37 ON 5,21 GRTST 24HR M ON M TO 1/4 MILE OR LESS
LOWEST: -22 ON 16 3 = THUNDER
SNOW, ICE PELLETS, HAIL 4 = ICE PELLETS
TOTAL MONTH: M 5 = HAIL
GRTST 24HR M ON M 6 = FREEZING RAIN OR DRIZZLE
GRTST DEPTH: M ON M 7 = DUSTSTORM OR SANDSTORM:
VSBY 1/2 MILE OR LESS
8 = SMOKE OR HAZE
[NO. OF DAYS WITH] [WEATHER - DAYS WITH] 9 = BLOWING SNOW
X = TORNADO
MAX 32 OR BELOW: 23 0.01 INCH OR MORE: 0
MAX 90 OR ABOVE: 0 0.10 INCH OR MORE: 0
MIN 32 OR BELOW: 28 0.50 INCH OR MORE: 0
MIN 0 OR BELOW: 13 1.00 INCH OR MORE: 0
[HDD (BASE 65) ]
TOTAL THIS MO. 1444 CLEAR (SCALE 0-3) 13
DPTR FM NORMAL M PTCLDY (SCALE 4-7) 11
TOTAL FM JUL 1 7257 CLOUDY (SCALE 8-10) 4
DPTR FM NORMAL M
[CDD (BASE 65) ]
TOTAL THIS MO. 0
DPTR FM NORMAL M [PRESSURE DATA]
TOTAL FM JAN 1 0 HIGHEST SLP M ON M
DPTR FM NORMAL M LOWEST SLP M ON M
[REMARKS]
#FINAL-02-23#