000
CXUS55 KBOU 021911 CCA
CF633V
PRELIMINARY LOCAL CLIMATOLOGICAL DATA (WS FORM: F-6)
STATION: WALDEN
MONTH: AUGUST
YEAR: 2022
LATITUDE: 40 45 N
LONGITUDE: 106 16 W
TEMPERATURE IN F: :PCPN: SNOW: WIND :SUNSHINE: SKY :PK WND
================================================================================
1 2 3 4 5 6A 6B 7 8 9 10 11 12 13 14 15 16 17 18
12Z AVG MX 2MIN
DY MAX MIN AVG DEP HDD CDD WTR SNW DPTH SPD SPD DIR MIN PSBL S-S WX SPD DR
================================================================================
1 79 43 61 M 4 0 M M M 6.8 17 210 M M 2 23 210
2 77 45 61 M 4 0 M M M 9.1 20 360 M M 6 26 230
3 77 45 61 M 4 0 M M M 5.8 16 290 M M 2 20 290
4 81 41 61 M 4 0 M M M 5.3 14 270 M M 1 17 270
5 82 46 64 M 1 0 M M M 7.6 16 140 M M 2 22 140
6 81 46 64 M 1 0 M M M 7.9 16 210 M M 2 22 220
7 77 45 61 M 4 0 M M M 7.7 16 250 M M 1 21 250
8 79 41 60 M 5 0 M M M 4.5 13 270 M M 3 20 310
9 82 37 60 M 5 0 M M M 5.4 10 80 M M 1 17 50
10 86 45 66 M 0 1 M M M 5.3 13 210 M M 1 17 330
11 84 45 65 M 0 0 M M M 6.2 14 340 M M 3 33 360
12 81 43 62 M 3 0 M M M 5.5 15 130 M M 2 24 130
13 79 48 64 M 1 0 M M M 5.3 24 10 M M 3 32 10
14 77 45 61 M 4 0 M M M 6.2 15 230 M M 5 24 230
15 68 48 58 M 7 0 M M M 4.4 15 330 M M 7 18 330
16 72 46 59 M 6 0 M M M 3.8 13 20 M M 6 17 80
17 73 36 55 M 10 0 M M M 6.0 14 350 M M 0 22 350
18 75 36 56 M 9 0 M M M 5.6 14 70 M M 1 20 10
19 73 39 56 M 9 0 M M M 5.1 15 60 M M 3 29 60
20 66 37 52 M 13 0 M M M 4.4 14 200 M M 4 18 200
21 63 41 52 M 13 0 M M M 3.8 12 130 M M 5 28 170
22 73 36 55 M 10 0 M M M 5.4 16 70 M M 3 24 350
23 73 36 55 M 10 0 M M M 4.6 14 320 M M 1 31 290
24 75 36 56 M 9 0 M M M 5.3 14 80 M M 1 22 80
25 72 39 56 M 9 0 M M M 7.6 23 280 M M 3 36 280
26 70 36 53 M 12 0 M M M 6.2 14 310 M M 5 20 140
27 73 36 55 M 10 0 M M M 8.9 25 310 M M 2 38 0
28 73 41 57 M 8 0 M M M 9.6 18 240 M M 1 26 280
29 73 34 54 M 11 0 M M M 5.7 10 250 M M 0 M M
30 79 36 58 M 7 0 M M M 4.9 10 140 M M 1 16 240
31 79 37 58 M 7 0 M M M 5.8 12 320 M M 1 22 290
================================================================================
SM 2352 1265 200 1 M M 185.6 M 78
================================================================================
AV 75.9 40.8 6.0 FASTST M M 3 MAX(MPH)
MISC ----> 25 310 38 0
================================================================================
NOTES:
# LAST OF SEVERAL OCCURRENCES
COLUMN 17 PEAK WIND IN M.P.H.
PRELIMINARY LOCAL CLIMATOLOGICAL DATA (WS FORM: F-6) , PAGE 2
STATION: WALDEN
MONTH: AUGUST
YEAR: 2022
LATITUDE: 40 45 N
LONGITUDE: 106 16 W
[TEMPERATURE DATA] [PRECIPITATION DATA] SYMBOLS USED IN COLUMN 16
AVERAGE MONTHLY: 58.3 TOTAL FOR MONTH: M 1 = FOG OR MIST
DPTR FM NORMAL: 0.0 DPTR FM NORMAL: M 2 = FOG REDUCING VISIBILITY
HIGHEST: 86 ON 10 GRTST 24HR M ON M TO 1/4 MILE OR LESS
LOWEST: 34 ON 29 3 = THUNDER
SNOW, ICE PELLETS, HAIL 4 = ICE PELLETS
TOTAL MONTH: M 5 = HAIL
GRTST 24HR M ON M 6 = FREEZING RAIN OR DRIZZLE
GRTST DEPTH: M ON M 7 = DUSTSTORM OR SANDSTORM:
VSBY 1/2 MILE OR LESS
8 = SMOKE OR HAZE
[NO. OF DAYS WITH] [WEATHER - DAYS WITH] 9 = BLOWING SNOW
X = TORNADO
MAX 32 OR BELOW: 0 0.01 INCH OR MORE: 0
MAX 90 OR ABOVE: 0 0.10 INCH OR MORE: 0
MIN 32 OR BELOW: 0 0.50 INCH OR MORE: 0
MIN 0 OR BELOW: 0 1.00 INCH OR MORE: 0
[HDD (BASE 65) ]
TOTAL THIS MO. 200 CLEAR (SCALE 0-3) 22
DPTR FM NORMAL M PTCLDY (SCALE 4-7) 9
TOTAL FM JUL 1 329 CLOUDY (SCALE 8-10) 0
DPTR FM NORMAL M
[CDD (BASE 65) ]
TOTAL THIS MO. 1
DPTR FM NORMAL M [PRESSURE DATA]
TOTAL FM JAN 1 6 HIGHEST SLP M ON M
DPTR FM NORMAL M LOWEST SLP M ON M
[REMARKS]
#FINAL-08-22#