000
CXUS55 KBOU 010900
CF633V
PRELIMINARY LOCAL CLIMATOLOGICAL DATA (WS FORM: F-6)
STATION: WALDEN
MONTH: JULY
YEAR: 2022
LATITUDE: 40 45 N
LONGITUDE: 106 16 W
TEMPERATURE IN F: :PCPN: SNOW: WIND :SUNSHINE: SKY :PK WND
================================================================================
1 2 3 4 5 6A 6B 7 8 9 10 11 12 13 14 15 16 17 18
12Z AVG MX 2MIN
DY MAX MIN AVG DEP HDD CDD WTR SNW DPTH SPD SPD DIR MIN PSBL S-S WX SPD DR
================================================================================
1 73 43 58 M 7 0 M M M 6.1 30 340 M M 3 39 340
2 75 39 57 M 8 0 M M M 6.1 13 280 M M 1 20 280
3 73 43 58 M 7 0 M M M 6.5 20 280 M M 1 28 230
4 77 43 60 M 5 0 M M M 6.2 14 220 M M 3 20 220
5 73 45 59 M 6 0 M M M 7.5 23 130 M M 5 31 130
6 68 46 57 M 8 0 M M M 4.7 9 120 M M 5 17 320
7 75 41 58 M 7 0 M M M 6.5 16 350 M M 3 22 350
8 81 43 62 M 3 0 M M M 5.3 13 260 M M 1 21 260
9 82 43 63 M 2 0 M M M 6.2 16 260 M M 1 26 270
10 82 43 63 M 2 0 M M M 6.6 18 160 M M 3 29 220
11 79 45 62 M 3 0 M M M 6.8 16 270 M M 1 22 300
12 81 37 59 M 6 0 M M M 6.0 14 300 M M 1 23 300
13 82 41 62 M 3 0 M M M 7.9 15 190 M M 3 22 260
14 81 50 66 M 0 1 M M M 8.2 18 140 M M 4 22 30
15 79 52 66 M 0 1 M M M 8.2 15 190 M M 6 23 230
16 77 50 64 M 1 0 M M M 6.7 20 360 M M 4 23 360
17 81 43 62 M 3 0 M M M 4.0 7 130 M M 1 M M
18 82 46 64 M 1 0 M M M 10.1 21 230 M M 1 31 230
19 81 52 67 M 0 2 M M M 8.4 16 260 M M 4 23 300
20 81 46 64 M 1 0 M M M 7.0 15 240 M M 4 28 300
21 81 39 60 M 5 0 M M M 8.4 20 260 M M 1 25 260
22 84 41 63 M 2 0 M M M 5.6 10 240 M M 2 23 200
23 81 50 66 M 0 1 M M M 7.1 29 350 M M 4 52 270
24 57 43 50 M 15 0 M M M 5.2 15 330 M M 6 18 330
25 77 43 60 M 5 0 M M M 5.5 18 250 M M 4 24 250
26 79 43 61 M 4 0 M M M 5.9 13 300 M M 2 21 250
27 81 43 62 M 3 0 M M M 6.9 15 320 M M 3 23 260
28 72 46 59 M 6 0 M M M 7.3 17 60 M M 3 22 160
29 77 43 60 M 5 0 M M M 3.8 12 330 M M 2 18 290
30 77 39 58 M 7 0 M M M 7.0 21 310 M M 2 40 270
31 79 43 61 M 4 0 M M M 5.8 17 140 M M 3 24 140
================================================================================
SM 2408 1364 129 5 M M 203.7 M 87
================================================================================
AV 77.7 44.0 6.6 FASTST M M 3 MAX(MPH)
MISC ----> 30 340 52 270
================================================================================
NOTES:
# LAST OF SEVERAL OCCURRENCES
COLUMN 17 PEAK WIND IN M.P.H.
PRELIMINARY LOCAL CLIMATOLOGICAL DATA (WS FORM: F-6) , PAGE 2
STATION: WALDEN
MONTH: JULY
YEAR: 2022
LATITUDE: 40 45 N
LONGITUDE: 106 16 W
[TEMPERATURE DATA] [PRECIPITATION DATA] SYMBOLS USED IN COLUMN 16
AVERAGE MONTHLY: 60.8 TOTAL FOR MONTH: M 1 = FOG OR MIST
DPTR FM NORMAL: 0.0 DPTR FM NORMAL: M 2 = FOG REDUCING VISIBILITY
HIGHEST: 84 ON 22 GRTST 24HR M ON M TO 1/4 MILE OR LESS
LOWEST: 37 ON 12 3 = THUNDER
SNOW, ICE PELLETS, HAIL 4 = ICE PELLETS
TOTAL MONTH: M 5 = HAIL
GRTST 24HR M ON M 6 = FREEZING RAIN OR DRIZZLE
GRTST DEPTH: M ON M 7 = DUSTSTORM OR SANDSTORM:
VSBY 1/2 MILE OR LESS
8 = SMOKE OR HAZE
[NO. OF DAYS WITH] [WEATHER - DAYS WITH] 9 = BLOWING SNOW
X = TORNADO
MAX 32 OR BELOW: 0 0.01 INCH OR MORE: 0
MAX 90 OR ABOVE: 0 0.10 INCH OR MORE: 0
MIN 32 OR BELOW: 0 0.50 INCH OR MORE: 0
MIN 0 OR BELOW: 0 1.00 INCH OR MORE: 0
[HDD (BASE 65) ]
TOTAL THIS MO. 129 CLEAR (SCALE 0-3) 18
DPTR FM NORMAL M PTCLDY (SCALE 4-7) 13
TOTAL FM JUL 1 129 CLOUDY (SCALE 8-10) 0
DPTR FM NORMAL M
[CDD (BASE 65) ]
TOTAL THIS MO. 5
DPTR FM NORMAL M [PRESSURE DATA]
TOTAL FM JAN 1 5 HIGHEST SLP M ON M
DPTR FM NORMAL M LOWEST SLP M ON M
[REMARKS]
#FINAL-07-22#