000
CXUS55 KBOU 010900
CF633V
PRELIMINARY LOCAL CLIMATOLOGICAL DATA (WS FORM: F-6)
STATION: WALDEN
MONTH: JUNE
YEAR: 2022
LATITUDE: 40 45 N
LONGITUDE: 106 16 W
TEMPERATURE IN F: :PCPN: SNOW: WIND :SUNSHINE: SKY :PK WND
================================================================================
1 2 3 4 5 6A 6B 7 8 9 10 11 12 13 14 15 16 17 18
12Z AVG MX 2MIN
DY MAX MIN AVG DEP HDD CDD WTR SNW DPTH SPD SPD DIR MIN PSBL S-S WX SPD DR
================================================================================
1 M M M M M M M M M M M M M M M M M
2 M M M M M M M M M 7.4 14 280 M M 2 24 280
3 M M M M M M M M M 6.1 26 220 M M 2 40 220
4 M M M M M M M M M 6.2 15 240 M M 3 38 280
5 M M M M M M M M M 8.7 20 250 M M 5 36 250
6 64 45 55 M 10 0 M M M 8.2 20 300 M M 5 31 300
7 64 37 51 M 14 0 M M M 9.6 27 250 M M 2 35 240
8 70 32 51 M 14 0 M M M 5.6 13 250 M M 0 21 260
9 73 43 58 M 7 0 M M M 8.3 18 300 M M 4 25 250
10 77 37 57 M 8 0 M M M 7.7 18 240 M M 1 30 240
11 81 41 61 M 4 0 M M M 9.4 21 270 M M 1 29 270
12 81 43 62 M 3 0 M M M 10.3 26 250 M M 1 31 220
13 77 37 57 M 8 0 M M M 17.7 30 340 M M 1 39 270
14 59 36 48 M 17 0 M M M 14.4 31 250 M M 3 43 250
15 68 34 51 M 14 0 M M M 10.8 24 240 M M 1 31 240
16 79 32 56 M 9 0 M M M 5.3 13 220 M M 0 20 160
17 82 43 63 M 2 0 M M M 8.6 31 140 M M 1 41 140
18 73 50 62 M 3 0 M M M 8.2 16 220 M M 5 28 160
19 72 46 59 M 6 0 M M M 12.1 24 200 M M 3 32 210
20 64 36 50 M 15 0 M M M 13.5 32 210 M M 1 40 210
21 72 28 50 M 15 0 M M M 4.9 13 260 M M 0 M M
22 73 34 54 M 11 0 M M M 4.3 9 140 M M 0 M M
23 70 43 57 M 8 0 M M M 5.5 20 260 M M 4 35 80
24 64 41 53 M 12 0 M M M 8.7 20 210 M M 3 28 210
25 68 36 52 M 13 0 M M M 6.1 18 340 M M 2 28 340
26 70 37 54 M 11 0 M M M 5.4 12 110 M M 3 46 240
27 70 36 53 M 12 0 M M M 5.7 16 80 M M 1 26 80
28 77 36 57 M 8 0 M M M 6.4 15 260 M M 0 18 260
29 73 43 58 M 7 0 M M M 9.9 31 310 M M 3 38 310
30 68 45 57 M 8 0 M M M 9.5 26 340 M M 6 44 210
================================================================================
SM 1789 971 239 0 M M 244.7 M 63
================================================================================
AV 71.6 38.8 8.4 FASTST M M 2 MAX(MPH)
MISC ----> 32 210 46 240
================================================================================
NOTES:
# LAST OF SEVERAL OCCURRENCES
COLUMN 17 PEAK WIND IN M.P.H.
PRELIMINARY LOCAL CLIMATOLOGICAL DATA (WS FORM: F-6) , PAGE 2
STATION: WALDEN
MONTH: JUNE
YEAR: 2022
LATITUDE: 40 45 N
LONGITUDE: 106 16 W
[TEMPERATURE DATA] [PRECIPITATION DATA] SYMBOLS USED IN COLUMN 16
AVERAGE MONTHLY: 55.2 TOTAL FOR MONTH: M 1 = FOG OR MIST
DPTR FM NORMAL: 0.0 DPTR FM NORMAL: M 2 = FOG REDUCING VISIBILITY
HIGHEST: 82 ON 17 GRTST 24HR M ON M TO 1/4 MILE OR LESS
LOWEST: 28 ON 21 3 = THUNDER
SNOW, ICE PELLETS, HAIL 4 = ICE PELLETS
TOTAL MONTH: M 5 = HAIL
GRTST 24HR M ON M 6 = FREEZING RAIN OR DRIZZLE
GRTST DEPTH: M ON M 7 = DUSTSTORM OR SANDSTORM:
VSBY 1/2 MILE OR LESS
8 = SMOKE OR HAZE
[NO. OF DAYS WITH] [WEATHER - DAYS WITH] 9 = BLOWING SNOW
X = TORNADO
MAX 32 OR BELOW: 0 0.01 INCH OR MORE: 0
MAX 90 OR ABOVE: 0 0.10 INCH OR MORE: 0
MIN 32 OR BELOW: 3 0.50 INCH OR MORE: 0
MIN 0 OR BELOW: 0 1.00 INCH OR MORE: 0
[HDD (BASE 65) ]
TOTAL THIS MO. 239 CLEAR (SCALE 0-3) 19
DPTR FM NORMAL M PTCLDY (SCALE 4-7) 10
TOTAL FM JUL 1 9269 CLOUDY (SCALE 8-10) 1
DPTR FM NORMAL M
[CDD (BASE 65) ]
TOTAL THIS MO. 0
DPTR FM NORMAL M [PRESSURE DATA]
TOTAL FM JAN 1 0 HIGHEST SLP M ON M
DPTR FM NORMAL M LOWEST SLP M ON M
[REMARKS]
#FINAL-06-22#