000
CXUS55 KBOU 011337 RRA
CF633V
PRELIMINARY LOCAL CLIMATOLOGICAL DATA (WS FORM: F-6)
STATION: WALDEN
MONTH: AUGUST
YEAR: 2021
LATITUDE: 40 45 N
LONGITUDE: 106 16 W
TEMPERATURE IN F: :PCPN: SNOW: WIND :SUNSHINE: SKY :PK WND
================================================================================
1 2 3 4 5 6A 6B 7 8 9 10 11 12 13 14 15 16 17 18
12Z AVG MX 2MIN
DY MAX MIN AVG DEP HDD CDD WTR SNW DPTH SPD SPD DIR MIN PSBL S-S WX SPD DR
================================================================================
1 75 43 59 M 6 0 0.00 M M 4.0 13 60 M M 2 17 340
2 77 45 61 M 4 0 0.00 M M 4.7 9 120 M M 5 20 320
3 63 52 58 M 7 0 0.00 M M 4.1 10 10 M M 8 M M
4 74 43 59 M 6 0 0.00 M M 5.5 14 330 M M 3 22 330
5 80 38 59 M 6 0 0.00 M M 5.3 13 270 M M 0 22 270
6 80 41 61 M 4 0 0.00 M M 7.5 17 340 M M 4 37 230
7 70 39 55 M 10 0 0.00 M M 5.9 10 260 M M 2 16 290
8 78 37 58 M 7 0 0.00 M M 7.0 12 250 M M 0 20 260
9 80 41 61 M 4 0 0.00 M M 9.3 24 270 M M 1 30 270
10 79 39 59 M 6 0 0.00 M M 8.9 20 260 M M 0 28 260
11 80 35 58 M 7 0 0.00 M M 7.8 14 250 M M 0 20 230
12 84 37 61 M 4 0 0.00 M M 6.2 13 60 M M 0 26 210
13 82 41 62 M 3 0 0.00 M M 5.7 18 20 M M 1 32 20
14 82 39 61 M 4 0 0.00 M M 6.1 17 350 M M 3 32 220
15 79 42 61 M 4 0 0.00 M M 8.1 23 40 M M 2 29 40
16 80 37 59 M 6 0 0.00 M M 6.6 24 80 M M 0 30 80
17 82 39 61 M 4 0 0.00 M M 7.4 25 190 M M 2 36 190
18 77 49 63 M 2 0 0.00 M M 6.9 17 190 M M 4 25 190
19 65 47 56 M 9 0 0.00 M M 10.9 23 200 M M 7 31 190
20 60 37 49 M 16 0 0.00 M M 12.1 25 200 M M 6 33 240
21 70 32 51 M 14 0 0.00 M M 8.6 20 160 M M 1 28 160
22 75 37 56 M 9 0 0.00 M M 12.3 24 230 M M 3 30 240
23 77 37 57 M 8 0 0.00 M M 8.8 21 230 M M 2 33 190
24 78 35 57 M 8 0 0.00 M M 7.2 17 210 M M 1 26 220
25 80 34 57 M 8 0 0.00 M M 8.0 21 240 M M 0 28 240
26 75 37 56 M 9 0 0.00 M M 11.3 26 220 M M 5 38 210
27 77 37 57 M 8 0 0.00 M M 8.9 24 250 M M 0 31 250
28 77 37 57 M 8 0 0.00 M M 8.9 16 240 M M 0 30 240
29 78 34 56 M 9 0 0.00 M M 7.2 17 240 M M 0 23 240
30 80 34 57 M 8 0 0.00 M M 6.4 16 260 M M 0 26 260
31 81 37 59 M 6 0 0.00 M M 5.6 12 210 M M 3 9 270
================================================================================
SM 2375 1212 214 0 0.00 M 233.2 M 65
================================================================================
AV 76.6 39.1 7.5 FASTST M M 2 MAX(MPH)
MISC ----> 26 220 38 210
================================================================================
NOTES:
# LAST OF SEVERAL OCCURRENCES
COLUMN 17 PEAK WIND IN M.P.H.
PRELIMINARY LOCAL CLIMATOLOGICAL DATA (WS FORM: F-6) , PAGE 2
STATION: WALDEN
MONTH: AUGUST
YEAR: 2021
LATITUDE: 40 45 N
LONGITUDE: 106 16 W
[TEMPERATURE DATA] [PRECIPITATION DATA] SYMBOLS USED IN COLUMN 16
AVERAGE MONTHLY: 57.9 TOTAL FOR MONTH: 0.00 1 = FOG OR MIST
DPTR FM NORMAL: M DPTR FM NORMAL: M 2 = FOG REDUCING VISIBILITY
HIGHEST: 84 ON 12 GRTST 24HR 0.00 ON 1- 1 TO 1/4 MILE OR LESS
LOWEST: 32 ON 21 3 = THUNDER
SNOW, ICE PELLETS, HAIL 4 = ICE PELLETS
TOTAL MONTH: M 5 = HAIL
GRTST 24HR M ON M 6 = FREEZING RAIN OR DRIZZLE
GRTST DEPTH: M ON M 7 = DUSTSTORM OR SANDSTORM:
VSBY 1/2 MILE OR LESS
8 = SMOKE OR HAZE
[NO. OF DAYS WITH] [WEATHER - DAYS WITH] 9 = BLOWING SNOW
X = TORNADO
MAX 32 OR BELOW: 0 0.01 INCH OR MORE: 0
MAX 90 OR ABOVE: 0 0.10 INCH OR MORE: 0
MIN 32 OR BELOW: 1 0.50 INCH OR MORE: 0
MIN 0 OR BELOW: 0 1.00 INCH OR MORE: 0
[HDD (BASE 65) ]
TOTAL THIS MO. 214 CLEAR (SCALE 0-3) 24
DPTR FM NORMAL M PTCLDY (SCALE 4-7) 7
TOTAL FM JUL 1 302 CLOUDY (SCALE 8-10) 0
DPTR FM NORMAL M
[CDD (BASE 65) ]
TOTAL THIS MO. 0
DPTR FM NORMAL M [PRESSURE DATA]
TOTAL FM JAN 1 13 HIGHEST SLP M ON M
DPTR FM NORMAL M LOWEST SLP M ON M
[REMARKS]
#FINAL-08-21#