000
CXUS55 KBOU 010900
CF633V
PRELIMINARY LOCAL CLIMATOLOGICAL DATA (WS FORM: F-6)
STATION: WALDEN
MONTH: JULY
YEAR: 2021
LATITUDE: 40 45 N
LONGITUDE: 106 16 W
TEMPERATURE IN F: :PCPN: SNOW: WIND :SUNSHINE: SKY :PK WND
================================================================================
1 2 3 4 5 6A 6B 7 8 9 10 11 12 13 14 15 16 17 18
12Z AVG MX 2MIN
DY MAX MIN AVG DEP HDD CDD WTR SNW DPTH SPD SPD DIR MIN PSBL S-S WX SPD DR
================================================================================
1 71 47 59 M 6 0 0.00 M M 4.9 12 320 M M 4 20 70
2 76 41 59 M 6 0 0.00 M M 5.7 14 330 M M 2 31 140
3 79 43 61 M 4 0 0.00 M M 6.6 17 270 M M 2 23 350
4 80 47 64 M 1 0 0.00 M M 6.0 16 330 M M 1 33 330
5 80 47 64 M 1 0 0.00 M M 8.0 25 70 M M 4 31 70
6 77 47 62 M 3 0 0.00 M M 8.1 15 310 M M 2 24 10
7 82 39 61 M 4 0 0.00 M M 5.5 10 270 M M 0 16 0
8 90 47 69 M 0 4 0.00 M M 9.4 23 250 M M 2 41 250
9 90 46 68 M 0 3 0.00 M M 10.1 25 300 M M 1 32 270
10 78 40 59 M 6 0 0.00 M M 10.8 26 340 M M 0 36 340
11 81 34 58 M 7 0 0.00 M M 5.9 13 320 M M 0 18 350
12 82 37 60 M 5 0 0.00 M M 5.7 18 200 M M 2 27 200
13 77 52 65 M 0 0 0.00 M M 9.3 27 260 M M 3 39 210
14 75 46 61 M 4 0 0.00 M M 9.9 23 210 M M 3 30 210
15 77 39 58 M 7 0 0.00 M M 6.6 14 210 M M 2 27 230
16 77 39 58 M 7 0 0.00 M M 5.9 22 300 M M 1 29 300
17 79 39 59 M 6 0 0.00 M M 5.8 21 350 M M 3 29 330
18 84 40 62 M 3 0 0.00 M M 6.5 13 40 M M 0 24 360
19 85 39 62 M 3 0 0.00 M M 6.1 12 80 M M 1 20 0
20 83 42 63 M 2 0 0.00 M M 6.8 22 250 M M 2 40 250
21 82 52 67 M 0 2 0.00 M M 5.9 13 330 M M 6 18 310
22 80 45 63 M 2 0 0.00 M M 5.7 14 160 M M 5 18 160
23 77 49 63 M 2 0 0.00 M M 6.8 20 330 M M 5 22 330
24 77 43 60 M 5 0 0.00 M M 5.6 12 150 M M 0 M M
25 81 49 65 M 0 0 0.00 M M 5.4 21 360 M M 0 29 360
26 86 41 64 M 1 0 0.00 M M 6.8 20 50 M M 1 23 50
27 86 42 64 M 1 0 0.00 M M 5.6 10 120 M M 0 9 270
28 87 45 66 M 0 1 0.00 M M 8.5 23 350 M M 1 33 350
29 86 47 67 M 0 2 0.00 M M 6.9 29 360 M M 4 35 360
30 80 49 65 M 0 0 0.00 M M 6.2 17 340 M M 3 24 220
31 70 55 63 M 2 0 0.00 M M 6.0 21 60 M M 7 27 30
================================================================================
SM 2495 1368 88 12 0.00 M 213.0 M 67
================================================================================
AV 80.5 44.1 6.9 FASTST M M 2 MAX(MPH)
MISC ----> 29 360 41 250
================================================================================
NOTES:
# LAST OF SEVERAL OCCURRENCES
COLUMN 17 PEAK WIND IN M.P.H.
PRELIMINARY LOCAL CLIMATOLOGICAL DATA (WS FORM: F-6) , PAGE 2
STATION: WALDEN
MONTH: JULY
YEAR: 2021
LATITUDE: 40 45 N
LONGITUDE: 106 16 W
[TEMPERATURE DATA] [PRECIPITATION DATA] SYMBOLS USED IN COLUMN 16
AVERAGE MONTHLY: 62.3 TOTAL FOR MONTH: 0.00 1 = FOG OR MIST
DPTR FM NORMAL: 0.0 DPTR FM NORMAL: M 2 = FOG REDUCING VISIBILITY
HIGHEST: 90 ON 9, 8 GRTST 24HR 0.00 ON 1- 1 TO 1/4 MILE OR LESS
LOWEST: 34 ON 11 3 = THUNDER
SNOW, ICE PELLETS, HAIL 4 = ICE PELLETS
TOTAL MONTH: M 5 = HAIL
GRTST 24HR M ON M 6 = FREEZING RAIN OR DRIZZLE
GRTST DEPTH: M ON M 7 = DUSTSTORM OR SANDSTORM:
VSBY 1/2 MILE OR LESS
8 = SMOKE OR HAZE
[NO. OF DAYS WITH] [WEATHER - DAYS WITH] 9 = BLOWING SNOW
X = TORNADO
MAX 32 OR BELOW: 0 0.01 INCH OR MORE: 0
MAX 90 OR ABOVE: 2 0.10 INCH OR MORE: 0
MIN 32 OR BELOW: 0 0.50 INCH OR MORE: 0
MIN 0 OR BELOW: 0 1.00 INCH OR MORE: 0
[HDD (BASE 65) ]
TOTAL THIS MO. 88 CLEAR (SCALE 0-3) 23
DPTR FM NORMAL M PTCLDY (SCALE 4-7) 8
TOTAL FM JUL 1 88 CLOUDY (SCALE 8-10) 0
DPTR FM NORMAL M
[CDD (BASE 65) ]
TOTAL THIS MO. 12
DPTR FM NORMAL M [PRESSURE DATA]
TOTAL FM JAN 1 13 HIGHEST SLP M ON M
DPTR FM NORMAL M LOWEST SLP M ON M
[REMARKS]
#FINAL-07-21#