652
CXUS55 KBOU 011000
CF633V
PRELIMINARY LOCAL CLIMATOLOGICAL DATA (WS FORM: F-6)
STATION: WALDEN
MONTH: FEBRUARY
YEAR: 2021
LATITUDE: 40 45 N
LONGITUDE: 106 16 W
TEMPERATURE IN F: :PCPN: SNOW: WIND :SUNSHINE: SKY :PK WND
================================================================================
1 2 3 4 5 6A 6B 7 8 9 10 11 12 13 14 15 16 17 18
12Z AVG MX 2MIN
DY MAX MIN AVG DEP HDD CDD WTR SNW DPTH SPD SPD DIR MIN PSBL S-S WX SPD DR
================================================================================
1 39 7 23 M 42 0 0.00 M M 5.9 13 190 M M 4 17 190
2 42 20 31 M 34 0 0.00 M M 9.5 18 200 M M 2 25 200
3 40 19 30 M 35 0 0.00 M M 14.5 30 220 M M 7 37 220
4 23 10 17 M 48 0 0.00 M M 12.4 25 240 M M 8 36 250
5 24 15 20 M 45 0 0.00 M M 12.9 18 220 M M 10 25 260
6 27 16 22 M 43 0 0.00 M M 15.8 23 250 M M 9 35 280
7 34 20 27 M 38 0 0.00 M M 21.1 35 240 M M 5 46 240
8 34 22 28 M 37 0 0.00 M M 17.5 30 240 M M 3 39 240
9 34 19 27 M 38 0 0.00 M M 8.7 22 240 M M 8 29 230
10 37 26 32 M 33 0 0.00 M M 9.5 18 220 M M 9 23 220
11 34 23 29 M 36 0 0.00 M M 13.8 20 210 M M 9 28 250
12 36 27 32 M 33 0 0.00 M M 10.9 18 210 M M 9 26 220
13 32 -4 14 M 51 0 0.00 M M 12.0 26 320 M M 9 36 320
14 7 -11 -2 M 67 0 0.00 M M 8.0 20 320 M M 5 28 330
15 20 -11 5 M 60 0 0.00 M M 9.9 21 210 M M 8 29 190
16 30 10 20 M 45 0 0.00 M M 5.1 13 340 M M 7 M M
17 24 7 16 M 49 0 0.00 M M 5.4 17 340 M M 7 21 340
18 19 -8 6 M 59 0 0.00 M M 6.5 14 220 M M 3 20 220
19 27 7 17 M 48 0 0.00 M M 13.7 21 210 M M 8 36 210
20 32 19 26 M 39 0 0.00 M M 9.4 16 210 M M 8 21 210
21 25 7 16 M 49 0 0.00 M M 10.1 18 190 M M 5 25 220
22 34 19 27 M 38 0 0.00 M M 16.7 26 200 M M 3 33 200
23 37 15 26 M 39 0 0.00 M M 17.7 25 240 M M 1 33 230
24 28 0 14 M 51 0 0.00 M M 6.1 15 350 M M 6 17 0
25 25 5 15 M 50 0 0.00 M M 5.9 16 170 M M 3 21 170
26 25 10 18 M 47 0 0.00 M M 13.0 26 240 M M 6 36 230
27 21 -4 9 M 56 0 0.00 M M 9.9 18 340 M M 7 25 340
28 19 -13 3 M 62 0 0.00 M M 6.5 14 230 M M 0 17 230
================================================================================
SM 809 272 1272 0 0.00 M 308.4 M 169
================================================================================
AV 28.9 9.7 11.0 FASTST M M 6 MAX(MPH)
MISC ----> 35 240 46 240
================================================================================
NOTES:
# LAST OF SEVERAL OCCURRENCES
COLUMN 17 PEAK WIND IN M.P.H.
PRELIMINARY LOCAL CLIMATOLOGICAL DATA (WS FORM: F-6) , PAGE 2
STATION: WALDEN
MONTH: FEBRUARY
YEAR: 2021
LATITUDE: 40 45 N
LONGITUDE: 106 16 W
[TEMPERATURE DATA] [PRECIPITATION DATA] SYMBOLS USED IN COLUMN 16
AVERAGE MONTHLY: 19.3 TOTAL FOR MONTH: 0.00 1 = FOG OR MIST
DPTR FM NORMAL: 0.0 DPTR FM NORMAL: 0.00 2 = FOG REDUCING VISIBILITY
HIGHEST: 42 ON 2 GRTST 24HR 0.00 ON 1- 1 TO 1/4 MILE OR LESS
LOWEST: -13 ON 28 3 = THUNDER
SNOW, ICE PELLETS, HAIL 4 = ICE PELLETS
TOTAL MONTH: M 5 = HAIL
GRTST 24HR M ON M 6 = FREEZING RAIN OR DRIZZLE
GRTST DEPTH: M ON M 7 = DUSTSTORM OR SANDSTORM:
VSBY 1/2 MILE OR LESS
8 = SMOKE OR HAZE
[NO. OF DAYS WITH] [WEATHER - DAYS WITH] 9 = BLOWING SNOW
X = TORNADO
MAX 32 OR BELOW: 17 0.01 INCH OR MORE: 0
MAX 90 OR ABOVE: 0 0.10 INCH OR MORE: 0
MIN 32 OR BELOW: 28 0.50 INCH OR MORE: 0
MIN 0 OR BELOW: 7 1.00 INCH OR MORE: 0
[HDD (BASE 65) ]
TOTAL THIS MO. 1272 CLEAR (SCALE 0-3) 7
DPTR FM NORMAL M PTCLDY (SCALE 4-7) 14
TOTAL FM JUL 1 6820 CLOUDY (SCALE 8-10) 7
DPTR FM NORMAL M
[CDD (BASE 65) ]
TOTAL THIS MO. 0
DPTR FM NORMAL M [PRESSURE DATA]
TOTAL FM JAN 1 0 HIGHEST SLP M ON M
DPTR FM NORMAL M LOWEST SLP M ON M
[REMARKS]
#FINAL-02-21#