000
CXUS55 KBOU 011358
CF633V
PRELIMINARY LOCAL CLIMATOLOGICAL DATA (WS FORM: F-6)
STATION: WALDEN
MONTH: JULY
YEAR: 2020
LATITUDE: 40 45 N
LONGITUDE: 106 16 W
TEMPERATURE IN F: :PCPN: SNOW: WIND :SUNSHINE: SKY :PK WND
================================================================================
1 2 3 4 5 6A 6B 7 8 9 10 11 12 13 14 15 16 17 18
12Z AVG MX 2MIN
DY MAX MIN AVG DEP HDD CDD WTR SNW DPTH SPD SPD DIR MIN PSBL S-S WX SPD DR
================================================================================
1 75 30 53 M 12 0 M M M 8.1 21 240 M M 0 27 210
2 77 37 57 M 8 0 M M M 8.8 15 230 M M 1 27 250
3 81 37 59 M 6 0 M M M 5.8 12 300 M M 2 18 290
4 79 46 63 M 2 0 M M M 7.3 27 100 M M 3 32 100
5 81 39 60 M 5 0 M M M 6.4 18 310 M M 2 29 310
6 82 39 61 M 4 0 M M M 7.0 20 180 M M 1 30 180
7 82 41 62 M 3 0 M M M 11.3 22 250 M M 1 35 240
8 79 34 57 M 8 0 M M M 9.2 22 260 M M 0 28 260
9 81 36 59 M 6 0 M M M 7.0 12 130 M M 0 21 220
10 82 34 58 M 7 0 M M M 8.4 21 260 M M 0 31 270
11 82 37 60 M 5 0 M M M 6.3 17 250 M M 0 23 250
12 79 41 60 M 5 0 M M M 10.5 33 240 M M 1 51 240
13 81 50 66 M 0 1 M M M 10.2 24 220 M M 5 36 220
14 79 50 65 M 0 0 M M M 9.6 17 260 M M 5 27 220
15 79 41 60 M 5 0 M M M 7.8 15 290 M M 1 27 270
16 81 39 60 M 5 0 M M M 6.7 16 260 M M 3 23 260
17 79 46 63 M 2 0 M M M 7.8 18 340 M M 2 25 220
18 82 43 63 M 2 0 M M M 9.8 29 300 M M 2 40 300
19 81 41 61 M 4 0 M M M 9.6 22 270 M M 3 30 280
20 79 43 61 M 4 0 M M M 7.7 18 280 M M 1 29 280
21 81 39 60 M 5 0 M M M 6.6 16 300 M M 1 23 230
22 79 39 59 M 6 0 M M M 6.4 15 200 M M 4 21 200
23 75 46 61 M 4 0 M M M 8.5 20 260 M M 3 27 260
24 70 50 60 M 5 0 M M M 5.4 13 350 M M 5 M M
25 68 46 57 M 8 0 M M M 5.1 21 290 M M 5 25 290
26 77 43 60 M 5 0 M M M 4.3 17 360 M M 3 17 70
27 81 39 60 M 5 0 M M M 5.6 14 80 M M 1 25 360
28 70 46 58 M 7 0 M M M 7.8 17 360 M M 3 24 360
29 75 43 59 M 6 0 M M M 12.3 24 350 M M 3 37 280
30 75 39 57 M 8 0 M M M 11.0 21 340 M M 0 29 350
31 81 59 70 M 0 5 0.00 0.0 M 12.0 17 80 M M 2 28 80
================================================================================
SM 2433 1293 152 6 M0 M 250.3 M 63
================================================================================
AV 78.5 41.7 8.1 FASTST M M 2 MAX(MPH)
MISC ----> # 33 240 # 51 240
================================================================================
NOTES:
# LAST OF SEVERAL OCCURRENCES
COLUMN 17 PEAK WIND IN M.P.H.
PRELIMINARY LOCAL CLIMATOLOGICAL DATA (WS FORM: F-6) , PAGE 2
STATION: WALDEN
MONTH: JULY
YEAR: 2020
LATITUDE: 40 45 N
LONGITUDE: 106 16 W
[TEMPERATURE DATA] [PRECIPITATION DATA] SYMBOLS USED IN COLUMN 16
AVERAGE MONTHLY: 60.1 TOTAL FOR MONTH: M 1 = FOG OR MIST
DPTR FM NORMAL: M DPTR FM NORMAL: M 2 = FOG REDUCING VISIBILITY
HIGHEST: 82 ON 18,11 GRTST 24HR M ON M TO 1/4 MILE OR LESS
LOWEST: 30 ON 1 3 = THUNDER
SNOW, ICE PELLETS, HAIL 4 = ICE PELLETS
TOTAL MONTH: 0.0 INCH 5 = HAIL
GRTST 24HR 0.0 6 = FREEZING RAIN OR DRIZZLE
GRTST DEPTH: M ON M 7 = DUSTSTORM OR SANDSTORM:
VSBY 1/2 MILE OR LESS
8 = SMOKE OR HAZE
[NO. OF DAYS WITH] [WEATHER - DAYS WITH] 9 = BLOWING SNOW
X = TORNADO
MAX 32 OR BELOW: 0 0.01 INCH OR MORE: 0
MAX 90 OR ABOVE: 0 0.10 INCH OR MORE: 0
MIN 32 OR BELOW: 1 0.50 INCH OR MORE: 0
MIN 0 OR BELOW: 0 1.00 INCH OR MORE: 0
[HDD (BASE 65) ]
TOTAL THIS MO. 152 CLEAR (SCALE 0-3) 26
DPTR FM NORMAL M PTCLDY (SCALE 4-7) 5
TOTAL FM JUL 1 152 CLOUDY (SCALE 8-10) 0
DPTR FM NORMAL M
[CDD (BASE 65) ]
TOTAL THIS MO. 6
DPTR FM NORMAL M [PRESSURE DATA]
TOTAL FM JAN 1 6 HIGHEST SLP M ON M
DPTR FM NORMAL M LOWEST SLP M ON M
[REMARKS]
#FINAL-07-20#