000
CXUS52 KTAE 010800
CF6AAF
PRELIMINARY LOCAL CLIMATOLOGICAL DATA (WS FORM: F-6)
STATION: APALACHICOLA
MONTH: AUGUST
YEAR: 2021
LATITUDE: 29 43 N
LONGITUDE: 85 2 W
TEMPERATURE IN F: :PCPN: SNOW: WIND :SUNSHINE: SKY :PK WND
================================================================================
1 2 3 4 5 6A 6B 7 8 9 10 11 12 13 14 15 16 17 18
12Z AVG MX 2MIN
DY MAX MIN AVG DEP HDD CDD WTR SNW DPTH SPD SPD DIR MIN PSBL S-S WX SPD DR
================================================================================
1 93 76 85 2 0 20 0.00 0.0 M 6.9 16 240 M M 2 3 21 250
2 92 75 84 1 0 19 1.30 0.0 0 6.9 16 250 M M 3 13 20 220
3 86 75 81 -2 0 16 1.17 0.0 0 2.9 16 350 M M 4 13 21 290
4 84 75 80 -3 0 15 0.52 0.0 0 4.3 13 130 M M 6 13 18 150
5 86 73 80 -3 0 15 1.83 0.0 0 7.2 14 20 M M 8 1 17 20
6 86 71 79 -4 0 14 T 0.0 0 6.4 13 170 M M 3 123 16 150
7 90 75 83 0 0 18 0.00 0.0 0 4.7 15 230 M M 1 19 240
8 89 75 82 -1 0 17 0.03 0.0 0 3.5 13 180 M M 2 3 18 190
9 90 76 83 1 0 18 0.00 0.0 0 3.5 14 150 M M 0 3 17 160
10 91 76 84 2 0 19 0.00 M M 4.2 14 160 M M 1 3 17 170
11 89 75 82 0 0 17 0.01 M M 5.6 18 70 M M 1 3 25 70
12 89 72 81 -1 0 16 0.23 0.0 M 5.2 15 40 M M 2 13 20 310
13 90 71 81 -1 0 16 0.00 0.0 0 5.2 14 160 M M 0 3 17 150
14 90 73 82 0 0 17 0.03 0.0 0 5.7 15 330 M M 3 13 19 320
15 84 73 79 -3 0 14 0.79 0.0 M 7.2 17 160 M M 6 13 28 90
16 82 75 79 -3 0 14 3.71 0.0 0 18.1 51 150 M M 8 1 68 140
17 89 78 84 2 0 19 0.01 0.0 0 9.1 16 250 M M 1 1 20 250
18 89 76 83 1 0 18 0.00 0.0 0 4.1 13 170 M M 1 16 150
19 90 76 83 1 0 18 0.00 0.0 0 5.4 13 180 M M 0 16 170
20 93 75 84 2 0 19 0.00 0.0 0 5.4 18 250 M M 0 22 260
21 89 73 81 -1 0 16 0.21 0.0 0 3.2 20 330 M M 2 13 24 340
22 88 75 82 0 0 17 0.16 0.0 0 5.7 23 280 M M 3 1 28 290
23 86 73 80 -2 0 15 2.05 0.0 0 7.5 20 350 M M 3 13 26 10
24 89 78 84 2 0 19 0.05 0.0 0 6.2 16 220 M M 3 3 21 220
25 85 76 81 -1 0 16 1.08 0.0 0 5.1 30 170 M M 3 13 34 180
26 89 74 82 0 0 17 0.13 0.0 0 7.9 23 90 M M 2 1 35 90
27 88 75 82 0 0 17 0.01 0.0 0 8.2 22 130 M M 2 3 29 150
28 89 75 82 0 0 17 1.44 0.0 0 10.1 23 150 M M 5 13 32 90
29 88 75 82 0 0 17 0.49 0.0 0 11.5 24 190 M M 3 13 30 190
30 88 77 83 2 0 18 0.02 0.0 0 9.5 17 260 M M 1 1 23 270
31 84 74 79 -2 0 14 1.24 0.0 M 13.4 35 250 M M 4 13 42 280
================================================================================
SM 2735 2316 0 522 16.51 0.0 209.8 M 83
================================================================================
AV 88.2 74.7 6.8 FASTST M M 3 MAX(MPH)
MISC ----> 51 150 68 140
================================================================================
NOTES:
# LAST OF SEVERAL OCCURRENCES
COLUMN 17 PEAK WIND IN M.P.H.
PRELIMINARY LOCAL CLIMATOLOGICAL DATA (WS FORM: F-6) , PAGE 2
STATION: APALACHICOLA
MONTH: AUGUST
YEAR: 2021
LATITUDE: 29 43 N
LONGITUDE: 85 2 W
[TEMPERATURE DATA] [PRECIPITATION DATA] SYMBOLS USED IN COLUMN 16
AVERAGE MONTHLY: 81.5 TOTAL FOR MONTH: 16.51 1 = FOG OR MIST
DPTR FM NORMAL: -0.7 DPTR FM NORMAL: 8.72 2 = FOG REDUCING VISIBILITY
HIGHEST: 93 ON 20, 1 GRTST 24HR 4.03 ON 15-16 TO 1/4 MILE OR LESS
LOWEST: 71 ON 13, 6 3 = THUNDER
SNOW, ICE PELLETS, HAIL 4 = ICE PELLETS
TOTAL MONTH: 0.0 INCH 5 = HAIL
GRTST 24HR 0.0 6 = FREEZING RAIN OR DRIZZLE
GRTST DEPTH: 0 7 = DUSTSTORM OR SANDSTORM:
VSBY 1/2 MILE OR LESS
8 = SMOKE OR HAZE
[NO. OF DAYS WITH] [WEATHER - DAYS WITH] 9 = BLOWING SNOW
X = TORNADO
MAX 32 OR BELOW: 0 0.01 INCH OR MORE: 22
MAX 90 OR ABOVE: 9 0.10 INCH OR MORE: 15
MIN 32 OR BELOW: 0 0.50 INCH OR MORE: 10
MIN 0 OR BELOW: 0 1.00 INCH OR MORE: 8
[HDD (BASE 65) ]
TOTAL THIS MO. 0 CLEAR (SCALE 0-3) 22
DPTR FM NORMAL 0 PTCLDY (SCALE 4-7) 7
TOTAL FM JUL 1 0 CLOUDY (SCALE 8-10) 2
DPTR FM NORMAL 0
[CDD (BASE 65) ]
TOTAL THIS MO. 522
DPTR FM NORMAL -11 [PRESSURE DATA]
TOTAL FM JAN 1 1956 HIGHEST SLP 30.18 ON 12
DPTR FM NORMAL -58 LOWEST SLP 29.51 ON 16
[REMARKS]
#FINAL-08-21#