000
CXUS53 KABR 011100
CF6ABR
PRELIMINARY LOCAL CLIMATOLOGICAL DATA (WS FORM: F-6)
STATION: ABERDEEN SD
MONTH: MAY
YEAR: 2023
LATITUDE: 45 27 N
LONGITUDE: 98 26 W
TEMPERATURE IN F: :PCPN: SNOW: WIND :SUNSHINE: SKY :PK WND
================================================================================
1 2 3 4 5 6A 6B 7 8 9 10 11 12 13 14 15 16 17 18
12Z AVG MX 2MIN
DY MAX MIN AVG DEP HDD CDD WTR SNW DPTH SPD SPD DIR MIN PSBL S-S WX SPD DR
================================================================================
1 60 33 47 -4 18 0 0.00 0.0 0 17.2 32 350 M M 0 45 330
2 67 32 50 -2 15 0 0.00 0.0 0 9.5 18 20 M M 0 25 30
3 80 30 55 3 10 0 0.00 0.0 0 7.0 20 220 M M 0 1 27 190
4 78 42 60 8 5 0 0.00 0.0 0 10.1 20 50 M M 0 29 50
5 76 42 59 6 6 0 0.00 0.0 0 11.5 20 60 M M 0 27 60
6 58 49 54 1 11 0 0.72 0.0 0 12.2 22 60 M M 8 13 29 60
7 69 48 59 5 6 0 0.00 0.0 0 10.0 21 340 M M 7 27 330
8 70 45 58 4 7 0 0.00 0.0 0 6.3 15 250 M M 8 19 250
9 73 45 59 5 6 0 0.04 0.0 0 7.9 20 60 M M 4 3 25 80
10 80 55 68 13 0 3 0.00 0.0 0 9.9 22 150 M M 0 1 29 150
11 81 53 67 12 0 2 0.00 0.0 0 6.8 17 110 M M 2 3 23 100
12 75 59 67 11 0 2 0.01 0.0 0 10.4 29 110 M M 6 1 37 100
13 65 58 62 6 3 0 0.37 0.0 0 15.3 23 40 M M 10 13 34 50
14 73 46 60 3 5 0 0.00 0.0 0 10.6 20 70 M M 3 27 70
15 79 42 61 4 4 0 0.00 0.0 0 6.1 14 230 M M 0 12 18 230
16 82 47 65 7 0 0 0.00 0.0 0 7.6 16 320 M M 0 23 340
17 85 46 66 8 0 1 0.08 0.0 0 8.3 23 220 M M 2 138 31 190
18 69 47 58 0 7 0 0.00 0.0 0 10.7 29 350 M M 5 18 39 340
19 66 40 53 -6 12 0 0.00 0.0 0 13.9 26 350 M M 4 38 20
20 78 33 56 -3 9 0 0.00 0.0 0 8.6 17 210 M M 0 12 26 180
21 84 45 65 5 0 0 0.00 0.0 0 6.4 14 10 M M 0 19 360
22 86 52 69 9 0 4 0.00 0.0 0 9.9 22 200 M M 0 28 150
23 90 61 76 16 0 11 0.00 0.0 0 13.1 24 190 M M 1 8 34 220
24 86 53 70 9 0 5 T 0.0 0 9.2 22 160 M M 2 38 30 150
25 89 59 74 13 0 9 0.00 0.0 0 15.0 24 170 M M 1 37 170
26 86 61 74 13 0 9 0.00 0.0 0 17.3 30 160 M M 1 42 170
27 87 63 75 13 0 10 0.00 0.0 0 18.2 28 180 M M 1 38 160
28 88 59 74 12 0 9 0.10 0.0 0 15.3 26 190 M M 2 13 37 160
29 89 58 74 12 0 9 0.01 0.0 0 11.1 28 330 M M 2 13 39 340
30 90 56 73 10 0 8 0.00 0.0 0 4.8 17 280 M M 1 30 300
31 86 59 73 10 0 8 0.20 0.0 0 8.0 26 240 M M 2 3 39 90
================================================================================
SM 2425 1518 124 90 1.53 0.0 328.2 M 72
================================================================================
AV 78.2 49.0 10.6 FASTST M M 2 MAX(MPH)
MISC ----> 32 350 45 330
================================================================================
NOTES:
# LAST OF SEVERAL OCCURRENCES
COLUMN 17 PEAK WIND IN M.P.H.
PRELIMINARY LOCAL CLIMATOLOGICAL DATA (WS FORM: F-6) , PAGE 2
STATION: ABERDEEN SD
MONTH: MAY
YEAR: 2023
LATITUDE: 45 27 N
LONGITUDE: 98 26 W
[TEMPERATURE DATA] [PRECIPITATION DATA] SYMBOLS USED IN COLUMN 16
AVERAGE MONTHLY: 63.6 TOTAL FOR MONTH: 1.53 1 = FOG OR MIST
DPTR FM NORMAL: 6.3 DPTR FM NORMAL: -1.75 2 = FOG REDUCING VISIBILITY
HIGHEST: 90 ON 30,23 GRTST 24HR 0.72 ON 6- 6 TO 1/4 MILE OR LESS
LOWEST: 30 ON 3 3 = THUNDER
SNOW, ICE PELLETS, HAIL 4 = ICE PELLETS
TOTAL MONTH: 0.0 INCH 5 = HAIL
GRTST 24HR 0.0 6 = FREEZING RAIN OR DRIZZLE
GRTST DEPTH: 0 7 = DUSTSTORM OR SANDSTORM:
VSBY 1/2 MILE OR LESS
8 = SMOKE OR HAZE
[NO. OF DAYS WITH] [WEATHER - DAYS WITH] 9 = BLOWING SNOW
X = TORNADO
MAX 32 OR BELOW: 0 0.01 INCH OR MORE: 8
MAX 90 OR ABOVE: 2 0.10 INCH OR MORE: 4
MIN 32 OR BELOW: 2 0.50 INCH OR MORE: 1
MIN 0 OR BELOW: 0 1.00 INCH OR MORE: 0
[HDD (BASE 65) ]
TOTAL THIS MO. 124 CLEAR (SCALE 0-3) 23
DPTR FM NORMAL -144 PTCLDY (SCALE 4-7) 6
TOTAL FM JUL 1 8761 CLOUDY (SCALE 8-10) 2
DPTR FM NORMAL 592
[CDD (BASE 65) ]
TOTAL THIS MO. 90
DPTR FM NORMAL 59 [PRESSURE DATA]
TOTAL FM JAN 1 90 HIGHEST SLP 30.49 ON 15
DPTR FM NORMAL 58 LOWEST SLP 29.66 ON 29
[REMARKS]
#FINAL-05-23#