000
CXUS51 KPHI 010815
CF6ACY
PRELIMINARY LOCAL CLIMATOLOGICAL DATA (WS FORM: F-6)
STATION: ATLANTIC CITY AIRPORT NJ
MONTH: MARCH
YEAR: 2024
LATITUDE: 39 27 N
LONGITUDE: 74 34 W
TEMPERATURE IN F: :PCPN: SNOW: WIND :SUNSHINE: SKY :PK WND
================================================================================
1 2 3 4 5 6A 6B 7 8 9 10 11 12 13 14 15 16 17 18
12Z AVG MX 2MIN
DY MAX MIN AVG DEP HDD CDD WTR SNW DPTH SPD SPD DIR MIN PSBL S-S WX SPD DR
================================================================================
1 45 21 33 -6 32 0 0.00 0.0 0 6.3 17 120 M M 0 24 120
2 53 43 48 9 17 0 1.77 0.0 0 11.2 24 90 M M 10 1 39 90
3 69 42 56 17 9 0 0.00 0.0 0 6.6 18 300 M M 3 1 26 300
4 60 37 49 10 16 0 0.02 0.0 0 7.9 17 70 M M 5 1 26 50
5 53 43 48 8 17 0 0.79 0.0 0 11.7 23 50 M M 10 1 33 60
6 53 46 50 10 15 0 1.49 0.0 0 6.0 17 40 M M 10 12 24 30
7 56 48 52 12 13 0 0.29 0.0 0 11.1 18 340 M M 10 1 26 20
8 53 38 46 6 19 0 0.00 0.0 0 8.9 16 80 M M 1 21 20
9 55 40 48 7 17 0 1.07 0.0 0 15.9 30 150 M M 9 13 42 170
10 54 35 45 4 20 0 T T 0 19.3 36 270 M M 7 48 270
11 54 38 46 5 19 0 0.00 0.0 0 22.8 39 290 M M 4 57 300
12 68 41 55 14 10 0 0.00 0.0 0 9.9 26 300 M M 0 34 310
13 73 39 56 14 9 0 0.00 0.0 0 4.1 16 270 M M 0 22 200
14 75 43 59 17 6 0 0.00 0.0 0 6.5 14 140 M M 0 23 180
15 74 50 62 20 3 0 0.02 0.0 0 10.5 23 260 M M 4 33 250
16 62 43 53 11 12 0 0.00 0.0 0 8.0 20 220 M M 4 27 190
17 66 49 58 15 7 0 0.00 0.0 0 9.7 24 300 M M 5 31 180
18 53 35 44 1 21 0 0.00 0.0 0 15.4 25 300 M M 3 38 300
19 49 33 41 -2 24 0 0.00 0.0 0 12.1 26 300 M M 3 37 260
20 65 37 51 7 14 0 0.00 0.0 0 14.8 33 310 M M 5 55 230
21 46 26 36 -8 29 0 0.00 0.0 0 12.4 25 310 M M 0 34 320
22 45 23 34 -10 31 0 0.00 0.0 0 7.2 13 130 M M 2 22 110
23 56 33 45 1 20 0 2.69 0.0 0 18.0 30 320 M M 7 1 39 310
24 50 29 40 -5 25 0 0.00 0.0 0 11.9 15 20 M M 0 21 20
25 50 31 41 -4 24 0 0.00 0.0 0 11.0 23 60 M M 0 32 70
26 49 32 41 -4 24 0 0.00 0.0 0 11.1 21 70 M M 7 34 60
27 51 44 48 2 17 0 0.29 0.0 0 4.9 12 100 M M 9 1 16 100
28 50 42 46 0 19 0 1.36 0.0 0 8.3 17 330 M M 10 1 23 320
29 57 38 48 2 17 0 0.00 0.0 0 18.0 33 290 M M 1 42 290
30 62 37 50 3 15 0 0.06 0.0 0 9.5 23 280 M M 3 33 260
31 64 39 52 5 13 0 T 0.0 0 7.5 16 310 M M 1 1 23 300
================================================================================
SM 1770 1175 534 0 9.85 T 338.5 M 133
================================================================================
AV 57.1 37.9 10.9 FASTST M M 4 MAX(MPH)
MISC ----> 39 290 57 300
================================================================================
NOTES:
# LAST OF SEVERAL OCCURRENCES
COLUMN 17 PEAK WIND IN M.P.H.
PRELIMINARY LOCAL CLIMATOLOGICAL DATA (WS FORM: F-6) , PAGE 2
STATION: ATLANTIC CITY AIRPORT NJ
MONTH: MARCH
YEAR: 2024
LATITUDE: 39 27 N
LONGITUDE: 74 34 W
[TEMPERATURE DATA] [PRECIPITATION DATA] SYMBOLS USED IN COLUMN 16
AVERAGE MONTHLY: 47.5 TOTAL FOR MONTH: 9.85 1 = FOG OR MIST
DPTR FM NORMAL: 4.9 DPTR FM NORMAL: 5.33 2 = FOG REDUCING VISIBILITY
HIGHEST: 75 ON 14 GRTST 24HR 2.69 ON 23-23 TO 1/4 MILE OR LESS
LOWEST: 21 ON 1 3 = THUNDER
SNOW, ICE PELLETS, HAIL 4 = ICE PELLETS
TOTAL MONTH: T 5 = HAIL
GRTST 24HR T ON 10-10 6 = FREEZING RAIN OR DRIZZLE
GRTST DEPTH: 0 7 = DUSTSTORM OR SANDSTORM:
VSBY 1/2 MILE OR LESS
8 = SMOKE OR HAZE
[NO. OF DAYS WITH] [WEATHER - DAYS WITH] 9 = BLOWING SNOW
X = TORNADO
MAX 32 OR BELOW: 0 0.01 INCH OR MORE: 11
MAX 90 OR ABOVE: 0 0.10 INCH OR MORE: 8
MIN 32 OR BELOW: 6 0.50 INCH OR MORE: 6
MIN 0 OR BELOW: 0 1.00 INCH OR MORE: 5
[HDD (BASE 65) ]
TOTAL THIS MO. 534 CLEAR (SCALE 0-3) 14
DPTR FM NORMAL -161 PTCLDY (SCALE 4-7) 10
TOTAL FM JUL 1 3694 CLOUDY (SCALE 8-10) 7
DPTR FM NORMAL -444
[CDD (BASE 65) ]
TOTAL THIS MO. 0
DPTR FM NORMAL -1 [PRESSURE DATA]
TOTAL FM JAN 1 0 HIGHEST SLP 30.08 ON 27
DPTR FM NORMAL -1 LOWEST SLP 29.70 ON 31
[REMARKS]
#FINAL-03-24#