000
CXUS51 KPHI 040134
CF6ACY
PRELIMINARY LOCAL CLIMATOLOGICAL DATA (WS FORM: F-6)
STATION: ATLANTIC CITY NJ
MONTH: SEPTEMBER
YEAR: 2022
LATITUDE: 39 27 N
LONGITUDE: 74 34 W
TEMPERATURE IN F: :PCPN: SNOW: WIND :SUNSHINE: SKY :PK WND
================================================================================
1 2 3 4 5 6A 6B 7 8 9 10 11 12 13 14 15 16 17 18
12Z AVG MX 2MIN
DY MAX MIN AVG DEP HDD CDD WTR SNW DPTH SPD SPD DIR MIN PSBL S-S WX SPD DR
================================================================================
1 88 62 75 2 0 10 0.00 0.0 0 6.9 18 290 M M 0 25 290
2 79 58 69 -3 0 4 0.00 0.0 0 5.4 15 80 M M 0 20 60
3 81 61 71 -1 0 6 0.00 0.0 0 4.7 14 120 M M 1 19 130
4 88 64 76 4 0 11 0.00 0.0 0 5.1 15 160 M M 0 22 180
5 84 69 77 5 0 12 0.00 0.0 0 6.4 15 180 M M 2 20 160
6 76 65 71 0 0 6 2.86 0.0 0 9.5 21 100 M M 8 1 29 100
7 74 67 71 0 0 6 0.14 0.0 0 10.8 20 40 M M 10 1 29 40
8 76 60 68 -3 0 3 0.01 0.0 0 6.4 20 50 M M 6 1 25 50
9 77 57 67 -4 0 2 0.00 0.0 0 5.5 16 70 M M 0 23 70
10 79 56 68 -2 0 3 0.00 0.0 0 3.9 12 110 M M 0 17 120
11 80 67 74 4 0 9 0.08 0.0 0 5.6 15 180 M M 8 1 20 170
12 83 73 78 8 0 13 0.02 0.0 0 5.8 13 170 M M 8 12 23 180
13 84 64 74 5 0 9 0.01 0.0 0 6.4 17 250 M M 3 1 29 210
14 81 59 70 1 0 5 0.00 0.0 0 6.9 16 290 M M 0 24 320
15 76 53 65 -4 0 0 0.00 0.0 0 5.9 17 340 M M 0 23 340
16 77 50 64 -4 1 0 0.00 0.0 0 4.7 13 330 M M 0 18 320
17 78 56 67 -1 0 2 0.00 0.0 0 4.6 14 140 M M 1 18 140
18 82 59 71 3 0 6 0.00 0.0 0 6.6 15 220 M M 0 26 220
19 86 69 78 11 0 13 0.00 0.0 0 7.4 18 210 M M 1 27 210
20 82 59 71 4 0 6 0.00 0.0 0 7.5 21 300 M M 1 27 290
21 82 54 68 1 0 3 0.00 0.0 0 4.6 15 200 M M 0 19 180
22 83 55 69 3 0 4 0.23 0.0 0 10.6 26 330 M M 3 1 36 340
23 67 49 58 -8 7 0 0.00 0.0 0 14.5 28 330 M M 1 38 350
24 69 40 55 -11 10 0 0.00 0.0 0 7.4 17 280 M M 1 23 300
25 78 58 68 3 0 3 0.03 0.0 0 8.1 28 300 M M 4 1 35 300
26 77 59 68 3 0 3 0.00 0.0 0 6.9 17 180 M M 3 24 190
27 74 51 63 -1 2 0 0.00 0.0 0 7.9 21 270 M M 1 32 260
28 71 49 60 -4 5 0 0.00 0.0 0 7.7 16 300 M M 1 23 290
29 68 51 60 -4 5 0 0.00 0.0 0 9.4 17 10 M M 0 29 70
30 65 51 58 -5 7 0 0.13 0.0 0 12.4 22 60 M M 5 1 33 50
================================================================================
SM 2345 1745 37 139 3.51 0.0 215.5 M 68
================================================================================
AV 78.2 58.2 7.2 FASTST M M 2 MAX(MPH)
MISC ----> # 28 330 38 350
================================================================================
NOTES:
# LAST OF SEVERAL OCCURRENCES
COLUMN 17 PEAK WIND IN M.P.H.
PRELIMINARY LOCAL CLIMATOLOGICAL DATA (WS FORM: F-6) , PAGE 2
STATION: ATLANTIC CITY NJ
MONTH: SEPTEMBER
YEAR: 2022
LATITUDE: 39 27 N
LONGITUDE: 74 34 W
[TEMPERATURE DATA] [PRECIPITATION DATA] SYMBOLS USED IN COLUMN 16
AVERAGE MONTHLY: 68.2 TOTAL FOR MONTH: 3.51 1 = FOG OR MIST
DPTR FM NORMAL: -0.2 DPTR FM NORMAL: -0.04 2 = FOG REDUCING VISIBILITY
HIGHEST: 88 ON 4, 1 GRTST 24HR 3.00 ON 6- 7 TO 1/4 MILE OR LESS
LOWEST: 40 ON 24 3 = THUNDER
SNOW, ICE PELLETS, HAIL 4 = ICE PELLETS
TOTAL MONTH: 0.0 INCH 5 = HAIL
GRTST 24HR 0.0 6 = FREEZING RAIN OR DRIZZLE
GRTST DEPTH: 0 7 = DUSTSTORM OR SANDSTORM:
VSBY 1/2 MILE OR LESS
8 = SMOKE OR HAZE
[NO. OF DAYS WITH] [WEATHER - DAYS WITH] 9 = BLOWING SNOW
X = TORNADO
MAX 32 OR BELOW: 0 0.01 INCH OR MORE: 9
MAX 90 OR ABOVE: 0 0.10 INCH OR MORE: 4
MIN 32 OR BELOW: 0 0.50 INCH OR MORE: 1
MIN 0 OR BELOW: 0 1.00 INCH OR MORE: 1
[HDD (BASE 65) ]
TOTAL THIS MO. 37 CLEAR (SCALE 0-3) 23
DPTR FM NORMAL -6 PTCLDY (SCALE 4-7) 6
TOTAL FM JUL 1 37 CLOUDY (SCALE 8-10) 1
DPTR FM NORMAL -6
[CDD (BASE 65) ]
TOTAL THIS MO. 139
DPTR FM NORMAL -5 [PRESSURE DATA]
TOTAL FM JAN 1 1263 HIGHEST SLP 30.33 ON 29
DPTR FM NORMAL 151 LOWEST SLP 29.59 ON 22
[REMARKS]
#FINAL-09-22#