000
CXUS51 KPHI 011834
CLMACY
CLIMATE REPORT
NATIONAL WEATHER SERVICE MOUNT HOLLY NJ
234 PM EDT SUN OCT 01 2023
...................................
...THE ATLANTIC CITY AIRPORT NJ CLIMATE SUMMARY FOR THE MONTH OF SEPTEMBER 2023...
CLIMATE NORMAL PERIOD: 1991 TO 2020
CLIMATE RECORD PERIOD: 1943 TO 2023
WEATHER OBSERVED NORMAL DEPART LAST YEAR`S
VALUE DATE(S) VALUE FROM VALUE DATE(S)
NORMAL
................................................................
TEMPERATURE (F)
RECORD
HIGH 99 09/11/1983
LOW 32 09/30/1969
09/24/1967
HIGHEST 97 09/06 89 8 88 09/01
09/04
LOWEST 48 09/17 40 8 40 09/24
AVG. MAXIMUM 78.7 78.5 0.2 78.2
AVG. MINIMUM 60.6 58.2 2.4 58.2
MEAN 69.6 68.4 1.2 68.2
DAYS MAX >= 90 6 1.3 4.7 0
DAYS MAX <= 32 0 0.0 0.0 0
DAYS MIN <= 32 0 0.0 0.0 0
DAYS MIN <= 0 0 0.0 0.0 0
PRECIPITATION (INCHES)
RECORD
MAXIMUM 14.73 1935
MINIMUM 0.01 1941
TOTALS 7.27 3.55 3.72 3.51
DAILY AVG. 0.24 0.12 0.12 0.12
DAYS >= .01 10 8.5 1.5 9
DAYS >= .10 7 5.6 1.4 4
DAYS >= .50 4 2.1 1.9 1
DAYS >= 1.00 1 1.0 0.0 1
GREATEST
24 HR. TOTAL 3.67 09/23 TO 09/23 3.00
SNOWFALL (INCHES)
RECORDS
TOTAL 0.0
24 HR TOTAL MM
TOTALS 0.0 0.0 0.0 0.0
SINCE 7/1 0.0 0.0 0.0 MM
SNOWDEPTH AVG. 0 0
DAYS >= 1.0 0 0.0 0.0 0
GREATEST
SNOW DEPTH 0 0 MM
24 HR TOTAL MM 0.0
DEGREE DAYS
HEATING TOTAL 26 43 -17 37
SINCE 7/1 26 43 -17 MM
COOLING TOTAL 172 144 28 139
SINCE 1/1 1035 1112 -77 MM
................................................................
WIND (MPH)
AVERAGE WIND SPEED 7.8
HIGHEST WIND SPEED/DIRECTION 30/050 DATE 09/23
HIGHEST GUST SPEED/DIRECTION 47/050 DATE 09/23
SKY COVER
POSSIBLE SUNSHINE (PERCENT) MM
AVERAGE SKY COVER 0.38
NUMBER OF DAYS FAIR 17
NUMBER OF DAYS PC 5
NUMBER OF DAYS CLOUDY 8
AVERAGE RH (PERCENT) 75
WEATHER CONDITIONS. NUMBER OF DAYS WITH
THUNDERSTORM 7 MIXED PRECIP 0
HEAVY RAIN 6 RAIN 6
LIGHT RAIN 14 FREEZING RAIN 0
LT FREEZING RAIN 0 HEAVY SNOW 0
SNOW 0 LIGHT SNOW 0
SLEET 0 FOG 16
FOG W/VIS <= 1/4 MILE 2 HAZE 1
- INDICATES NEGATIVE NUMBERS.
R INDICATES RECORD WAS SET OR TIED.
MM INDICATES DATA IS MISSING.
T INDICATES TRACE AMOUNT.
$$