000
CXUS54 KLZK 011230
CF6ADF
PRELIMINARY LOCAL CLIMATOLOGICAL DATA (WS FORM: F-6)
STATION: ARKADELPHIA AIRPORT
MONTH: MAY
YEAR: 2023
LATITUDE: 34 9 N
LONGITUDE: 93 4 W
TEMPERATURE IN F: :PCPN: SNOW: WIND :SUNSHINE: SKY :PK WND
================================================================================
1 2 3 4 5 6A 6B 7 8 9 10 11 12 13 14 15 16 17 18
12Z AVG MX 2MIN
DY MAX MIN AVG DEP HDD CDD WTR SNW DPTH SPD SPD DIR MIN PSBL S-S WX SPD DR
================================================================================
1 74 43 59 -7 6 0 0.00 M M 5.0 13 350 M M 0 20 310
2 79 45 62 -4 3 0 0.00 M M 5.2 15 310 M M 0 21 300
3 77 44 61 -5 4 0 0.00 M M 0.6 5 30 M M 1 8 M M
4 78 49 64 -3 1 0 T M M 2.1 8 160 M M 3 M M
5 74 58 66 -1 0 1 0.36 M M 2.9 13 170 M M 9 3 20 170
6 90 68 79 12 0 14 0.00 M M 4.3 10 170 M M 6 1 16 190
7 84 66 75 7 0 10 0.02 M M 6.2 13 210 M M 0 36 250
8 88 69 79 11 0 14 0.00 M M 5.3 10 240 M M 0 1 M M
9 89 62 76 8 0 11 0.00 M M 1.7 6 180 M M 0 M M
10 79 66 73 5 0 8 2.50 M M 2.2 10 360 M M 2 1 M M
11 76 69 73 4 0 8 0.54 M M 5.4 10 180 M M 10 1 16 170
12 86 67 77 8 0 12 0.88 M M 4.2 14 310 M M 7 13 17 310
13 88 72 80 11 0 15 0.00 M M 3.0 9 200 M M 5 18 M M
14 89 70 80 10 0 15 0.00 M M 1.8 6 99 M M 1 1 M M
15 86 67 77 7 0 12 0.00 M M 4.1 10 200 M M 1 M M
16 86 68 77 7 0 12 T M M 4.6 14 240 M M 4 18 240
17 79 64 72 2 0 7 T M M 3.7 9 10 M M 8 12 M M
18 85 61 73 2 0 8 0.00 M M 0.6 5 99 M M 2 12 M M
19 87 62 75 4 0 10 1.56 M M 1.7 20 310 M M 4 13 37 330
20 76 62 69 -2 0 4 T M M 4.0 14 360 M M 8 17 10
21 73 57 65 -6 0 0 0.00 M M 2.0 6 40 M M 0 M M
22 81 58 70 -2 0 5 0.00 M M 1.2 6 360 M M 1 1 M M
23 86 57 72 0 0 7 0.00 M M 1.7 7 30 M M 2 1 M M
24 81 63 72 0 0 7 0.00 M M 2.3 7 80 M M 2 M M
25 85 60 73 1 0 8 0.00 M M 2.0 7 99 M M 0 18 M M
26 84 61 73 0 0 8 0.00 M M 3.5 8 360 M M 0 M M
27 83 53 68 -5 0 3 0.00 M M 3.3 10 30 M M 0 M M
28 85 55 70 -3 0 5 0.00 M M 0.9 5 99 M M 0 M M
29 87 58 73 -1 0 8 0.00 M M 0.5 5 40 M M 0 18 M M
30 88 60 74 0 0 9 0.00 M M 0.8 5 99 M M 0 1 M M
31 89 61 75 1 0 10 0.00 M M 0.8 5 99 M M 0 1 M M
================================================================================
SM 2572 1875 14 231 5.86 M 87.5 M 76
================================================================================
AV 83.0 60.5 2.8 FASTST M M 2 MAX(MPH)
MISC ----> 20 310 37 330
================================================================================
NOTES:
# LAST OF SEVERAL OCCURRENCES
COLUMN 17 PEAK WIND IN M.P.H.
PRELIMINARY LOCAL CLIMATOLOGICAL DATA (WS FORM: F-6) , PAGE 2
STATION: ARKADELPHIA AIRPORT
MONTH: MAY
YEAR: 2023
LATITUDE: 34 9 N
LONGITUDE: 93 4 W
[TEMPERATURE DATA] [PRECIPITATION DATA] SYMBOLS USED IN COLUMN 16
AVERAGE MONTHLY: 71.7 TOTAL FOR MONTH: 5.86 1 = FOG OR MIST
DPTR FM NORMAL: 1.7 DPTR FM NORMAL: -0.56 2 = FOG REDUCING VISIBILITY
HIGHEST: 90 ON 6 GRTST 24HR 2.50 ON 10-10 TO 1/4 MILE OR LESS
LOWEST: 43 ON 1 3 = THUNDER
SNOW, ICE PELLETS, HAIL 4 = ICE PELLETS
TOTAL MONTH: M 5 = HAIL
GRTST 24HR M ON M 6 = FREEZING RAIN OR DRIZZLE
GRTST DEPTH: M ON M 7 = DUSTSTORM OR SANDSTORM:
VSBY 1/2 MILE OR LESS
8 = SMOKE OR HAZE
[NO. OF DAYS WITH] [WEATHER - DAYS WITH] 9 = BLOWING SNOW
X = TORNADO
MAX 32 OR BELOW: 0 0.01 INCH OR MORE: 6
MAX 90 OR ABOVE: 1 0.10 INCH OR MORE: 5
MIN 32 OR BELOW: 0 0.50 INCH OR MORE: 4
MIN 0 OR BELOW: 0 1.00 INCH OR MORE: 2
[HDD (BASE 65) ]
TOTAL THIS MO. 14 CLEAR (SCALE 0-3) 22
DPTR FM NORMAL -8 PTCLDY (SCALE 4-7) 7
TOTAL FM JUL 1 2126 CLOUDY (SCALE 8-10) 2
DPTR FM NORMAL -900
[CDD (BASE 65) ]
TOTAL THIS MO. 231
DPTR FM NORMAL 54 [PRESSURE DATA]
TOTAL FM JAN 1 290 HIGHEST SLP M ON M
DPTR FM NORMAL 53 LOWEST SLP M ON M
[REMARKS]
#FINAL-05-23#