000
CXAK58 PADQ 011025
CLMADQ
CLIMATE REPORT
NATIONAL WEATHER SERVICE ANCHORAGE, AK
225 AM AKDT FRI SEP 01 2023
...................................
...THE KODIAK CLIMATE SUMMARY FOR THE MONTH OF AUGUST 2023...
CLIMATE NORMAL PERIOD: 1991 TO 2020
CLIMATE RECORD PERIOD: 1913 TO 2023
WEATHER OBSERVED NORMAL DEPART LAST YEAR`S
VALUE DATE(S) VALUE FROM VALUE
NORMAL
..............................................................
TEMPERATURE (F)
RECORD
HIGH 86 MM
LOW 40 08/18/2023
HIGHEST 70 MM MM 73
LOWEST 40R MM MM 46
AVG. MAXIMUM 61.1 62.8 -1.7 62.0
AVG. MINIMUM 49.8 50.3 -0.5 52.7
MEAN 55.5 56.5 -1.0 57.4
DAYS MAX >= 90 0 0.0 0.0 1
DAYS MAX <= 32 0 0.0 0.0 0
DAYS MIN <= 32 0 0.0 0.0 0
DAYS MIN <= 0 0 0.0 0.0 0
PRECIPITATION (INCHES)
RECORD
MAXIMUM 9.38 2022
MINIMUM 2.28 2021
TOTALS 4.39 4.90 -0.51 9.38
DAILY AVG. 0.15 0.16 -0.01 0.30
DAYS >= .01 19 14.8 4.2 21
DAYS >= .10 11 8.6 2.4 15
DAYS >= .50 3 3.1 -0.1 7
DAYS >= 1.00 2 1.3 0.7 4
GREATEST
24 HR. TOTAL 1.38 08/11 TO 08/12 1.92
STORM TOTAL 1.21 1.90
(MM/DD(HH))
DEGREE DAYS
HEATING TOTAL 286 265 21 230
SINCE 7/1 595 542 53 MM
COOLING TOTAL 0 3 -3 0
SINCE 1/1 0 7 -7 MM
FREEZE DATES
RECORD
EARLIEST MM
LATEST MM
EARLIEST MM
LATEST 05/17
..............................................................
WIND (MPH)
AVERAGE WIND SPEED 6.9
RESULTANT WIND SPEED/DIRECTION 1/070
HIGHEST WIND SPEED/DIRECTION 36/030 DATE 08/12
HIGHEST GUST SPEED/DIRECTION 52/010 DATE 08/12
SKY COVER
POSSIBLE SUNSHINE (PERCENT) MM
AVERAGE SKY COVER 0.69
NUMBER OF DAYS FAIR 5
NUMBER OF DAYS PC 9
NUMBER OF DAYS CLOUDY 17
AVERAGE RH (PERCENT) 85
WEATHER CONDITIONS. NUMBER OF DAYS WITH
THUNDERSTORM 0 MIXED PRECIP 0
HEAVY RAIN 3 RAIN 7
LIGHT RAIN 20 FREEZING RAIN 0
LT FREEZING RAIN 0 HAIL 0
HEAVY SNOW 0 SNOW 0
LIGHT SNOW 0 SLEET 0
FOG 20 FOG W/VIS <= 1/4 MILE 1
HAZE 0
- INDICATES NEGATIVE NUMBERS.
R INDICATES RECORD WAS SET OR TIED.
MM INDICATES DATA IS MISSING.
T INDICATES TRACE AMOUNT.
$$