000
CXUS54 KLCH 011332
CF6AEX
PRELIMINARY LOCAL CLIMATOLOGICAL DATA (WS FORM: F-6)
STATION: ALEXANDRIA
MONTH: MAY
YEAR: 2021
LATITUDE: 31 19 N
LONGITUDE: 92 33 W
TEMPERATURE IN F: :PCPN: SNOW: WIND :SUNSHINE: SKY :PK WND
================================================================================
1 2 3 4 5 6A 6B 7 8 9 10 11 12 13 14 15 16 17 18
12Z AVG MX 2MIN
DY MAX MIN AVG DEP HDD CDD WTR SNW DPTH SPD SPD DIR MIN PSBL S-S WX SPD DR
================================================================================
1 76 64 70 0 0 5 0.04 0.0 M 5.8 13 130 M M 6 16 120
2 81 68 75 4 0 10 0.11 0.0 M 10.7 21 190 M M 7 13 30 160
3 87 73 80 9 0 15 0.00 0.0 M 11.2 21 180 M M 7 18 29 180
4 80 66 73 2 0 8 0.73 0.0 M 6.0 18 320 M M 8 138 31 330
5 77 58 68 -4 0 3 0.00 0.0 M 6.8 14 350 M M 4 19 350
6 83 56 70 -2 0 5 0.00 0.0 M 3.6 13 30 M M 0 19 20
7 85 58 72 0 0 7 0.00 0.0 M 3.6 9 100 M M 0 1 13 80
8 88 60 74 2 0 9 0.00 0.0 M 10.9 23 180 M M 0 38 200
9 86 65 76 3 0 11 0.93 0.0 M 9.7 38 290 M M 6 13 47 290
10 80 66 73 0 0 8 0.67 0.0 M 7.1 22 320 M M 9 13 29 320
11 79 64 72 -1 0 7 0.96 0.0 M 8.5 40 320 M M 7 13 55 330
12 69 63 66 -8 0 1 0.02 0.0 M 6.4 13 20 M M 10 1 20 10
13 79 59 69 -5 0 4 0.00 0.0 M 6.5 17 20 M M 2 22 20
14 80 54 67 -7 0 2 0.00 0.0 M 3.5 8 50 M M 0 13 140
15 82 59 71 -3 0 6 0.00 0.0 M 5.7 15 140 M M 1 20 160
16 84 65 75 0 0 10 T 0.0 M 9.4 21 130 M M 4 28 140
17 73 67 70 -5 0 5 1.46 0.0 M 9.9 21 130 M M 8 1 29 130
18 76 68 72 -3 0 7 T 0.0 M 6.9 20 130 M M 5 1 27 100
19 83 70 77 1 0 12 0.13 0.0 0 12.7 29 120 M M 8 13 39 120
20 77 69 73 -3 0 8 1.56 0.0 M 11.8 29 130 M M 8 13 41 120
21 79 71 75 -1 0 10 0.08 0.0 M 11.0 23 120 M M 9 1 33 130
22 86 68 77 1 0 12 0.00 0.0 0 8.9 20 130 M M 3 26 140
23 83 64 74 -2 0 9 0.00 0.0 M 6.2 14 150 M M 1 19 140
24 85 69 77 0 0 12 0.01 0.0 M 4.0 13 130 M M 1 1 17 130
25 88 67 78 1 0 13 0.14 0.0 M 7.3 33 280 M M 5 1 45 280
26 90 66 78 1 0 13 T 0.0 M 3.4 16 20 M M 2 128 25 30
27 91 72 82 5 0 17 0.00 0.0 M 6.8 17 180 M M 2 1 23 220
28 82 68 75 -3 0 10 0.11 0.0 M 5.3 29 310 M M 3 1 47 330
29 84 65 75 -3 0 10 0.00 0.0 M 5.9 15 50 M M 3 18 22 50
30 82 58 70 -8 0 5 0.00 0.0 M 5.8 13 60 M M 0 19 40
31 86 61 74 -4 0 9 0.00 0.0 M 5.0 13 110 M M 1 18 140
================================================================================
SM 2541 2001 0 263 6.95 0.0 226.3 M 130
================================================================================
AV 82.0 64.5 7.3 FASTST M M 4 MAX(MPH)
MISC ----> 40 320 55 330
================================================================================
NOTES:
# LAST OF SEVERAL OCCURRENCES
COLUMN 17 PEAK WIND IN M.P.H.
PRELIMINARY LOCAL CLIMATOLOGICAL DATA (WS FORM: F-6) , PAGE 2
STATION: ALEXANDRIA
MONTH: MAY
YEAR: 2021
LATITUDE: 31 19 N
LONGITUDE: 92 33 W
[TEMPERATURE DATA] [PRECIPITATION DATA] SYMBOLS USED IN COLUMN 16
AVERAGE MONTHLY: 73.3 TOTAL FOR MONTH: 6.95 1 = FOG OR MIST
DPTR FM NORMAL: -1.3 DPTR FM NORMAL: 3.01 2 = FOG REDUCING VISIBILITY
HIGHEST: 91 ON 27 GRTST 24HR 1.60 ON 9-10 TO 1/4 MILE OR LESS
LOWEST: 54 ON 14 3 = THUNDER
SNOW, ICE PELLETS, HAIL 4 = ICE PELLETS
TOTAL MONTH: 0.0 INCH 5 = HAIL
GRTST 24HR 0.0 6 = FREEZING RAIN OR DRIZZLE
GRTST DEPTH: 0 7 = DUSTSTORM OR SANDSTORM:
VSBY 1/2 MILE OR LESS
8 = SMOKE OR HAZE
[NO. OF DAYS WITH] [WEATHER - DAYS WITH] 9 = BLOWING SNOW
X = TORNADO
MAX 32 OR BELOW: 0 0.01 INCH OR MORE: 14
MAX 90 OR ABOVE: 2 0.10 INCH OR MORE: 10
MIN 32 OR BELOW: 0 0.50 INCH OR MORE: 6
MIN 0 OR BELOW: 0 1.00 INCH OR MORE: 2
[HDD (BASE 65) ]
TOTAL THIS MO. 0 CLEAR (SCALE 0-3) 13
DPTR FM NORMAL -6 PTCLDY (SCALE 4-7) 13
TOTAL FM JUL 1 1961 CLOUDY (SCALE 8-10) 5
DPTR FM NORMAL 72
[CDD (BASE 65) ]
TOTAL THIS MO. 263
DPTR FM NORMAL -39 [PRESSURE DATA]
TOTAL FM JAN 1 472 HIGHEST SLP 30.27 ON 14
DPTR FM NORMAL -5 LOWEST SLP 29.61 ON 2
[REMARKS]
#FINAL-05-21#