000
CXUS54 KFWD 010731
CF6AFW
PRELIMINARY LOCAL CLIMATOLOGICAL DATA (WS FORM: F-6)
STATION: FORT WORTH ALLIANCE
MONTH: JULY
YEAR: 2021
LATITUDE: 32 58 N
LONGITUDE: 97 19 W
TEMPERATURE IN F: :PCPN: SNOW: WIND :SUNSHINE: SKY :PK WND
================================================================================
1 2 3 4 5 6A 6B 7 8 9 10 11 12 13 14 15 16 17 18
12Z AVG MX 2MIN
DY MAX MIN AVG DEP HDD CDD WTR SNW DPTH SPD SPD DIR MIN PSBL S-S WX SPD DR
================================================================================
1 96 76 86 1 0 21 0.10 M M 5.6 31 360 M M 6 13 40 10
2 88 75 82 -3 0 17 0.08 M M 7.2 17 10 M M 8 1 25 10
3 86 76 81 -4 0 16 0.02 M M 9.0 18 60 M M 8 1 24 70
4 88 76 82 -3 0 17 0.00 M M 6.9 14 110 M M 7 8 19 120
5 90 75 83 -2 0 18 T M M 9.1 22 150 M M 7 8 27 150
6 93 73 83 -3 0 18 0.17 M M 5.4 28 140 M M 5 13 35 140
7 94 73 84 -2 0 19 0.00 M M 3.3 17 120 M M 3 3 21 120
8 93 75 84 -2 0 19 0.00 M M 7.9 21 170 M M 2 28 160
9 88 75 82 -4 0 17 T M M 12.8 26 140 M M 6 33 140
10 94 75 85 -1 0 20 0.00 M M 13.2 25 190 M M 6 35 190
11 92 70 81 -5 0 16 0.27 M M 7.5 25 310 M M 6 138 38 320
12 91 72 82 -4 0 17 0.13 M M 6.2 23 150 M M 4 3 30 160
13 93 71 82 -4 0 17 0.00 M M 10.1 21 170 M M 2 26 160
14 93 70 82 -4 0 17 T M M 13.6 32 170 M M 3 40 160
15 93 73 83 -4 0 18 0.00 M M 14.5 23 170 M M 5 36 160
16 94 78 86 -1 0 21 0.00 M M 12.9 18 160 M M 6 25 190
17 93 79 86 -1 0 21 0.00 M M 12.7 20 170 M M 6 24 160
18 95 75 85 -2 0 20 0.80 M M 5.9 20 230 M M 8 1 26 230
19 89 74 82 -5 0 17 0.11 M M 6.4 16 60 M M 6 1 22 60
20 90 71 81 -6 0 16 T M M 7.5 15 30 M M 4 37 30
21 91 70 81 -6 0 16 0.00 M M 6.0 13 70 M M 2 19 20
22 93 70 82 -5 0 17 0.00 M M 6.9 20 150 M M 3 18 23 150
23 95 76 86 -2 0 21 0.00 M M 13.8 20 170 M M 5 28 210
24 98 78 88 0 0 23 0.00 M M 11.3 18 180 M M 1 24 200
25 99 77 88 0 0 23 0.00 M M 8.7 15 160 M M 1 23 140
26 101 76 89 1 0 24 0.00 M M 5.3 14 160 M M 2 17 150
27 100 79 90 2 0 25 T M M 5.1 15 140 M M 5 3 22 120
28 97 79 88 0 0 23 0.07 M M 4.9 28 190 M M 6 3 36 160
29 99 77 88 0 0 23 0.00 M M 4.8 13 180 M M 4 17 110
30 98 80 89 1 0 24 0.00 M M 5.1 17 160 M M 4 22 160
31 99 79 89 1 0 24 0.00 M M 7.8 16 160 M M 2 25 180
================================================================================
SM 2903 2323 0 605 1.75 M 257.4 M 143
================================================================================
AV 93.6 74.9 8.3 FASTST M M 5 MAX(MPH)
MISC ----> 32 170 # 40 10
================================================================================
NOTES:
# LAST OF SEVERAL OCCURRENCES
COLUMN 17 PEAK WIND IN M.P.H.
PRELIMINARY LOCAL CLIMATOLOGICAL DATA (WS FORM: F-6) , PAGE 2
STATION: FORT WORTH ALLIANCE
MONTH: JULY
YEAR: 2021
LATITUDE: 32 58 N
LONGITUDE: 97 19 W
[TEMPERATURE DATA] [PRECIPITATION DATA] SYMBOLS USED IN COLUMN 16
AVERAGE MONTHLY: 84.3 TOTAL FOR MONTH: 1.75 1 = FOG OR MIST
DPTR FM NORMAL: -2.4 DPTR FM NORMAL: -0.67 2 = FOG REDUCING VISIBILITY
HIGHEST: 101 ON 26 GRTST 24HR 0.80 ON 18-18 TO 1/4 MILE OR LESS
LOWEST: 70 ON 22,21 3 = THUNDER
SNOW, ICE PELLETS, HAIL 4 = ICE PELLETS
TOTAL MONTH: M 5 = HAIL
GRTST 24HR M ON M 6 = FREEZING RAIN OR DRIZZLE
GRTST DEPTH: M ON M 7 = DUSTSTORM OR SANDSTORM:
VSBY 1/2 MILE OR LESS
8 = SMOKE OR HAZE
[NO. OF DAYS WITH] [WEATHER - DAYS WITH] 9 = BLOWING SNOW
X = TORNADO
MAX 32 OR BELOW: 0 0.01 INCH OR MORE: 9
MAX 90 OR ABOVE: 26 0.10 INCH OR MORE: 6
MIN 32 OR BELOW: 0 0.50 INCH OR MORE: 1
MIN 0 OR BELOW: 0 1.00 INCH OR MORE: 0
[HDD (BASE 65) ]
TOTAL THIS MO. 0 CLEAR (SCALE 0-3) 7
DPTR FM NORMAL 0 PTCLDY (SCALE 4-7) 23
TOTAL FM JUL 1 0 CLOUDY (SCALE 8-10) 1
DPTR FM NORMAL 0
[CDD (BASE 65) ]
TOTAL THIS MO. 605
DPTR FM NORMAL -66 [PRESSURE DATA]
TOTAL FM JAN 1 1397 HIGHEST SLP M ON M
DPTR FM NORMAL -268 LOWEST SLP 29.79 ON 11
[REMARKS]
#FINAL-07-21#