000
CXUS52 KFFC 011110
CF6AHN
PRELIMINARY LOCAL CLIMATOLOGICAL DATA (WS FORM: F-6)
STATION: ATHENS
MONTH: FEBRUARY
YEAR: 2022
LATITUDE: 33 57 N
LONGITUDE: 83 19 W
TEMPERATURE IN F: :PCPN: SNOW: WIND :SUNSHINE: SKY :PK WND
================================================================================
1 2 3 4 5 6A 6B 7 8 9 10 11 12 13 14 15 16 17 18
12Z AVG MX 2MIN
DY MAX MIN AVG DEP HDD CDD WTR SNW DPTH SPD SPD DIR MIN PSBL S-S WX SPD DR
================================================================================
1 58 28 43 -2 22 0 0.00 0.0 M 8.1 14 60 M M 1 19 110
2 51 38 45 -1 20 0 T M M 9.6 16 60 M M 7 23 60
3 64 44 54 8 11 0 0.47 M M 6.3 14 70 M M 10 1 20 190
4 64 37 51 5 14 0 1.12 M M 7.9 17 280 M M 7 13 30 270
5 50 30 40 -6 25 0 0.00 0.0 M 7.0 15 290 M M 0 26 310
6 49 28 39 -7 26 0 0.00 0.0 M 9.2 17 80 M M 3 25 100
7 49 36 43 -3 22 0 0.02 M M 4.0 14 30 M M 6 18 19 20
8 59 35 47 1 18 0 0.00 0.0 M 4.2 10 330 M M 0 15 60
9 63 28 46 -1 19 0 0.00 0.0 M 3.3 12 260 M M 0 20 260
10 68 35 52 5 13 0 0.00 0.0 M 4.4 15 300 M M 0 30 280
11 70 35 53 6 12 0 0.00 0.0 M 2.7 14 230 M M 0 26 170
12 72 36 54 7 11 0 0.00 0.0 M 2.4 14 310 M M 0 20 210
13 54 35 45 -3 20 0 0.02 M M 8.6 20 310 M M 1 33 290
14 57 31 44 -4 21 0 0.00 0.0 M 6.4 16 300 M M 0 24 270
15 61 29 45 -3 20 0 0.00 0.0 M 4.1 10 70 M M 0 14 120
16 71 36 54 6 11 0 0.00 0.0 M 6.9 12 190 M M 4 22 160
17 73 53 63 15 2 0 0.02 0.0 M 6.9 20 210 M M 8 37 220
18 69 34 52 4 13 0 1.04 M M 9.0 17 300 M M 4 1 31 240
19 61 29 45 -4 20 0 0.00 0.0 M 7.2 14 290 M M 0 23 330
20 60 29 45 -4 20 0 0.00 0.0 M 5.3 15 90 M M 0 22 70
21 61 38 50 1 15 0 0.47 0.0 M 3.4 9 60 M M 7 1 13 70
22 74 53 64 14 1 0 0.06 0.0 M 3.6 10 240 M M 7 12 17 250
23 78 57 68 18 0 3 0.26 0.0 M 3.1 10 230 M M 4 1 17 220
24 80 56 68 18 0 3 0.00 0.0 M 3.2 13 230 M M 4 12 22 220
25 70 47 59 9 6 0 T M M 7.2 14 300 M M 4 23 270
26 68 42 55 5 10 0 0.00 0.0 M 6.0 14 70 M M 6 20 60
27 56 47 52 1 13 0 0.52 M M 5.5 14 80 M M 10 1 20 70
28 63 42 53 2 12 0 0.00 0.0 M 3.8 10 50 M M 4 1 16 70
================================================================================
SM 1773 1068 397 6 4.00 0.0 159.3 M 97
================================================================================
AV 63.3 38.1 5.7 FASTST M M 3 MAX(MPH)
MISC ----> # 20 310 37 220
================================================================================
NOTES:
# LAST OF SEVERAL OCCURRENCES
COLUMN 17 PEAK WIND IN M.P.H.
PRELIMINARY LOCAL CLIMATOLOGICAL DATA (WS FORM: F-6) , PAGE 2
STATION: ATHENS
MONTH: FEBRUARY
YEAR: 2022
LATITUDE: 33 57 N
LONGITUDE: 83 19 W
[TEMPERATURE DATA] [PRECIPITATION DATA] SYMBOLS USED IN COLUMN 16
AVERAGE MONTHLY: 50.7 TOTAL FOR MONTH: 4.00 1 = FOG OR MIST
DPTR FM NORMAL: 2.8 DPTR FM NORMAL: -0.36 2 = FOG REDUCING VISIBILITY
HIGHEST: 80 ON 24 GRTST 24HR 1.43 ON 3- 4 TO 1/4 MILE OR LESS
LOWEST: 28 ON 9, 6 3 = THUNDER
SNOW, ICE PELLETS, HAIL 4 = ICE PELLETS
TOTAL MONTH: 0.0 INCH 5 = HAIL
GRTST 24HR 0.0 6 = FREEZING RAIN OR DRIZZLE
GRTST DEPTH: M ON M 7 = DUSTSTORM OR SANDSTORM:
VSBY 1/2 MILE OR LESS
8 = SMOKE OR HAZE
[NO. OF DAYS WITH] [WEATHER - DAYS WITH] 9 = BLOWING SNOW
X = TORNADO
MAX 32 OR BELOW: 0 0.01 INCH OR MORE: 10
MAX 90 OR ABOVE: 0 0.10 INCH OR MORE: 6
MIN 32 OR BELOW: 8 0.50 INCH OR MORE: 3
MIN 0 OR BELOW: 0 1.00 INCH OR MORE: 2
[HDD (BASE 65) ]
TOTAL THIS MO. 397 CLEAR (SCALE 0-3) 12
DPTR FM NORMAL -83 PTCLDY (SCALE 4-7) 14
TOTAL FM JUL 1 1746 CLOUDY (SCALE 8-10) 2
DPTR FM NORMAL -435
[CDD (BASE 65) ]
TOTAL THIS MO. 6
DPTR FM NORMAL 4 [PRESSURE DATA]
TOTAL FM JAN 1 12 HIGHEST SLP 30.60 ON 15
DPTR FM NORMAL 12 LOWEST SLP 29.80 ON 18
[REMARKS]
#FINAL-02-22#