000
CXUS52 KFFC 030100
CLMAHN
CLIMATE REPORT
NATIONAL WEATHER SERVICE PEACHTREE CITY GA
800 PM EST FRI FEB 02 2024
...................................
...THE ATHENS CLIMATE SUMMARY FOR THE MONTH OF JANUARY 2024...
CLIMATE NORMAL PERIOD: 1991 TO 2020
CLIMATE RECORD PERIOD: 1898 TO 2024
WEATHER OBSERVED NORMAL DEPART LAST YEAR`S
VALUE DATE(S) VALUE FROM VALUE DATE(S)
NORMAL
................................................................
TEMPERATURE (F)
RECORD
HIGH 80 MM
LOW -4 MM
HIGHEST 74 01/25 80 -6 73 01/19
LOWEST 13 01/21 -4 17 25 01/15
AVG. MAXIMUM 53.7 54.7 -1.0 59.3
AVG. MINIMUM 32.8 33.8 -1.0 39.4
MEAN 43.3 44.3 -1.0 49.3
DAYS MAX >= 90 0 0.0 0.0 0
DAYS MAX <= 32 0 0.4 -0.4 0
DAYS MIN <= 32 15 14.9 0.1 8
DAYS MIN <= 0 0 0.0 0.0 0
PRECIPITATION (INCHES)
RECORD
MAXIMUM 12.83 1936
MINIMUM 0.64 1981
TOTALS 10.44 4.36 6.08 9.00
DAILY AVG. 0.34 0.14 0.20 0.29
GREATEST
24 HR. TOTAL 4.86 01/08 TO 01/09 4.77 01/03 TO 01/04
SNOWFALL (INCHES)
RECORDS
TOTAL T 2008
24 HR TOTAL T MM
TOTALS 0.0 MM MM 0.0
SINCE 7/1 0.0 MM MM MM
SNOWDEPTH AVG. MM MM
DAYS >= TRACE 0 MM MM 0
DAYS >= 1.0 0 MM MM 0
GREATEST
24 HR TOTAL MM MM
DEGREE DAYS
HEATING TOTAL 669 644 25 478
SINCE 7/1 1618 1701 -83 MM
................................................................
WIND (MPH)
AVERAGE WIND SPEED 6.4
HIGHEST WIND SPEED/DIRECTION 24/290 DATE 01/09
24/310 01/19
HIGHEST GUST SPEED/DIRECTION 42/280 DATE 01/10
SKY COVER
POSSIBLE SUNSHINE (PERCENT) MM
AVERAGE SKY COVER 0.36
NUMBER OF DAYS FAIR 18
NUMBER OF DAYS PC 6
NUMBER OF DAYS CLOUDY 7
AVERAGE RH (PERCENT) 65
WEATHER CONDITIONS. NUMBER OF DAYS WITH
THUNDERSTORM 4 MIXED PRECIP 0
HEAVY RAIN 5 RAIN 6
LIGHT RAIN 11 FREEZING RAIN 0
LT FREEZING RAIN 0 HAIL 0
HEAVY SNOW 0 SNOW 0
LIGHT SNOW 0 SLEET 0
FOG 12 FOG W/VIS <= 1/4 MILE 4
HAZE 1
- INDICATES NEGATIVE NUMBERS.
R INDICATES RECORD WAS SET OR TIED.
MM INDICATES DATA IS MISSING.
T INDICATES TRACE AMOUNT.
$$