000
CXUS52 KFFC 052300
CLMAHN
CLIMATE REPORT
NATIONAL WEATHER SERVICE PEACHTREE CITY GA
600 PM EST TUE MAR 05 2024
...................................
...THE ATHENS CLIMATE SUMMARY FOR THE MONTH OF FEBRUARY 2024...
CLIMATE NORMAL PERIOD: 1991 TO 2020
CLIMATE RECORD PERIOD: 1898 TO 2024
WEATHER OBSERVED NORMAL DEPART LAST YEAR`S
VALUE DATE(S) VALUE FROM VALUE DATE(S)
NORMAL
................................................................
TEMPERATURE (F)
RECORD
HIGH 83 02/24/2018
02/22/2018
01/28/2537228
LOW -3 02/12/1899
HIGHEST 77 02/28 81 -4 81 02/22
LOWEST 28 02/25 7 21 28 02/04
02/18
AVG. MAXIMUM 62.4 58.9 3.5 66.2
AVG. MINIMUM 38.6 36.9 1.7 44.2
MEAN 50.5 47.9 2.6 55.2
DAYS MAX >= 90 0 0.0 0.0 0
DAYS MAX <= 32 0 0.1 -0.1 0
DAYS MIN <= 32 8 9.4 -1.4 3
DAYS MIN <= 0 0 0.0 0.0 0
PRECIPITATION (INCHES)
RECORD
MAXIMUM 11.25 1929
MINIMUM 0.66 1898
TOTALS 5.03 4.36 0.67 3.12
DAILY AVG. 0.17 NAN NAN 0.11
GREATEST
24 HR. TOTAL 3.73 02/11 TO 02/12 1.25 02/11 TO 02/12
SNOWFALL (INCHES)
RECORDS
TOTAL T 2016
24 HR TOTAL T 02/10/2016 TO 02/10/2016
02/25/2015 TO 02/25/2015
02/25/2015 TO 02/14/2012
TOTALS 0.0 MM MM 0.0
SINCE 7/1 0.0 MM MM MM
SNOWDEPTH AVG. MM MM
DAYS >= TRACE 0 MM MM 0
DAYS >= 1.0 0 MM MM 0
GREATEST
24 HR TOTAL MM MM
DEGREE DAYS
HEATING TOTAL 414 480 -66 287
SINCE 7/1 2032 2209 -177 MM
................................................................
WIND (MPH)
AVERAGE WIND SPEED 5.4
HIGHEST WIND SPEED/DIRECTION 26/300 DATE 02/24
HIGHEST GUST SPEED/DIRECTION 41/310 DATE 02/28
SKY COVER
POSSIBLE SUNSHINE (PERCENT) MM
AVERAGE SKY COVER 0.22
NUMBER OF DAYS FAIR 21
NUMBER OF DAYS PC 6
NUMBER OF DAYS CLOUDY 2
AVERAGE RH (PERCENT) 58
WEATHER CONDITIONS. NUMBER OF DAYS WITH
THUNDERSTORM 2 MIXED PRECIP 0
HEAVY RAIN 4 RAIN 5
LIGHT RAIN 8 FREEZING RAIN 0
LT FREEZING RAIN 0 HAIL 0
HEAVY SNOW 0 SNOW 0
LIGHT SNOW 0 SLEET 0
FOG 8 FOG W/VIS <= 1/4 MILE 0
HAZE 5
- INDICATES NEGATIVE NUMBERS.
R INDICATES RECORD WAS SET OR TIED.
MM INDICATES DATA IS MISSING.
T INDICATES TRACE AMOUNT.
$$