000
CXUS55 KCYS 041532
CF6AIA
PRELIMINARY LOCAL CLIMATOLOGICAL DATA (WS FORM: F-6)
STATION: ALLIANCE NEBRASKA AIRPORT
MONTH: JULY
YEAR: 2023
LATITUDE: 42 2 N
LONGITUDE: 102 48 W
TEMPERATURE IN F: :PCPN: SNOW: WIND :SUNSHINE: SKY :PK WND
================================================================================
1 2 3 4 5 6A 6B 7 8 9 10 11 12 13 14 15 16 17 18
12Z AVG MX 2MIN
DY MAX MIN AVG DEP HDD CDD WTR SNW DPTH SPD SPD DIR MIN PSBL S-S WX SPD DR
================================================================================
1 80 50 65 -5 0 0 0.00 M M 4.6 14 350 M M 1 19 320
2 86 54 70 0 0 5 0.00 M M 4.8 17 270 M M 0 20 270
3 92 53 73 3 0 8 0.00 M M 6.8 20 210 M M 0 1 28 220
4 71 54 63 -7 2 0 0.12 M M 12.6 26 360 M M 5 1 35 360
5 59 52 56 -15 9 0 0.26 M M 5.6 14 20 M M 10 1 19 30
6 70 52 61 -10 4 0 0.49 M M 13.6 25 140 M M 10 13 35 140
7 75 48 62 -9 3 0 0.08 M M 8.1 15 350 M M 1 13 23 350
8 66 51 59 -12 6 0 0.10 M M 6.8 20 170 M M 5 13 26 160
9 82 48 65 -7 0 0 0.00 M M 3.9 10 170 M M 1 12 14 150
10 90 56 73 1 0 8 0.00 M M 4.0 16 20 M M 0 3 20 10
11 88 62 75 3 0 10 T M M 7.3 18 160 M M 0 3 23 160
12 86 54 70 -2 0 5 0.00 M M 6.8 24 30 M M 1 13 34 10
13 87 61 74 2 0 9 T M M 9.9 23 340 M M 1 3 32 340
14 82 56 69 -3 0 4 T M M 8.7 24 340 M M 2 3 41 350
15 86 50 68 -5 0 3 0.00 M M 4.8 12 320 M M 0 18 17 340
16 88 58 73 0 0 8 T M M 6.4 20 20 M M 0 138 27 10
17 87 58 73 0 0 8 T M M 11.9 25 140 M M 2 1238 35 130
18 89 62 76 3 0 11 T M M 8.9 22 140 M M 5 138 30 140
19 86 61 74 1 0 9 T M M 6.2 15 50 M M 2 17 20
20 67 51 59 -14 6 0 0.12 M M 6.9 17 60 M M 6 123 23 40
21 85 46 66 -7 0 1 0.00 M M 4.8 14 40 M M 1 123 17 240
22 92 50 71 -2 0 6 0.00 M M 5.6 14 150 M M 0 13 21 10
23 99 53 76 3 0 11 0.00 M M 6.2 28 270 M M 0 1 39 270
24 96 56 76 3 0 11 T M M 7.6 22 60 M M 0 3 29 10
25 99 60 80 7 0 15 0.00 M M 9.3 24 320 M M 0 33 310
26 99 54 77 4 0 12 0.00 M M 8.1 32 290 M M 0 8 46 280
27 100 54 77 4 0 12 0.02 M M 10.1 37 170 M M 1 3 52 220
28 93 58 76 3 0 11 T M M 7.5 18 150 M M 0 3 26 150
29 90 62 76 3 0 11 0.00 M M 11.6 21 150 M M 1 28 160
30 98 63 81 8 0 16 0.51 M M 16.5 37 160 M M 4 138 52 130
31 88 61 75 2 0 10 0.21 M M 7.6 26 60 M M 1 13 32 60
================================================================================
SM 2656 1708 30 204 1.91 M 243.5 M 60
================================================================================
AV 85.7 55.1 7.9 FASTST M M 2 MAX(MPH)
MISC ----> # 37 170 # 52 220
================================================================================
NOTES:
# LAST OF SEVERAL OCCURRENCES
COLUMN 17 PEAK WIND IN M.P.H.
PRELIMINARY LOCAL CLIMATOLOGICAL DATA (WS FORM: F-6) , PAGE 2
STATION: ALLIANCE NEBRASKA AIRPORT
MONTH: JULY
YEAR: 2023
LATITUDE: 42 2 N
LONGITUDE: 102 48 W
[TEMPERATURE DATA] [PRECIPITATION DATA] SYMBOLS USED IN COLUMN 16
AVERAGE MONTHLY: 70.4 TOTAL FOR MONTH: 1.91 1 = FOG OR MIST
DPTR FM NORMAL: -1.8 DPTR FM NORMAL: -0.49 2 = FOG REDUCING VISIBILITY
HIGHEST: 100 ON 27 GRTST 24HR 0.72 ON 30-31 TO 1/4 MILE OR LESS
LOWEST: 46 ON 21 3 = THUNDER
SNOW, ICE PELLETS, HAIL 4 = ICE PELLETS
TOTAL MONTH: M 5 = HAIL
GRTST 24HR M ON M 6 = FREEZING RAIN OR DRIZZLE
GRTST DEPTH: M ON M 7 = DUSTSTORM OR SANDSTORM:
VSBY 1/2 MILE OR LESS
8 = SMOKE OR HAZE
[NO. OF DAYS WITH] [WEATHER - DAYS WITH] 9 = BLOWING SNOW
X = TORNADO
MAX 32 OR BELOW: 0 0.01 INCH OR MORE: 9
MAX 90 OR ABOVE: 11 0.10 INCH OR MORE: 7
MIN 32 OR BELOW: 0 0.50 INCH OR MORE: 1
MIN 0 OR BELOW: 0 1.00 INCH OR MORE: 0
[HDD (BASE 65) ]
TOTAL THIS MO. 30 CLEAR (SCALE 0-3) 24
DPTR FM NORMAL 19 PTCLDY (SCALE 4-7) 5
TOTAL FM JUL 1 30 CLOUDY (SCALE 8-10) 2
DPTR FM NORMAL 26
[CDD (BASE 65) ]
TOTAL THIS MO. 204
DPTR FM NORMAL -30 [PRESSURE DATA]
TOTAL FM JAN 1 266 HIGHEST SLP 30.25 ON 20
DPTR FM NORMAL -67 LOWEST SLP 29.71 ON 13
[REMARKS]
#FINAL-07-23#
JULY 5... RECORD LOW MAXIMUM TEMPERATURE: 59F (PREVIOUS: 68F IN 1904)