000
CXUS53 KGRB 110337
CF6AIG
PRELIMINARY LOCAL CLIMATOLOGICAL DATA (WS FORM: F-6)
STATION: ANTIGO AWOS
MONTH: FEBRUARY
YEAR: 2021
LATITUDE: 45 9 N
LONGITUDE: 89 8 W
TEMPERATURE IN F: :PCPN: SNOW: WIND :SUNSHINE: SKY :PK WND
================================================================================
1 2 3 4 5 6A 6B 7 8 9 10 11 12 13 14 15 16 17 18
12Z AVG MX 2MIN
DY MAX MIN AVG DEP HDD CDD WTR SNW DPTH SPD SPD DIR MIN PSBL S-S WX SPD DR
================================================================================
1 31 2 17 5 48 0 0.00 0.0 5 5.4 14 360 M M 7 1 M M
2 29 6 18 6 47 0 M M M 5.7 10 10 M M 6 1 M M
3 31 -6 13 1 52 0 M M M 5.5 15 150 M M 2 1 17 160
4 28 19 24 12 41 0 0.26 M M 8.1 16 160 M M 10 1 21 150
5 19 -2 9 -4 56 0 M M M 0.0 M M M M 8 18 M M
6 2 -10 -4 -17 69 0 M M M 8.1 20 270 M M 0 25 280
7 -1 -23 -12 -25 77 0 M M M 9.4 16 300 M M 1 21 300
8 1 -16 -7 -20 72 0 M M M 5.9 10 260 M M 4 M M
9 4 -30 -13 -27 78 0 M M M 6.8 17 250 M M 2 24 250
10 4 -16 -6 -20 71 0 M M M 6.1 13 290 M M 3 16 310
11 5 -31 -13 -27 78 0 M M M 1.3 7 330 M M 4 8 M M
12 7 -7 0 -14 65 0 M M M 6.3 10 300 M M 4 M M
13 -2 -13 -7 -22 72 0 M M M 8.4 13 290 M M 6 8 M M
14 -1 -19 -10 -25 75 0 M M M 9.2 13 290 M M 0 17 320
15 3 -32 -14 -29 79 0 M M M 3.9 12 30 M M 1 M M
16 16 -13 2 -14 63 0 M M M 3.9 8 360 M M 0 M M
17 19 -25 -3 -19 68 0 M M M 1.3 9 190 M M 2 M M
18 22 -1 11 -5 54 0 M M M 1.5 7 260 M M 8 1 M M
19 17 -4 7 -9 58 0 M M M 3.8 10 300 M M 8 1 M M
20 20 -19 1 -16 64 0 M M M 2.5 7 170 M M 3 12 M M
21 26 2 14 -3 51 0 0.01 M M 7.5 14 100 M M 5 1 18 120
22 33 23 28 10 37 0 0.01 M M 10.3 16 240 M M 8 1 22 240
23 41 27 34 16 31 0 0.11 M M 9.8 16 260 M M 6 24 280
24 33 18 26 8 39 0 0.08 M M 6.7 17 320 M M 6 25 340
25 35 9 22 4 43 0 M M M 7.6 15 290 M M 2 24 290
26 37 11 24 5 41 0 M M M 11.3 23 180 M M 5 12 29 180
27 43 15 29 10 36 0 M M M 5.6 13 200 M M 2 1 18 230
28 33 24 29 9 36 0 M M M 12.7 25 300 M M 8 12 35 300
================================================================================
SM 535 -111 1601 0 0.47 0.0 174.3 M 121
================================================================================
AV 19.1 -4.0 6.2 FASTST M M 4 MAX(MPH)
MISC ----> 25 300 35 300
================================================================================
NOTES:
# LAST OF SEVERAL OCCURRENCES
COLUMN 17 PEAK WIND IN M.P.H.
PRELIMINARY LOCAL CLIMATOLOGICAL DATA (WS FORM: F-6) , PAGE 2
STATION: ANTIGO AWOS
MONTH: FEBRUARY
YEAR: 2021
LATITUDE: 45 9 N
LONGITUDE: 89 8 W
[TEMPERATURE DATA] [PRECIPITATION DATA] SYMBOLS USED IN COLUMN 16
AVERAGE MONTHLY: 7.6 TOTAL FOR MONTH: 0.47 1 = FOG OR MIST
DPTR FM NORMAL: -7.8 DPTR FM NORMAL: -0.22 2 = FOG REDUCING VISIBILITY
HIGHEST: 43 ON 27 GRTST 24HR 0.26 ON 4- 4 TO 1/4 MILE OR LESS
LOWEST: -32 ON 15 3 = THUNDER
SNOW, ICE PELLETS, HAIL 4 = ICE PELLETS
TOTAL MONTH: 0.0 INCH 5 = HAIL
GRTST 24HR 0.0 6 = FREEZING RAIN OR DRIZZLE
GRTST DEPTH: 5 ON 1 7 = DUSTSTORM OR SANDSTORM:
VSBY 1/2 MILE OR LESS
8 = SMOKE OR HAZE
[NO. OF DAYS WITH] [WEATHER - DAYS WITH] 9 = BLOWING SNOW
X = TORNADO
MAX 32 OR BELOW: 21 0.01 INCH OR MORE: 5
MAX 90 OR ABOVE: 0 0.10 INCH OR MORE: 2
MIN 32 OR BELOW: 28 0.50 INCH OR MORE: 0
MIN 0 OR BELOW: 17 1.00 INCH OR MORE: 0
[HDD (BASE 65) ]
TOTAL THIS MO. 1601 CLEAR (SCALE 0-3) 11
DPTR FM NORMAL 211 PTCLDY (SCALE 4-7) 15
TOTAL FM JUL 1 6423 CLOUDY (SCALE 8-10) 2
DPTR FM NORMAL -248
[CDD (BASE 65) ]
TOTAL THIS MO. 0
DPTR FM NORMAL 0 [PRESSURE DATA]
TOTAL FM JAN 1 0 HIGHEST SLP M ON M
DPTR FM NORMAL 0 LOWEST SLP M ON M
[REMARKS]
#FINAL-02-21#