000
CXAK56 PAFC 141601
CF6AKN
PRELIMINARY LOCAL CLIMATOLOGICAL DATA (WS FORM: F-6)
STATION: KING SALMON
MONTH: JULY
YEAR: 2020
LATITUDE: 58 41 N
LONGITUDE: 156 39 W
TEMPERATURE IN F: :PCPN: SNOW: WIND :SUNSHINE: SKY :PK WND
================================================================================
1 2 3 4 5 6A 6B 7 8 9 10 11 12 13 14 15 16 17 18
12Z AVG MX 2MIN
DY MAX MIN AVG DEP HDD CDD WTR SNW DPTH SPD SPD DIR MIN PSBL S-S WX SPD DR
================================================================================
1 69 41 55 1 10 0 0.00 M M 3.0 9 290 M M 5 1 12 250
2 73 41 57 2 8 0 T M M 4.6 16 300 M M 5 1 20 290
3 65 53 59 4 6 0 0.19 M M 7.0 13 240 M M 10 18 16 240
4 78 49 64 9 1 0 0.00 M M 2.5 10 290 M M 4 12 13 310
5 67 54 61 6 4 0 0.02 M M 8.7 16 230 M M 10 1 21 260
6 60 51 56 1 9 0 0.14 M M 7.5 15 180 M M 10 1 20 170
7 66 53 60 5 5 0 0.04 M M 7.3 16 240 M M 9 1 22 220
8 60 50 55 0 10 0 0.10 M M 8.7 14 270 M M 10 18 21 250
9 67 50 59 4 6 0 T M M 8.3 16 340 M M 9 1 22 360
10 72 46 59 3 6 0 0.00 M M 7.9 17 250 M M 6 26 250
11 73 48 61 5 4 0 0.00 M M 8.6 15 250 M M 7 1 22 280
12 59 49 54 -2 11 0 T M M 6.8 14 190 M M 9 8 17 190
13 70 50 60 4 5 0 T M M 3.9 12 130 M M 8 1 17 360
14 74 47 61 5 4 0 0.00 M M 6.1 16 270 M M 6 20 270
15 78 44 61 5 4 0 0.00 M M 4.7 12 190 M M 2 1 M M
16 76 42 59 3 6 0 0.02 M M 5.1 10 300 M M 4 M M
17 75 45 60 4 5 0 0.03 M M 6.0 14 200 M M 8 12 M M
18 62 55 59 3 6 0 0.30 M M 8.1 12 190 M M 10 18 M M
19 64 54 59 3 6 0 0.32 M M 3.5 12 280 M M 10 18 M M
20 72 53 63 7 2 0 0.00 M M 10.1 21 270 M M 7 1 28 260
21 64 43 54 -2 11 0 0.00 M M 6.8 16 240 M M 8 12 22 250
22 67 48 58 2 7 0 0.02 M M 9.7 17 270 M M 9 18 23 250
23 68 44 56 0 9 0 0.05 M M 6.1 16 170 M M 9 128 20 170
24 63 51 57 1 8 0 0.41 M M 10.3 17 230 M M 9 1 23 230
25 62 47 55 -1 10 0 T M M 5.9 10 240 M M 8 14 220
26 65 46 56 0 9 0 0.03 M M 6.8 16 240 M M 9 12 23 230
27 68 39 54 -2 11 0 0.00 M M 5.1 14 280 M M 2 1 18 280
28 69 41 55 -1 10 0 0.00 M M 8.0 15 250 M M 5 12 19 260
29 74 42 58 2 7 0 T M M 9.2 26 170 M M 5 128 34 170
30 62 50 56 0 9 0 0.48 M M 11.0 23 150 M M 10 1 32 160
31 58 51 55 -1 10 0 0.84 M M 2.0 8 290 M M 10 1 10 270
================================================================================
SM 2100 1477 219 0 2.99 M 209.2 M 233
================================================================================
AV 67.7 47.6 6.7 FASTST M M 8 MAX(MPH)
MISC ----> 26 170 34 170
================================================================================
NOTES:
# LAST OF SEVERAL OCCURRENCES
COLUMN 17 PEAK WIND IN M.P.H.
PRELIMINARY LOCAL CLIMATOLOGICAL DATA (WS FORM: F-6) , PAGE 2
STATION: KING SALMON
MONTH: JULY
YEAR: 2020
LATITUDE: 58 41 N
LONGITUDE: 156 39 W
[TEMPERATURE DATA] [PRECIPITATION DATA] SYMBOLS USED IN COLUMN 16
AVERAGE MONTHLY: 57.7 TOTAL FOR MONTH: 2.99 1 = FOG OR MIST
DPTR FM NORMAL: 2.2 DPTR FM NORMAL: 0.69 2 = FOG REDUCING VISIBILITY
HIGHEST: 78 ON 15, 4 GRTST 24HR 0.84 ON 31-31 TO 1/4 MILE OR LESS
LOWEST: 39 ON 27 3 = THUNDER
SNOW, ICE PELLETS, HAIL 4 = ICE PELLETS
TOTAL MONTH: M 5 = HAIL
GRTST 24HR M ON M 6 = FREEZING RAIN OR DRIZZLE
GRTST DEPTH: M ON M 7 = DUSTSTORM OR SANDSTORM:
VSBY 1/2 MILE OR LESS
8 = SMOKE OR HAZE
[NO. OF DAYS WITH] [WEATHER - DAYS WITH] 9 = BLOWING SNOW
X = TORNADO
MAX 32 OR BELOW: 0 0.01 INCH OR MORE: 15
MAX 90 OR ABOVE: 0 0.10 INCH OR MORE: 8
MIN 32 OR BELOW: 0 0.50 INCH OR MORE: 1
MIN 0 OR BELOW: 0 1.00 INCH OR MORE: 0
[HDD (BASE 65) ]
TOTAL THIS MO. 219 CLEAR (SCALE 0-3) 2
DPTR FM NORMAL -74 PTCLDY (SCALE 4-7) 13
TOTAL FM JUL 1 219 CLOUDY (SCALE 8-10) 16
DPTR FM NORMAL -71
[CDD (BASE 65) ]
TOTAL THIS MO. 0
DPTR FM NORMAL 0 [PRESSURE DATA]
TOTAL FM JAN 1 0 HIGHEST SLP 30.33 ON 1
DPTR FM NORMAL 0 LOWEST SLP 29.59 ON 25
[REMARKS]
#FINAL-07-20#