000
CXUS54 KEPZ 181030
CF6ALM
PRELIMINARY LOCAL CLIMATOLOGICAL DATA (WS FORM: F-6)
STATION: ALAMOGORDO
MONTH: APRIL
YEAR: 2024
LATITUDE: 32 49 N
LONGITUDE: 106 0 W
TEMPERATURE IN F: :PCPN: SNOW: WIND :SUNSHINE: SKY :PK WND
================================================================================
1 2 3 4 5 6A 6B 7 8 9 10 11 12 13 14 15 16 17 18
12Z AVG MX 2MIN
DY MAX MIN AVG DEP HDD CDD WTR SNW DPTH SPD SPD DIR MIN PSBL S-S WX SPD DR
================================================================================
1 57 41 49 M 16 0 0.05 M M 9.4 23 240 M M 7 18 33 330
2 61 32 47 M 18 0 T M M 5.7 13 160 M M 1 24 240
3 73 34 54 M 11 0 0.00 M M 4.9 10 150 M M 1 14 240
4 77 41 59 M 6 0 0.00 M M 8.3 16 200 M M 1 24 210
5 77 45 61 M 4 0 0.00 M M 14.6 23 190 M M 3 33 190
6 63 45 54 M 11 0 0.00 M M 13.4 25 250 M M 4 8 32 250
7 66 37 52 M 13 0 0.00 M M 10.1 22 350 M M 2 28 350
8 73 37 55 M 10 0 0.00 M M 6.8 22 200 M M 2 31 200
9 61 39 50 M 15 0 T M M 8.2 24 330 M M 3 30 330
10 73 30 52 M 13 0 0.03 M M 6.3 12 350 M M 2 22 350
11 79 36 58 M 7 0 0.00 M M 5.9 13 190 M M 3 25 180
12 82 45 64 M 1 0 0.00 M M 12.3 25 180 M M 3 36 180
13 82 54 68 M 0 3 0.00 M M 7.3 13 220 M M 1 24 290
14 82 54 68 M 0 3 0.00 M M 7.1 12 150 M M 2 26 170
15 81 54 68 M 0 3 0.00 M M 14.9 31 250 M M 1 8 40 250
16 75 46 61 M 4 0 0.00 M M 9.8 22 330 M M 1 24 330
17 82 45 64 M 1 0 0.00 M M 5.9 10 170 M M 1 16 99
================================================================================
SM 1244 715 130 9 0.08 M 150.9 M 38
================================================================================
AV 73.2 42.1 8.9 FASTST M M 2 MAX(MPH)
MISC ----> 31 250 40 250
================================================================================
NOTES:
# LAST OF SEVERAL OCCURRENCES
COLUMN 17 PEAK WIND IN M.P.H.
PRELIMINARY LOCAL CLIMATOLOGICAL DATA (WS FORM: F-6) , PAGE 2
STATION: ALAMOGORDO
MONTH: APRIL
YEAR: 2024
LATITUDE: 32 49 N
LONGITUDE: 106 0 W
[TEMPERATURE DATA] [PRECIPITATION DATA] SYMBOLS USED IN COLUMN 16
AVERAGE MONTHLY: 57.6 TOTAL FOR MONTH: 0.08 1 = FOG OR MIST
DPTR FM NORMAL: 0.0 DPTR FM NORMAL: 0.08 2 = FOG REDUCING VISIBILITY
HIGHEST: 82 ON 17,14 GRTST 24HR 0.05 ON 1- 1 TO 1/4 MILE OR LESS
LOWEST: 30 ON 10 3 = THUNDER
SNOW, ICE PELLETS, HAIL 4 = ICE PELLETS
TOTAL MONTH: M 5 = HAIL
GRTST 24HR M ON M 6 = FREEZING RAIN OR DRIZZLE
GRTST DEPTH: M ON M 7 = DUSTSTORM OR SANDSTORM:
VSBY 1/2 MILE OR LESS
8 = SMOKE OR HAZE
[NO. OF DAYS WITH] [WEATHER - DAYS WITH] 9 = BLOWING SNOW
X = TORNADO
MAX 32 OR BELOW: 0 0.01 INCH OR MORE: 2
MAX 90 OR ABOVE: 0 0.10 INCH OR MORE: 0
MIN 32 OR BELOW: 2 0.50 INCH OR MORE: 0
MIN 0 OR BELOW: 0 1.00 INCH OR MORE: 0
[HDD (BASE 65) ]
TOTAL THIS MO. 130 CLEAR (SCALE 0-3) 15
DPTR FM NORMAL M PTCLDY (SCALE 4-7) 2
TOTAL FM JUL 1 2711 CLOUDY (SCALE 8-10) 0
DPTR FM NORMAL M
[CDD (BASE 65) ]
TOTAL THIS MO. 9
DPTR FM NORMAL M [PRESSURE DATA]
TOTAL FM JAN 1 11 HIGHEST SLP M ON M
DPTR FM NORMAL M LOWEST SLP M ON M
[REMARKS]