000
CXUS53 KDMX 020234
CF6ALO
PRELIMINARY LOCAL CLIMATOLOGICAL DATA (WS FORM: F-6)
STATION: WATERLOO IA
MONTH: MAY
YEAR: 2023
LATITUDE: 42 32 N
LONGITUDE: 92 24 W
TEMPERATURE IN F: :PCPN: SNOW: WIND :SUNSHINE: SKY :PK WND
================================================================================
1 2 3 4 5 6A 6B 7 8 9 10 11 12 13 14 15 16 17 18
12Z AVG MX 2MIN
DY MAX MIN AVG DEP HDD CDD WTR SNW DPTH SPD SPD DIR MIN PSBL S-S WX SPD DR
================================================================================
1 62 40 51 -5 14 0 0.00 0.0 0 21.5 39 320 M M 1 50 310
2 65 39 52 -4 13 0 0.00 0.0 0 18.6 35 320 M M 1 49 330
3 71 28 50 -6 15 0 0.00 0.0 0 2.5 16 310 M M 0 20 320
4 82 38 60 3 5 0 0.00 0.0 0 10.6 21 210 M M 0 8 28 220
5 77 54 66 9 0 1 0.04 0.0 0 11.1 22 170 M M 6 1 29 180
6 72 57 65 7 0 0 0.57 0.0 0 11.3 22 140 M M 9 13 30 130
7 80 55 68 10 0 3 0.17 0.0 0 8.8 28 90 M M 7 1238 36 80
8 76 59 68 10 0 3 0.36 0.0 0 8.7 22 170 M M 5 13 30 160
9 75 53 64 5 1 0 0.00 0.0 0 7.4 15 140 M M 3 1 19 150
10 80 54 67 8 0 2 0.00 0.0 0 10.4 23 130 M M 0 1 30 120
11 83 57 70 10 0 5 0.10 0.0 0 8.9 17 120 M M 3 23 130
12 80 65 73 13 0 8 0.21 0.0 0 10.2 20 70 M M 8 18 25 70
13 79 63 71 11 0 6 0.01 0.0 0 15.9 26 80 M M 7 138 34 110
14 67 52 60 -1 5 0 0.11 0.0 0 15.0 24 80 M M 10 1 33 90
15 73 52 63 2 2 0 0.00 0.0 0 6.4 14 70 M M 4 21 60
16 82 51 67 5 0 2 0.00 0.0 0 6.6 21 320 M M 0 27 300
17 72 51 62 0 3 0 0.00 0.0 0 10.5 18 90 M M 0 24 90
18 85 54 70 8 0 5 T 0.0 0 9.8 22 320 M M 4 8 30 330
19 64 47 56 -7 9 0 0.00 0.0 0 14.7 25 340 M M 2 8 34 350
20 75 43 59 -4 6 0 0.00 0.0 0 4.8 13 60 M M 0 19 20
21 80 44 62 -2 3 0 0.00 0.0 0 4.0 14 200 M M 0 18 200
22 82 48 65 1 0 0 0.00 0.0 0 6.1 15 170 M M 1 22 210
23 85 49 67 3 0 2 0.00 0.0 0 4.3 15 190 M M 0 22 150
24 87 51 69 4 0 4 0.00 0.0 0 8.8 24 90 M M 1 8 34 70
25 78 49 64 -1 1 0 0.00 0.0 0 11.2 22 120 M M 2 29 120
26 79 38 59 -6 6 0 0.00 0.0 0 6.5 16 120 M M 0 22 120
27 82 43 63 -3 2 0 0.00 0.0 0 7.2 15 160 M M 0 21 120
28 85 50 68 2 0 3 0.00 0.0 0 5.9 16 120 M M 0 21 140
29 88 50 69 3 0 4 0.00 0.0 0 6.7 17 180 M M 0 30 210
30 92 66 79 12 0 14 0.00 0.0 0 8.6 17 160 M M 3 27 170
31 93 60 77 10 0 12 0.18 0.0 0 7.6 28 160 M M 1 3 40 140
================================================================================
SM 2431 1560 85 74 1.75 0.0 290.6 M 78
================================================================================
AV 78.4 50.3 9.4 FASTST M M 3 MAX(MPH)
MISC ----> 39 320 50 310
================================================================================
NOTES:
# LAST OF SEVERAL OCCURRENCES
COLUMN 17 PEAK WIND IN M.P.H.
PRELIMINARY LOCAL CLIMATOLOGICAL DATA (WS FORM: F-6) , PAGE 2
STATION: WATERLOO IA
MONTH: MAY
YEAR: 2023
LATITUDE: 42 32 N
LONGITUDE: 92 24 W
[TEMPERATURE DATA] [PRECIPITATION DATA] SYMBOLS USED IN COLUMN 16
AVERAGE MONTHLY: 64.4 TOTAL FOR MONTH: 1.75 1 = FOG OR MIST
DPTR FM NORMAL: 2.9 DPTR FM NORMAL: -2.86 2 = FOG REDUCING VISIBILITY
HIGHEST: 93 ON 31 GRTST 24HR 0.61 ON 5- 6 TO 1/4 MILE OR LESS
LOWEST: 28 ON 3 3 = THUNDER
SNOW, ICE PELLETS, HAIL 4 = ICE PELLETS
TOTAL MONTH: 0.0 INCH 5 = HAIL
GRTST 24HR 0.0 6 = FREEZING RAIN OR DRIZZLE
GRTST DEPTH: 0 7 = DUSTSTORM OR SANDSTORM:
VSBY 1/2 MILE OR LESS
8 = SMOKE OR HAZE
[NO. OF DAYS WITH] [WEATHER - DAYS WITH] 9 = BLOWING SNOW
X = TORNADO
MAX 32 OR BELOW: 0 0.01 INCH OR MORE: 9
MAX 90 OR ABOVE: 2 0.10 INCH OR MORE: 7
MIN 32 OR BELOW: 1 0.50 INCH OR MORE: 1
MIN 0 OR BELOW: 0 1.00 INCH OR MORE: 0
[HDD (BASE 65) ]
TOTAL THIS MO. 85 CLEAR (SCALE 0-3) 21
DPTR FM NORMAL -88 PTCLDY (SCALE 4-7) 8
TOTAL FM JUL 1 6515 CLOUDY (SCALE 8-10) 2
DPTR FM NORMAL -181
[CDD (BASE 65) ]
TOTAL THIS MO. 74
DPTR FM NORMAL 10 [PRESSURE DATA]
TOTAL FM JAN 1 92 HIGHEST SLP 30.43 ON 14
DPTR FM NORMAL 20 LOWEST SLP 29.63 ON 1
[REMARKS]
#FINAL-05-23#