000
CXUS55 KPUB 011704
CLMALS
CLIMATE REPORT
NATIONAL WEATHER SERVICE
1004 AM MST THU FEB 01 2024
...................................
...THE ALAMOSA CO CLIMATE SUMMARY FOR THE MONTH OF JANUARY 2024...
CLIMATE NORMAL PERIOD 1991 TO 2020
CLIMATE RECORD PERIOD 1932 TO 2024
WEATHER OBSERVED NORMAL DEPART LAST YEAR`S
VALUE DATE(S) VALUE FROM VALUE DATE(S)
NORMAL
................................................................
TEMPERATURE (F)
RECORD
HIGH 63 01/31/2018
LOW -50 01/28/1948
HIGHEST 54 01/29 36 18 53 01/14
LOWEST -18 01/12 -5 -13 -12 01/26
AVG. MAXIMUM 37.6 34.8 2.8 38.2
AVG. MINIMUM 5.5 -1.1 6.6 4.2
MEAN 21.5 16.8 4.7 21.2
DAYS MAX >= 90 0 0.0 0.0
DAYS MAX <= 32 10 12.7 -2.7
DAYS MIN <= 32 31 31.0 0.0
DAYS MIN <= 0 9 16.9 -7.9
PRECIPITATION (INCHES)
RECORD
MAXIMUM 1.36 2017
MINIMUM T 1981
TOTALS 0.25 0.32 -0.07 0.39
DAILY AVG. 0.01 0.01 -0.00
DAYS >= .01 3 3.8 -0.8
DAYS >= .10 1 0.9 0.1
DAYS >= .50 0 0.0 0.0
DAYS >= 1.00 0 0.0 0.0
GREATEST
24 HR. TOTAL 0.14 01/08 TO 01/08
SNOWFALL (INCHES)
RECORDS
TOTAL 21.9 2017
TOTALS 3.1 4.5 -1.4 3.1
SINCE 7/1 9.0 15.2 -6.2 MM
SNOWDEPTH AVG. 0
DAYS >= 1.0 2 1.6 0.4
GREATEST
SNOW DEPTH 2 01/08 1
24 HR TOTAL 1.8 01/08 TO 01/08 1.8
DEGREE DAYS
HEATING TOTAL 1339 1493 -154 1349
SINCE 7/1 4516 5028 -512 MM
COOLING TOTAL 0 0 0 0
SINCE 1/1 0 0 0 MM
................................................................
WIND (MPH)
AVERAGE WIND SPEED 5.4
HIGHEST WIND SPEED/DIRECTION 30/210 DATE 01/11
HIGHEST GUST SPEED/DIRECTION 41/340 DATE 01/08
SKY COVER
POSSIBLE SUNSHINE (PERCENT) MM
AVERAGE SKY COVER 0.25
NUMBER OF DAYS FAIR 21
NUMBER OF DAYS PC 7
NUMBER OF DAYS CLOUDY 3
AVERAGE RH (PERCENT) 67
WEATHER CONDITIONS. NUMBER OF DAYS WITH
THUNDERSTORM 0 MIXED PRECIP 0
HEAVY RAIN 0 RAIN 0
LIGHT RAIN 2 FREEZING RAIN 0
LT FREEZING RAIN 0 HAIL 0
HEAVY SNOW 0 SNOW 3
LIGHT SNOW 6 SLEET 0
FOG 11 FOG W/VIS <= 1/4 MILE 4
HAZE 0
- INDICATES NEGATIVE NUMBERS.
R INDICATES RECORD WAS SET OR TIED.
MM INDICATES DATA IS MISSING.
T INDICATES TRACE AMOUNT.
$$