000
CXUS52 KJAX 120156
CF6AMG
PRELIMINARY LOCAL CLIMATOLOGICAL DATA (WS FORM: F-6)
STATION: ALMA
MONTH: FEBRUARY
YEAR: 2023
LATITUDE: 31 32 N
LONGITUDE: 82 30 W
TEMPERATURE IN F: :PCPN: SNOW: WIND :SUNSHINE: SKY :PK WND
================================================================================
1 2 3 4 5 6A 6B 7 8 9 10 11 12 13 14 15 16 17 18
12Z AVG MX 2MIN
DY MAX MIN AVG DEP HDD CDD WTR SNW DPTH SPD SPD DIR MIN PSBL S-S WX SPD DR
================================================================================
1 80 59 70 18 0 5 0.00 0.0 0 5.1 12 320 M M 5 12 18 290
2 78 55 67 15 0 2 0.08 0.0 0 4.8 14 350 M M 5 1 23 360
3 62 44 53 1 12 0 0.05 0.0 0 8.2 16 310 M M 5 1 23 330
4 61 38 50 -2 15 0 0.00 0.0 0 4.8 12 100 M M 1 19 110
5 69 41 55 2 10 0 0.00 0.0 0 1.0 7 100 M M 1 10 310
6 72 42 57 4 8 0 0.00 0.0 0 2.6 12 320 M M 0 15 340
7 75 37 56 3 9 0 0.00 0.0 0 3.5 14 140 M M 0 1 22 120
8 80 48 64 11 1 0 0.00 0.0 0 3.8 13 150 M M 2 12 16 180
9 79 51 65 12 0 0 T 0.0 0 3.9 13 210 M M 1 1 23 200
10 69 56 63 9 2 0 0.65 0.0 0 1.8 18 320 M M 10 123 26 330
11 60 53 57 3 8 0 2.62 0.0 0 5.6 13 80 M M 10 13 24 60
12 58 48 53 -1 12 0 0.03 0.0 0 9.6 18 240 M M 9 1 30 300
13 70 39 55 1 10 0 0.00 0.0 0 4.6 14 260 M M 1 21 260
14 75 38 57 3 8 0 0.00 0.0 0 3.5 12 180 M M 0 16 190
15 77 46 62 8 3 0 0.00 0.0 0 4.1 15 200 M M 1 21 180
16 82 54 68 13 0 3 0.00 0.0 0 4.9 17 180 M M 5 1 27 170
17 76 46 61 6 4 0 0.03 0.0 0 10.0 21 210 M M 3 1 32 230
18 60 34 47 -8 18 0 0.00 0.0 0 4.9 22 320 M M 0 32 320
19 74 42 58 3 7 0 0.00 0.0 0 2.4 13 250 M M 1 18 250
20 75 48 62 7 3 0 0.00 0.0 0 5.9 16 240 M M 0 1 27 200
21 80 63 72 16 0 7 0.00 0.0 0 8.4 17 240 M M 6 28 280
22 85 65 75 19 0 10 0.00 0.0 0 8.2 20 210 M M 5 1 30 190
23 85 63 74 18 0 9 0.00 0.0 0 6.9 17 210 M M 4 1 23 210
24 84 64 74 18 0 9 0.00 0.0 0 4.3 13 260 M M 4 1 18 250
25 78 62 70 14 0 5 0.00 0.0 0 2.8 13 310 M M 5 1 18 290
26 85 61 73 16 0 8 0.00 0.0 0 4.8 16 300 M M 1 1 22 310
27 82 57 70 13 0 5 0.00 0.0 0 8.4 18 200 M M 5 12 34 240
28 84 68 76 19 0 11 0.00 0.0 0 7.3 15 270 M M 3 25 260
================================================================================
SM 2095 1422 130 74 3.46 0.0 146.1 M 93
================================================================================
AV 74.8 50.8 5.2 FASTST M M 3 MAX(MPH)
MISC ----> 22 320 34 240
================================================================================
NOTES:
# LAST OF SEVERAL OCCURRENCES
COLUMN 17 PEAK WIND IN M.P.H.
PRELIMINARY LOCAL CLIMATOLOGICAL DATA (WS FORM: F-6) , PAGE 2
STATION: ALMA
MONTH: FEBRUARY
YEAR: 2023
LATITUDE: 31 32 N
LONGITUDE: 82 30 W
[TEMPERATURE DATA] [PRECIPITATION DATA] SYMBOLS USED IN COLUMN 16
AVERAGE MONTHLY: 62.8 TOTAL FOR MONTH: 3.46 1 = FOG OR MIST
DPTR FM NORMAL: 8.4 DPTR FM NORMAL: 0.09 2 = FOG REDUCING VISIBILITY
HIGHEST: 85 ON 26,23 GRTST 24HR 2.62 ON 11-11 TO 1/4 MILE OR LESS
LOWEST: 34 ON 18 3 = THUNDER
SNOW, ICE PELLETS, HAIL 4 = ICE PELLETS
TOTAL MONTH: 0.0 INCH 5 = HAIL
GRTST 24HR 0.0 6 = FREEZING RAIN OR DRIZZLE
GRTST DEPTH: 0 7 = DUSTSTORM OR SANDSTORM:
VSBY 1/2 MILE OR LESS
8 = SMOKE OR HAZE
[NO. OF DAYS WITH] [WEATHER - DAYS WITH] 9 = BLOWING SNOW
X = TORNADO
MAX 32 OR BELOW: 0 0.01 INCH OR MORE: 6
MAX 90 OR ABOVE: 0 0.10 INCH OR MORE: 2
MIN 32 OR BELOW: 0 0.50 INCH OR MORE: 2
MIN 0 OR BELOW: 0 1.00 INCH OR MORE: 1
[HDD (BASE 65) ]
TOTAL THIS MO. 130 CLEAR (SCALE 0-3) 13
DPTR FM NORMAL -180 PTCLDY (SCALE 4-7) 12
TOTAL FM JUL 1 986 CLOUDY (SCALE 8-10) 3
DPTR FM NORMAL -403
[CDD (BASE 65) ]
TOTAL THIS MO. 74
DPTR FM NORMAL 61 [PRESSURE DATA]
TOTAL FM JAN 1 95 HIGHEST SLP 30.55 ON 4
DPTR FM NORMAL 81 LOWEST SLP 29.78 ON 12
[REMARKS]
#FINAL-02-23#