000
CXUS53 KDMX 102303
CF6AMW
PRELIMINARY LOCAL CLIMATOLOGICAL DATA (WS FORM: F-6)
STATION: AMES IA
MONTH: JULY
YEAR: 2023
LATITUDE: 41 59 N
LONGITUDE: 93 37 W
TEMPERATURE IN F: :PCPN: SNOW: WIND :SUNSHINE: SKY :PK WND
================================================================================
1 2 3 4 5 6A 6B 7 8 9 10 11 12 13 14 15 16 17 18
12Z AVG MX 2MIN
DY MAX MIN AVG DEP HDD CDD WTR SNW DPTH SPD SPD DIR MIN PSBL S-S WX SPD DR
================================================================================
1 77 69 73 0 0 8 0.16 0.0 0 3.0 13 20 M M 7 13 19 20
2 87 66 77 4 0 12 0.00 0.0 0 7.2 15 350 M M 2 20 330
3 89 65 77 4 0 12 0.00 0.0 0 7.1 14 220 M M 0 18 18 200
4 91 68 80 7 0 15 T 0.0 0 8.2 23 280 M M 1 18 32 280
5 81 62 72 -1 0 7 0.00 0.0 0 12.0 21 330 M M 4 27 320
6 76 53 65 -8 0 0 0.00 0.0 0 7.9 16 320 M M 0 27 320
7 69 49 59 -14 6 0 0.27 0.0 0 5.3 17 10 M M 6 1 20 360
8 78 55 67 -6 0 2 0.00 0.0 0 6.2 15 310 M M 3 20 310
9 81 51 66 -8 0 1 0.00 0.0 0 3.1 10 260 M M 0 14 320
10 89 58 74 0 0 9 0.00 0.0 0 10.4 22 240 M M 0 28 220
11 87 65 76 2 0 11 0.00 0.0 0 7.3 13 40 M M 1 3 20 90
12 78 64 71 -3 0 6 2.71 0.0 0 8.8 25 70 M M 6 13 34 300
13 84 60 72 -2 0 7 0.00 0.0 0 6.8 15 110 M M 1 12 23 100
14 83 66 75 1 0 10 0.04 0.0 0 7.1 18 320 M M 1 28 270
15 83 62 73 -1 0 8 0.00 0.0 0 6.2 16 280 M M 2 18 22 280
16 79 61 70 -4 0 5 0.00 0.0 0 6.4 14 250 M M 4 18 21 250
17 77 57 67 -7 0 2 0.00 0.0 0 6.2 13 320 M M 3 18 18 310
18 79 54 67 -7 0 2 0.00 0.0 0 3.8 13 80 M M 0 18 80
19 83 58 71 -3 0 6 0.00 0.0 0 3.8 13 180 M M 1 8 16 170
20 81 64 73 -1 0 8 0.00 0.0 0 10.2 20 330 M M 1 25 320
21 81 59 70 -3 0 5 0.00 0.0 0 4.1 10 340 M M 3 15 10
22 84 58 71 -2 0 6 0.00 0.0 0 3.7 12 280 M M 3 17 240
23 86 61 74 1 0 9 T 0.0 0 4.3 30 250 M M 1 13 45 250
24 88 60 74 1 0 9 0.00 0.0 0 3.8 12 140 M M 0 18 16 150
25 88 65 77 4 0 12 0.00 0.0 0 6.0 16 140 M M 0 18 22 130
26 93 69 81 8 0 16 0.00 0.0 0 4.4 13 40 M M 1 1 16 40
27 88 67 78 5 0 13 0.11 0.0 0 6.0 25 260 M M 3 123 34 270
28 96 71 84 11 0 19 0.00 0.0 0 6.5 18 10 M M 1 13 25 10
29 87 69 78 5 0 13 0.00 0.0 0 8.1 14 360 M M 0 21 50
30 89 62 76 3 0 11 T 0.0 0 3.2 12 140 M M 1 14 140
31 86 63 75 2 0 10 0.00 0.0 0 4.3 14 140 M M 1 20 160
================================================================================
SM 2598 1911 6 254 3.29 0.0 191.4 M 57
================================================================================
AV 83.8 61.6 6.2 FASTST M M 2 MAX(MPH)
MISC ----> 30 250 45 250
================================================================================
NOTES:
# LAST OF SEVERAL OCCURRENCES
COLUMN 17 PEAK WIND IN M.P.H.
PRELIMINARY LOCAL CLIMATOLOGICAL DATA (WS FORM: F-6) , PAGE 2
STATION: AMES IA
MONTH: JULY
YEAR: 2023
LATITUDE: 41 59 N
LONGITUDE: 93 37 W
[TEMPERATURE DATA] [PRECIPITATION DATA] SYMBOLS USED IN COLUMN 16
AVERAGE MONTHLY: 72.7 TOTAL FOR MONTH: 3.29 1 = FOG OR MIST
DPTR FM NORMAL: -0.6 DPTR FM NORMAL: -1.15 2 = FOG REDUCING VISIBILITY
HIGHEST: 96 ON 28 GRTST 24HR 2.71 ON 12-12 TO 1/4 MILE OR LESS
LOWEST: 49 ON 7 3 = THUNDER
SNOW, ICE PELLETS, HAIL 4 = ICE PELLETS
TOTAL MONTH: 0.0 INCH 5 = HAIL
GRTST 24HR 0.0 6 = FREEZING RAIN OR DRIZZLE
GRTST DEPTH: 0 7 = DUSTSTORM OR SANDSTORM:
VSBY 1/2 MILE OR LESS
8 = SMOKE OR HAZE
[NO. OF DAYS WITH] [WEATHER - DAYS WITH] 9 = BLOWING SNOW
X = TORNADO
MAX 32 OR BELOW: 0 0.01 INCH OR MORE: 5
MAX 90 OR ABOVE: 3 0.10 INCH OR MORE: 4
MIN 32 OR BELOW: 0 0.50 INCH OR MORE: 1
MIN 0 OR BELOW: 0 1.00 INCH OR MORE: 1
[HDD (BASE 65) ]
TOTAL THIS MO. 6 CLEAR (SCALE 0-3) 25
DPTR FM NORMAL 2 PTCLDY (SCALE 4-7) 6
TOTAL FM JUL 1 6 CLOUDY (SCALE 8-10) 0
DPTR FM NORMAL 6
[CDD (BASE 65) ]
TOTAL THIS MO. 254
DPTR FM NORMAL -9 [PRESSURE DATA]
TOTAL FM JAN 1 563 HIGHEST SLP 30.16 ON 30
DPTR FM NORMAL 57 LOWEST SLP 29.68 ON 12
[REMARKS]
#FINAL-07-23#