000
CXAK56 PAFC 011044
CF6ANC
PRELIMINARY LOCAL CLIMATOLOGICAL DATA (WS FORM: F-6)
STATION: ANCHORAGE AK
MONTH: FEBRUARY
YEAR: 2023
LATITUDE: 61 10 N
LONGITUDE: 150 2 W
TEMPERATURE IN F: :PCPN: SNOW: WIND :SUNSHINE: SKY :PK WND
================================================================================
1 2 3 4 5 6A 6B 7 8 9 10 11 12 13 14 15 16 17 18
12Z AVG MX 2MIN
DY MAX MIN AVG DEP HDD CDD WTR SNW DPTH SPD SPD DIR MIN PSBL S-S WX SPD DR
================================================================================
1 27 25 26 7 39 0 0.12 2.0 21 0.9 5 50 M M 10 1 17 360
2 27 26 27 8 38 0 0.11 2.1 23 0.9 6 340 M M 10 1 12 180
3 28 25 27 8 38 0 0.07 1.3 25 1.6 7 350 M M 10 1 11 100
4 25 9 17 -2 48 0 0.07 3.0 26 3.4 12 360 M M 8 12 13 360
5 26 13 20 0 45 0 0.00 0.0 29 8.2 16 350 M M 8 12 21 330
6 34 24 29 9 36 0 0.15 2.6 29 7.2 22 180 M M 8 12 31 190
7 28 15 22 2 43 0 0.02 0.5 29 4.6 15 210 M M 7 1 22 210
8 24 17 21 1 44 0 0.06 2.0 29 3.8 10 210 M M 9 18 14 180
9 21 14 18 -2 47 0 0.01 0.2 30 3.6 12 360 M M 10 1 13 190
10 20 8 14 -7 51 0 T T 29 10.5 18 350 M M 9 25 350
11 25 16 21 0 44 0 0.15 2.7 28 7.3 14 360 M M 10 1 17 360
12 27 15 21 0 44 0 0.28 7.1 31 7.3 16 190 M M 10 16 23 190
13 17 12 15 -6 50 0 0.06 1.6 36 7.4 15 10 M M 9 1 19 20
14 22 10 16 -5 49 0 T 0.1 36 8.1 15 350 M M 10 18 19 350
15 27 12 20 -2 45 0 0.00 0.0 34 3.6 9 350 M M 7 12 340
16 25 19 22 0 43 0 T 0.1 33 4.6 13 10 M M 10 1 14 10
17 30 18 24 2 41 0 0.11 2.1 32 7.0 16 50 M M 10 1 21 50
18 28 24 26 4 39 0 0.07 0.8 33 4.5 10 350 M M 10 1 17 90
19 28 18 23 1 42 0 T T 34 4.2 13 330 M M 9 1 16 330
20 25 6 16 -6 49 0 0.00 0.0 33 2.9 9 220 M M 3 12 13 210
21 21 3 12 -10 53 0 0.00 0.0 33 3.2 10 90 M M 5 1 18 20
22 24 20 22 0 43 0 T T 33 5.5 9 30 M M 9 12 30
23 35 24 30 7 35 0 0.10 0.5 32 9.5 26 150 M M 10 18 43 150
24 34 22 28 5 37 0 T T 33 3.8 14 170 M M 9 1 29 140
25 23 9 16 -7 49 0 0.00 0.0 33 3.0 12 310 M M 6 12 14 310
26 18 2 10 -13 55 0 0.00 0.0 32 2.6 9 360 M M 3 12 14 190
27 16 -3 7 -16 58 0 0.00 0.0 32 5.5 13 360 M M 1 17 360
28 14 0 7 -16 58 0 0.26 3.7 32 5.6 13 330 M M 9 12 19 140
================================================================================
SM 699 403 1263 0 1.64 32.4 140.3 M 229
================================================================================
AV 25.0 14.4 5.0 FASTST M M 8 MAX(MPH)
MISC ----> 26 150 43 150
================================================================================
NOTES:
# LAST OF SEVERAL OCCURRENCES
COLUMN 17 PEAK WIND IN M.P.H.
PRELIMINARY LOCAL CLIMATOLOGICAL DATA (WS FORM: F-6) , PAGE 2
STATION: ANCHORAGE AK
MONTH: FEBRUARY
YEAR: 2023
LATITUDE: 61 10 N
LONGITUDE: 150 2 W
[TEMPERATURE DATA] [PRECIPITATION DATA] SYMBOLS USED IN COLUMN 16
AVERAGE MONTHLY: 19.7 TOTAL FOR MONTH: 1.64 1 = FOG OR MIST
DPTR FM NORMAL: -1.6 DPTR FM NORMAL: 0.78 2 = FOG REDUCING VISIBILITY
HIGHEST: 35 ON 23 GRTST 24HR 0.31 ON 11-12 TO 1/4 MILE OR LESS
LOWEST: -3 ON 27 3 = THUNDER
SNOW, ICE PELLETS, HAIL 4 = ICE PELLETS
TOTAL MONTH: 32.4 INCHES 5 = HAIL
GRTST 24HR 7.1 ON 12-12 6 = FREEZING RAIN OR DRIZZLE
GRTST DEPTH: 36 ON 14,13 7 = DUSTSTORM OR SANDSTORM:
VSBY 1/2 MILE OR LESS
8 = SMOKE OR HAZE
[NO. OF DAYS WITH] [WEATHER - DAYS WITH] 9 = BLOWING SNOW
X = TORNADO
MAX 32 OR BELOW: 25 0.01 INCH OR MORE: 15
MAX 90 OR ABOVE: 0 0.10 INCH OR MORE: 8
MIN 32 OR BELOW: 28 0.50 INCH OR MORE: 0
MIN 0 OR BELOW: 2 1.00 INCH OR MORE: 0
[HDD (BASE 65) ]
TOTAL THIS MO. 1263 CLEAR (SCALE 0-3) 2
DPTR FM NORMAL 38 PTCLDY (SCALE 4-7) 5
TOTAL FM JUL 1 7064 CLOUDY (SCALE 8-10) 21
DPTR FM NORMAL -78
[CDD (BASE 65) ]
TOTAL THIS MO. 0
DPTR FM NORMAL 0 [PRESSURE DATA]
TOTAL FM JAN 1 0 HIGHEST SLP M ON M
DPTR FM NORMAL 0 LOWEST SLP 28.73 ON 6
[REMARKS]
#FINAL-02-23#