000
CXUS52 KGSP 010917
CF6AND
PRELIMINARY LOCAL CLIMATOLOGICAL DATA (WS FORM: F-6)
STATION: ANDERSON SC
MONTH: JANUARY
YEAR: 2023
LATITUDE: 34 30 N
LONGITUDE: 82 43 W
TEMPERATURE IN F: :PCPN: SNOW: WIND :SUNSHINE: SKY :PK WND
================================================================================
1 2 3 4 5 6A 6B 7 8 9 10 11 12 13 14 15 16 17 18
12Z AVG MX 2MIN
DY MAX MIN AVG DEP HDD CDD WTR SNW DPTH SPD SPD DIR MIN PSBL S-S WX SPD DR
================================================================================
1 65 46 56 13 9 0 0.00 M M 4.1 16 220 M M 8 12 20 230
2 66 42 54 11 11 0 T M M 1.2 9 240 M M 9 12 11 240
3 64 49 57 14 8 0 1.37 M M 6.1 21 330 M M 10 123 26 330
4 66 50 58 15 7 0 2.33 M M 8.0 16 210 M M 7 13 22 210
5 63 41 52 9 13 0 0.00 M M 9.1 23 240 M M 0 31 260
6 60 39 50 7 15 0 0.00 M M 8.1 16 260 M M 0 20 270
7 55 34 45 2 20 0 0.00 M M 1.6 8 260 M M 5 14 270
8 59 46 53 10 12 0 0.03 M M 4.1 14 310 M M 8 1 17 320
9 59 38 49 6 16 0 0.00 M M 2.3 9 270 M M 4 12 14 310
10 61 31 46 3 19 0 0.00 M M 3.9 14 240 M M 0 17 230
11 59 37 48 5 17 0 0.01 M M 1.5 9 300 M M 6 11 290
12 69 48 59 16 6 0 0.91 M M 7.9 33 250 M M 8 123 43 260
13 54 36 45 2 20 0 0.00 M M 11.1 21 310 M M 4 27 320
14 49 27 38 -5 27 0 0.00 M M 8.9 17 310 M M 0 21 310
15 56 21 39 -4 26 0 0.00 M M 2.5 10 270 M M 0 15 250
16 59 27 43 0 22 0 0.00 M M 1.6 9 230 M M 0 13 230
17 56 45 51 8 14 0 0.16 M M 4.8 10 220 M M 9 12 13 230
18 61 47 54 11 11 0 T M M 5.2 15 170 M M 10 12 21 170
19 71 57 64 21 1 0 0.02 M M 10.6 23 240 M M 6 1 27 230
20 64 46 55 12 10 0 0.00 M M 12.1 21 270 M M 0 26 230
21 49 34 42 -1 23 0 0.00 M M 4.9 16 80 M M 1 20 80
22 44 39 42 -1 23 0 1.16 M M 7.0 18 90 M M 10 1 24 90
23 51 30 41 -2 24 0 0.00 M M 11.1 21 270 M M 2 26 270
24 54 24 39 -4 26 0 0.00 M M 2.7 13 190 M M 0 14 190
25 50 41 46 3 19 0 1.19 M M 7.9 22 250 M M 9 123 32 240
26 50 34 42 -1 23 0 0.00 M M 11.6 25 260 M M 0 32 260
27 51 32 42 -1 23 0 0.00 M M 8.1 17 230 M M 0 21 270
28 57 27 42 -2 23 0 0.00 M M 2.5 12 240 M M 0 16 190
29 53 35 44 0 21 0 0.19 M M 0.8 8 330 M M 7 1 10 340
30 62 46 54 10 11 0 0.16 M M 3.2 9 230 M M 8 12 12 200
31 64 52 58 14 7 0 0.02 M M 6.1 12 220 M M 10 12 15 220
================================================================================
SM 1801 1201 507 0 7.55 M 180.6 M 141
================================================================================
AV 58.1 38.7 5.8 FASTST M M 5 MAX(MPH)
MISC ----> 33 250 43 260
================================================================================
NOTES:
# LAST OF SEVERAL OCCURRENCES
COLUMN 17 PEAK WIND IN M.P.H.
PRELIMINARY LOCAL CLIMATOLOGICAL DATA (WS FORM: F-6) , PAGE 2
STATION: ANDERSON SC
MONTH: JANUARY
YEAR: 2023
LATITUDE: 34 30 N
LONGITUDE: 82 43 W
[TEMPERATURE DATA] [PRECIPITATION DATA] SYMBOLS USED IN COLUMN 16
AVERAGE MONTHLY: 48.4 TOTAL FOR MONTH: 7.55 1 = FOG OR MIST
DPTR FM NORMAL: 5.4 DPTR FM NORMAL: 3.46 2 = FOG REDUCING VISIBILITY
HIGHEST: 71 ON 19 GRTST 24HR 3.24 ON 3- 4 TO 1/4 MILE OR LESS
LOWEST: 21 ON 15 3 = THUNDER
SNOW, ICE PELLETS, HAIL 4 = ICE PELLETS
TOTAL MONTH: M 5 = HAIL
GRTST 24HR M ON M 6 = FREEZING RAIN OR DRIZZLE
GRTST DEPTH: M ON M 7 = DUSTSTORM OR SANDSTORM:
VSBY 1/2 MILE OR LESS
8 = SMOKE OR HAZE
[NO. OF DAYS WITH] [WEATHER - DAYS WITH] 9 = BLOWING SNOW
X = TORNADO
MAX 32 OR BELOW: 0 0.01 INCH OR MORE: 12
MAX 90 OR ABOVE: 0 0.10 INCH OR MORE: 8
MIN 32 OR BELOW: 8 0.50 INCH OR MORE: 5
MIN 0 OR BELOW: 0 1.00 INCH OR MORE: 4
[HDD (BASE 65) ]
TOTAL THIS MO. 507 CLEAR (SCALE 0-3) 13
DPTR FM NORMAL -175 PTCLDY (SCALE 4-7) 10
TOTAL FM JUL 1 1599 CLOUDY (SCALE 8-10) 8
DPTR FM NORMAL -233
[CDD (BASE 65) ]
TOTAL THIS MO. 0
DPTR FM NORMAL 0 [PRESSURE DATA]
TOTAL FM JAN 1 0 HIGHEST SLP 30.43 ON 28
DPTR FM NORMAL 0 LOWEST SLP 29.70 ON 25
[REMARKS]
#FINAL-01-23#