000
CXUS52 KMFL 011030
CF6APF
PRELIMINARY LOCAL CLIMATOLOGICAL DATA (WS FORM: F-6)
STATION: NAPLES
MONTH: MAY
YEAR: 2023
LATITUDE: 26 8 N
LONGITUDE: 81 46 W
TEMPERATURE IN F: :PCPN: SNOW: WIND :SUNSHINE: SKY :PK WND
================================================================================
1 2 3 4 5 6A 6B 7 8 9 10 11 12 13 14 15 16 17 18
12Z AVG MX 2MIN
DY MAX MIN AVG DEP HDD CDD WTR SNW DPTH SPD SPD DIR MIN PSBL S-S WX SPD DR
================================================================================
1 82 72 77 0 0 12 0.00 0.0 0 9.6 17 300 M M 1 21 290
2 83 68 76 -1 0 11 0.00 0.0 0 7.4 17 270 M M 2 21 260
3 84 73 79 2 0 14 0.00 0.0 0 8.8 17 280 M M 2 24 280
4 85 67 76 -2 0 11 0.00 0.0 0 6.4 16 270 M M 0 20 280
5 87 67 77 -1 0 12 0.00 0.0 0 5.0 13 290 M M 0 17 270
6 89 71 80 2 0 15 0.07 0.0 0 7.6 14 20 M M 3 13 18 20
7 91 71 81 3 0 16 0.00 0.0 0 11.8 21 80 M M 3 26 90
8 86 68 77 -1 0 12 0.00 0.0 0 8.6 15 280 M M 0 19 290
9 88 71 80 2 0 15 0.00 0.0 0 6.5 16 240 M M 0 19 250
10 89 72 81 3 0 16 0.00 0.0 0 5.5 14 270 M M 2 20 270
11 93 75 84 6 0 19 0.00 0.0 0 7.8 16 80 M M 2 22 210
12 94 73 84 6 0 19 0.00 0.0 0 8.4 18 80 M M 2 23 70
13 93 73 83 5 0 18 0.00 0.0 0 8.7 16 130 M M 2 38 22 90
14 93 71 82 3 0 17 0.01 0.0 0 8.1 17 300 M M 2 8 21 290
15 90 72 81 2 0 16 0.00 0.0 0 6.8 18 280 M M 2 24 280
16 88 73 81 2 0 16 0.00 0.0 0 7.5 16 230 M M 1 22 250
17 87 76 82 3 0 17 0.00 0.0 0 6.5 16 240 M M 2 20 240
18 88 73 81 2 0 16 0.00 0.0 0 6.1 16 230 M M 0 20 230
19 90 75 83 4 0 18 0.00 0.0 0 5.5 15 270 M M 3 20 290
20 90 76 83 4 0 18 0.20 0.0 0 6.5 21 60 M M 2 8 24 60
21 90 75 83 4 0 18 0.25 0.0 0 7.9 16 70 M M 2 138 20 280
22 90 76 83 3 0 18 0.00 0.0 0 7.4 17 70 M M 1 21 70
23 90 72 81 1 0 16 0.00 0.0 0 7.8 15 280 M M 1 19 260
24 87 72 80 0 0 15 0.00 0.0 0 7.4 15 60 M M 1 21 20
25 89 71 80 0 0 15 0.00 0.0 0 7.5 22 50 M M 2 3 26 60
26 88 72 80 0 0 15 0.05 0.0 0 8.3 20 140 M M 4 3 25 140
27 87 70 79 -1 0 14 0.00 0.0 0 8.7 17 290 M M 2 22 290
28 87 70 79 -1 0 14 0.00 0.0 0 6.0 15 290 M M 0 20 280
29 88 72 80 0 0 15 0.00 0.0 0 7.1 16 300 M M 1 21 280
30 91 75 83 3 0 18 0.50 0.0 0 8.1 17 50 M M 2 138 22 70
31 91 74 83 3 0 18 0.09 0.0 0 8.1 25 130 M M 3 138 30 130
================================================================================
SM 2748 2236 0 484 1.17 0.0 233.4 M 50
================================================================================
AV 88.6 72.1 7.5 FASTST M M 2 MAX(MPH)
MISC ----> 25 130 30 130
================================================================================
NOTES:
# LAST OF SEVERAL OCCURRENCES
COLUMN 17 PEAK WIND IN M.P.H.
PRELIMINARY LOCAL CLIMATOLOGICAL DATA (WS FORM: F-6) , PAGE 2
STATION: NAPLES
MONTH: MAY
YEAR: 2023
LATITUDE: 26 8 N
LONGITUDE: 81 46 W
[TEMPERATURE DATA] [PRECIPITATION DATA] SYMBOLS USED IN COLUMN 16
AVERAGE MONTHLY: 80.4 TOTAL FOR MONTH: 1.17 1 = FOG OR MIST
DPTR FM NORMAL: 1.6 DPTR FM NORMAL: -1.59 2 = FOG REDUCING VISIBILITY
HIGHEST: 94 ON 12 GRTST 24HR 0.50 ON 30-30 TO 1/4 MILE OR LESS
LOWEST: 67 ON 5, 4 3 = THUNDER
SNOW, ICE PELLETS, HAIL 4 = ICE PELLETS
TOTAL MONTH: 0.0 INCH 5 = HAIL
GRTST 24HR 0.0 6 = FREEZING RAIN OR DRIZZLE
GRTST DEPTH: 0 7 = DUSTSTORM OR SANDSTORM:
VSBY 1/2 MILE OR LESS
8 = SMOKE OR HAZE
[NO. OF DAYS WITH] [WEATHER - DAYS WITH] 9 = BLOWING SNOW
X = TORNADO
MAX 32 OR BELOW: 0 0.01 INCH OR MORE: 7
MAX 90 OR ABOVE: 13 0.10 INCH OR MORE: 3
MIN 32 OR BELOW: 0 0.50 INCH OR MORE: 1
MIN 0 OR BELOW: 0 1.00 INCH OR MORE: 0
[HDD (BASE 65) ]
TOTAL THIS MO. 0 CLEAR (SCALE 0-3) 29
DPTR FM NORMAL 0 PTCLDY (SCALE 4-7) 2
TOTAL FM JUL 1 93 CLOUDY (SCALE 8-10) 0
DPTR FM NORMAL -129
[CDD (BASE 65) ]
TOTAL THIS MO. 484
DPTR FM NORMAL 55 [PRESSURE DATA]
TOTAL FM JAN 1 1610 HIGHEST SLP 30.12 ON 7
DPTR FM NORMAL 488 LOWEST SLP 29.70 ON 25
[REMARKS]
#FINAL-05-23#