000
CXUS52 KMFL 011030
CF6APF
PRELIMINARY LOCAL CLIMATOLOGICAL DATA (WS FORM: F-6)
STATION: NAPLES
MONTH: JULY
YEAR: 2022
LATITUDE: 26 8 N
LONGITUDE: 81 46 W
TEMPERATURE IN F: :PCPN: SNOW: WIND :SUNSHINE: SKY :PK WND
================================================================================
1 2 3 4 5 6A 6B 7 8 9 10 11 12 13 14 15 16 17 18
12Z AVG MX 2MIN
DY MAX MIN AVG DEP HDD CDD WTR SNW DPTH SPD SPD DIR MIN PSBL S-S WX SPD DR
================================================================================
1 94 74 84 1 0 19 2.96 0.0 0 6.7 30 70 M M 4 13 33 70
2 91 75 83 0 0 18 0.98 0.0 0 5.3 16 350 M M 2 138 20 340
3 91 76 84 1 0 19 0.00 0.0 0 7.0 14 50 M M 2 3 19 10
4 93 77 85 2 0 20 0.00 0.0 0 4.9 21 130 M M 2 38 27 130
5 91 77 84 1 0 19 0.41 0.0 0 5.7 22 80 M M 2 13 27 70
6 88 77 83 0 0 18 1.91 0.0 0 4.7 22 190 M M 3 13 28 190
7 91 76 84 1 0 19 0.15 0.0 0 6.6 17 220 M M 3 13 20 240
8 91 74 83 0 0 18 0.05 0.0 0 5.2 14 50 M M 3 138 17 50
9 91 76 84 1 0 19 0.00 0.0 0 7.8 20 210 M M 1 24 220
10 89 76 83 0 0 18 0.71 0.0 0 7.3 21 210 M M 2 13 25 210
11 89 79 84 1 0 19 0.00 0.0 M 7.8 15 250 M M 2 13 21 220
12 90 79 85 2 0 20 T 0.0 0 5.3 15 220 M M 2 3 22 240
13 91 77 84 1 0 19 0.04 0.0 0 6.4 18 70 M M 2 138 22 70
14 89 72 81 -2 0 16 0.61 0.0 0 4.9 28 150 M M 3 13 33 150
15 91 73 82 -1 0 17 0.00 0.0 0 8.8 25 100 M M 1 40 110
16 88 75 82 -1 0 17 0.38 0.0 0 7.6 18 160 M M 2 13 25 140
17 87 74 81 -2 0 16 0.14 M M 6.0 20 190 M M 1 13 29 190
18 92 78 85 2 0 20 0.00 0.0 0 7.4 16 200 M M 1 22 200
19 91 79 85 2 0 20 0.00 0.0 0 7.0 17 230 M M 1 21 220
20 93 76 85 2 0 20 0.39 0.0 0 5.7 36 130 M M 1 13 42 130
21 90 77 84 1 0 19 0.12 0.0 0 7.2 16 230 M M 3 13 19 220
22 89 75 82 -1 0 17 0.06 0.0 0 7.2 23 120 M M 2 13 28 120
23 90 75 83 0 0 18 0.01 0.0 0 5.2 17 140 M M 2 3 23 90
24 92 75 84 1 0 19 0.33 0.0 0 5.2 21 150 M M 3 38 28 140
25 91 75 83 0 0 18 0.24 0.0 0 6.4 20 120 M M 2 138 27 130
26 89 76 83 0 0 18 0.02 0.0 0 8.6 21 120 M M 1 25 120
27 91 74 83 0 0 18 0.00 0.0 0 8.4 16 140 M M 2 3 20 210
28 92 77 85 2 0 20 0.00 0.0 0 7.2 15 100 M M 1 21 100
29 94 75 85 2 0 20 0.38 0.0 0 7.0 24 20 M M 2 138 40 120
30 94 76 85 2 0 20 0.00 0.0 0 7.7 16 120 M M 2 3 22 110
31 93 77 85 2 0 20 T 0.0 0 7.4 15 70 M M 3 22 130
================================================================================
SM 2816 2352 0 578 9.89 0.0 205.6 M 63
================================================================================
AV 90.8 75.9 6.6 FASTST M M 2 MAX(MPH)
MISC ----> 36 130 42 130
================================================================================
NOTES:
# LAST OF SEVERAL OCCURRENCES
COLUMN 17 PEAK WIND IN M.P.H.
PRELIMINARY LOCAL CLIMATOLOGICAL DATA (WS FORM: F-6) , PAGE 2
STATION: NAPLES
MONTH: JULY
YEAR: 2022
LATITUDE: 26 8 N
LONGITUDE: 81 46 W
[TEMPERATURE DATA] [PRECIPITATION DATA] SYMBOLS USED IN COLUMN 16
AVERAGE MONTHLY: 83.4 TOTAL FOR MONTH: 9.89 1 = FOG OR MIST
DPTR FM NORMAL: 0.3 DPTR FM NORMAL: 2.12 2 = FOG REDUCING VISIBILITY
HIGHEST: 94 ON 30,29 GRTST 24HR 3.35 ON 1- 2 TO 1/4 MILE OR LESS
LOWEST: 72 ON 14 3 = THUNDER
SNOW, ICE PELLETS, HAIL 4 = ICE PELLETS
TOTAL MONTH: 0.0 INCH 5 = HAIL
GRTST 24HR 0.0 6 = FREEZING RAIN OR DRIZZLE
GRTST DEPTH: 0 7 = DUSTSTORM OR SANDSTORM:
VSBY 1/2 MILE OR LESS
8 = SMOKE OR HAZE
[NO. OF DAYS WITH] [WEATHER - DAYS WITH] 9 = BLOWING SNOW
X = TORNADO
MAX 32 OR BELOW: 0 0.01 INCH OR MORE: 19
MAX 90 OR ABOVE: 23 0.10 INCH OR MORE: 14
MIN 32 OR BELOW: 0 0.50 INCH OR MORE: 5
MIN 0 OR BELOW: 0 1.00 INCH OR MORE: 2
[HDD (BASE 65) ]
TOTAL THIS MO. 0 CLEAR (SCALE 0-3) 28
DPTR FM NORMAL 0 PTCLDY (SCALE 4-7) 3
TOTAL FM JUL 1 0 CLOUDY (SCALE 8-10) 0
DPTR FM NORMAL 0
[CDD (BASE 65) ]
TOTAL THIS MO. 578
DPTR FM NORMAL 15 [PRESSURE DATA]
TOTAL FM JAN 1 2618 HIGHEST SLP 30.18 ON 31
DPTR FM NORMAL 420 LOWEST SLP 29.92 ON 11
[REMARKS]
#FINAL-07-22#