000
CXUS53 KAPX 010730
CF6APX
PRELIMINARY LOCAL CLIMATOLOGICAL DATA (WS FORM: F-6)
STATION: GAYLORD WFO
MONTH: MAY
YEAR: 2022
LATITUDE: 45 4 N
LONGITUDE: 84 43 W
TEMPERATURE IN F: :PCPN: SNOW: WIND :SUNSHINE: SKY :PK WND
================================================================================
1 2 3 4 5 6A 6B 7 8 9 10 11 12 13 14 15 16 17 18
12Z AVG MX 2MIN
DY MAX MIN AVG DEP HDD CDD WTR SNW DPTH SPD SPD DIR MIN PSBL S-S WX SPD DR
================================================================================
1 58 39 49 1 16 0 0.27 0.0 0 M M M M M M M M
2 47 43 45 -3 20 0 T 0.0 0 M M M M M M M M
3 47 36 42 -7 23 0 0.09 0.0 0 M M M M M M M M
4 61 34 48 -1 17 0 0.00 0.0 0 M M M M M M M M
5 66 39 53 3 12 0 0.00 0.0 0 M M M M M M M M
6 61 42 52 2 13 0 0.00 0.0 0 M M M M M M M M
7 63 39 51 1 14 0 0.00 0.0 0 M M M M M M M M
8 68 37 53 2 12 0 0.00 0.0 0 M M M M M M M M
9 74 47 61 10 4 0 0.00 0.0 0 M M M M M M M M
10 85 59 72 20 0 7 0.00 0.0 0 M M M M M M M M
11 84 64 74 22 0 9 T 0.0 0 M M M M M M M M
12 89 63 76 24 0 11 0.00 0.0 0 M M M M M M M M
13 88 62 75 22 0 10 0.00 0.0 0 M M M M M M M M
14 88 58 73 20 0 8 0.00 0.0 0 M M M M M M M M
15 72 53 63 9 2 0 T 0.0 0 M M M M M M M M
16 66 40 53 -1 12 0 0.00 0.0 0 M M M M M M M M
17 56 35 46 -8 19 0 0.00 0.0 0 M M M M M M M M
18 63 34 49 -6 16 0 0.00 0.0 0 M M M M M M M M
19 73 48 61 6 4 0 0.01 0.0 0 M M M M M M M M
20 84 55 70 14 0 5 0.07 0.0 0 M M M M M M M M
21 60 44 52 -4 13 0 T 0.0 0 M M M M M M M M
22 52 37 45 -11 20 0 T 0.0 0 M M M M M M M M
23 59 35 47 -10 18 0 0.00 0.0 0 M M M M M M M M
24 66 37 52 -5 13 0 0.00 0.0 0 M M M M M M M M
25 63 47 55 -2 10 0 0.51 0.0 0 M M M M M M M M
26 77 52 65 7 0 0 0.07 0.0 0 M M M M M M M M
27 61 46 54 -4 11 0 T 0.0 0 M M M M M M M M
28 67 41 54 -4 11 0 T 0.0 0 M M M M M M M M
29 80 55 68 9 0 3 T 0.0 0 M M M M M M M M
30 89 65 77 18 0 12 0.00 0.0 0 M M M M M M M M
31 86 66 76 17 0 11 0.01 0.0 0 M M M M M M M M
================================================================================
SM 2153 1452 280 76 1.03 0.0 M M M
================================================================================
AV 69.5 46.8 M FASTST M M M MAX(MPH)
MISC ----> M M M M
================================================================================
NOTES:
# LAST OF SEVERAL OCCURRENCES
COLUMN 17 PEAK WIND IN M.P.H.
PRELIMINARY LOCAL CLIMATOLOGICAL DATA (WS FORM: F-6) , PAGE 2
STATION: GAYLORD WFO
MONTH: MAY
YEAR: 2022
LATITUDE: 45 4 N
LONGITUDE: 84 43 W
[TEMPERATURE DATA] [PRECIPITATION DATA] SYMBOLS USED IN COLUMN 16
AVERAGE MONTHLY: 58.1 TOTAL FOR MONTH: 1.03 1 = FOG OR MIST
DPTR FM NORMAL: 4.2 DPTR FM NORMAL: -2.26 2 = FOG REDUCING VISIBILITY
HIGHEST: 89 ON 30,12 GRTST 24HR 0.51 ON 25-25 TO 1/4 MILE OR LESS
LOWEST: 34 ON 18, 4 3 = THUNDER
SNOW, ICE PELLETS, HAIL 4 = ICE PELLETS
TOTAL MONTH: 0.0 INCH 5 = HAIL
GRTST 24HR 0.0 6 = FREEZING RAIN OR DRIZZLE
GRTST DEPTH: 0 7 = DUSTSTORM OR SANDSTORM:
VSBY 1/2 MILE OR LESS
8 = SMOKE OR HAZE
[NO. OF DAYS WITH] [WEATHER - DAYS WITH] 9 = BLOWING SNOW
X = TORNADO
MAX 32 OR BELOW: 0 0.01 INCH OR MORE: 7
MAX 90 OR ABOVE: 0 0.10 INCH OR MORE: 2
MIN 32 OR BELOW: 0 0.50 INCH OR MORE: 1
MIN 0 OR BELOW: 0 1.00 INCH OR MORE: 0
[HDD (BASE 65) ]
TOTAL THIS MO. 280 CLEAR (SCALE 0-3) 0
DPTR FM NORMAL -84 PTCLDY (SCALE 4-7) 0
TOTAL FM JUL 1 7682 CLOUDY (SCALE 8-10) 31
DPTR FM NORMAL -355
[CDD (BASE 65) ]
TOTAL THIS MO. 76
DPTR FM NORMAL 58 [PRESSURE DATA]
TOTAL FM JAN 1 76 HIGHEST SLP M ON M
DPTR FM NORMAL 56 LOWEST SLP M ON M
[REMARKS]
#FINAL-05-22#