000
CXUS54 KEWX 011010
CF6AQO
PRELIMINARY LOCAL CLIMATOLOGICAL DATA (WS FORM: F-6)
STATION: LLANO MUNICIPAL AIRPORT
MONTH: JULY
YEAR: 2023
LATITUDE: 30 47 N
LONGITUDE: 98 40 W
TEMPERATURE IN F: :PCPN: SNOW: WIND :SUNSHINE: SKY :PK WND
================================================================================
1 2 3 4 5 6A 6B 7 8 9 10 11 12 13 14 15 16 17 18
12Z AVG MX 2MIN
DY MAX MIN AVG DEP HDD CDD WTR SNW DPTH SPD SPD DIR MIN PSBL S-S WX SPD DR
================================================================================
1 97 72 85 M 0 20 0.00 M M 7.5 17 30 M M 5 8 28 30
2 93 72 83 M 0 18 0.00 M M 2.3 9 220 M M 3 18 15 99
3 97 75 86 M 0 21 0.00 M M 3.7 9 190 M M 2 8 17 180
4 97 73 85 M 0 20 0.00 M M 4.4 10 130 M M 3 18 130
5 100 77 89 M 0 24 0.00 M M 6.4 12 150 M M 3 8 20 160
6 97 73 85 M 0 20 0.00 M M 4.8 15 130 M M 4 22 130
7 95 70 83 M 0 18 0.00 M M 6.6 15 170 M M 7 20 170
8 100 72 86 M 0 21 0.00 M M 4.9 13 220 M M 3 18 230
9 104 79 92 M 0 27 0.00 M M 5.5 10 200 M M 1 20 190
10 106 79 93 M 0 28 0.00 M M 5.6 10 140 M M 2 16 180
11 106 81 94 M 0 29 0.00 M M 5.8 12 200 M M 1 8 21 170
12 108 79 94 M 0 29 0.00 M M 7.8 13 160 M M 1 21 160
13 108 77 93 M 0 28 0.00 M M 7.5 15 200 M M 2 24 160
14 106 77 92 M 0 27 0.00 M M 7.6 17 140 M M 2 21 150
15 106 77 92 M 0 27 0.00 M M 5.8 9 200 M M 1 16 200
16 106 77 92 M 0 27 0.00 M M 4.4 8 170 M M 2 8 18 230
17 108 79 94 M 0 29 0.00 M M 5.3 10 140 M M 1 17 190
18 109 79 94 M 0 29 0.00 M M 6.1 10 170 M M 0 17 200
19 106 79 93 M 0 28 0.00 M M 8.1 14 150 M M 1 22 200
20 106 77 92 M 0 27 0.00 M M 6.7 13 120 M M 2 21 190
21 104 77 91 M 0 26 0.00 M M 5.4 12 70 M M 2 20 90
22 102 75 89 M 0 24 0.00 M M 4.9 13 350 M M 4 8 16 70
23 104 77 91 M 0 26 0.00 M M 4.6 12 100 M M 3 18 100
24 104 72 88 M 0 23 0.00 M M 3.0 8 170 M M 1 17 0
25 104 72 88 M 0 23 0.00 M M 4.7 12 120 M M 2 21 120
26 102 77 90 M 0 25 0.00 M M 6.3 13 200 M M 3 17 160
27 102 73 88 M 0 23 0.00 M M 5.8 12 130 M M 4 21 120
28 102 72 87 M 0 22 0.00 M M 4.8 12 160 M M 3 18 160
29 102 72 87 M 0 22 0.00 M M 3.8 9 140 M M 4 18 120
30 104 72 88 M 0 23 0.00 M M 3.5 14 80 M M 2 21 80
31 104 75 90 M 0 25 0.00 M M 5.0 12 130 M M 3 22 130
================================================================================
SM 3189 2338 0 759 0.00 M 168.5 M 77
================================================================================
AV102.9 75.4 5.4 FASTST M M 2 MAX(MPH)
MISC ----> # 17 30 28 30
================================================================================
NOTES:
# LAST OF SEVERAL OCCURRENCES
COLUMN 17 PEAK WIND IN M.P.H.
PRELIMINARY LOCAL CLIMATOLOGICAL DATA (WS FORM: F-6) , PAGE 2
STATION: LLANO MUNICIPAL AIRPORT
MONTH: JULY
YEAR: 2023
LATITUDE: 30 47 N
LONGITUDE: 98 40 W
[TEMPERATURE DATA] [PRECIPITATION DATA] SYMBOLS USED IN COLUMN 16
AVERAGE MONTHLY: 89.1 TOTAL FOR MONTH: 0.00 1 = FOG OR MIST
DPTR FM NORMAL: 0.0 DPTR FM NORMAL: M 2 = FOG REDUCING VISIBILITY
HIGHEST: 109 ON 18 GRTST 24HR 0.00 ON 1- 1 TO 1/4 MILE OR LESS
LOWEST: 70 ON 7 3 = THUNDER
SNOW, ICE PELLETS, HAIL 4 = ICE PELLETS
TOTAL MONTH: M 5 = HAIL
GRTST 24HR M ON M 6 = FREEZING RAIN OR DRIZZLE
GRTST DEPTH: M ON M 7 = DUSTSTORM OR SANDSTORM:
VSBY 1/2 MILE OR LESS
8 = SMOKE OR HAZE
[NO. OF DAYS WITH] [WEATHER - DAYS WITH] 9 = BLOWING SNOW
X = TORNADO
MAX 32 OR BELOW: 0 0.01 INCH OR MORE: 0
MAX 90 OR ABOVE: 31 0.10 INCH OR MORE: 0
MIN 32 OR BELOW: 0 0.50 INCH OR MORE: 0
MIN 0 OR BELOW: 0 1.00 INCH OR MORE: 0
[HDD (BASE 65) ]
TOTAL THIS MO. 0 CLEAR (SCALE 0-3) 24
DPTR FM NORMAL M PTCLDY (SCALE 4-7) 7
TOTAL FM JUL 1 0 CLOUDY (SCALE 8-10) 0
DPTR FM NORMAL M
[CDD (BASE 65) ]
TOTAL THIS MO. 759
DPTR FM NORMAL M [PRESSURE DATA]
TOTAL FM JAN 1 1844 HIGHEST SLP M ON M
DPTR FM NORMAL M LOWEST SLP M ON M
[REMARKS]
#FINAL-07-23#