000
CXUS54 KLCH 012151
CLMARA
CLIMATE REPORT
NATIONAL WEATHER SERVICE LAKE CHARLES, LA
451 PM CDT SUN OCT 01 2023
...................................
...THE NEW IBERIA CLIMATE SUMMARY FOR THE MONTH OF SEPTEMBER 2023...
CLIMATE NORMAL PERIOD: 1991 TO 2020
CLIMATE RECORD PERIOD: 1948 TO 2023
WEATHER OBSERVED NORMAL DEPART LAST YEAR`S
VALUE DATE(S) VALUE FROM VALUE DATE(S)
NORMAL
................................................................
TEMPERATURE (F)
RECORD
HIGH 103 09/04/2000
LOW 44 09/29/1967
HIGHEST 100 09/01 MM MM 97 09/22
09/06
09/07
LOWEST 67 09/11 MM MM 50 09/30
09/18
09/19
AVG. MAXIMUM 94.7 89.0 5.7 89.8
AVG. MINIMUM 72.7 70.1 2.6 68.1
MEAN 83.7 79.6 4.1 78.9
DAYS MAX >= 90 30 16.0 14.0 20
DAYS MAX <= 32 0 0.0 0.0 0
DAYS MIN <= 32 0 0.0 0.0 0
DAYS MIN <= 0 0 0.0 0.0 0
PRECIPITATION (INCHES)
RECORD
MAXIMUM 19.28 1973
MINIMUM 0.21 2017
TOTALS 4.33 5.05 -0.72 3.20
DAILY AVG. 0.14 0.17 -0.03 0.11
DAYS >= .01 9 10.9 -1.9 MM
DAYS >= .10 7 6.7 0.3 MM
DAYS >= .50 4 3.5 0.5 MM
DAYS >= 1.00 1 1.4 -0.4 MM
GREATEST
24 HR. TOTAL 1.47 09/07 TO 09/08
SNOWFALL (INCHES)
RECORDS
TOTAL 0.0 5
TOTALS MM MM MM MM
SINCE 7/1 MM MM MM MM
SNOWDEPTH AVG. MM MM
DAYS >= 1.0 MM MM MM MM
GREATEST
SNOW DEPTH MM MM MM
24 HR TOTAL MM
DEGREE DAYS
HEATING TOTAL 0 0 0 1
SINCE 7/1 0 0 0 MM
COOLING TOTAL 569 437 132 426
SINCE 1/1 3425 2651 774 MM
................................................................
WIND (MPH)
AVERAGE WIND SPEED 4.9
HIGHEST WIND SPEED/DIRECTION 38/350 DATE 09/08
HIGHEST GUST SPEED/DIRECTION 53/020 DATE 09/08
SKY COVER
POSSIBLE SUNSHINE (PERCENT) MM
AVERAGE SKY COVER 0.14
NUMBER OF DAYS FAIR 30
NUMBER OF DAYS PC 0
NUMBER OF DAYS CLOUDY 0
AVERAGE RH (PERCENT) 68
WEATHER CONDITIONS. NUMBER OF DAYS WITH
THUNDERSTORM 12 MIXED PRECIP 0
HEAVY RAIN 6 RAIN 6
LIGHT RAIN 10 FREEZING RAIN 0
LT FREEZING RAIN 0 HAIL 0
HEAVY SNOW 0 SNOW 0
LIGHT SNOW 0 SLEET 0
FOG 12 FOG W/VIS <= 1/4 MILE 1
HAZE 1
- INDICATES NEGATIVE NUMBERS.
R INDICATES RECORD WAS SET OR TIED.
MM INDICATES DATA IS MISSING.
T INDICATES TRACE AMOUNT.
$$